000
CXUS55 KRIW 011110
CF6BPI
PRELIMINARY LOCAL CLIMATOLOGICAL DATA (WS FORM: F-6)
STATION: BIG PINEY WY
MONTH: FEBRUARY
YEAR: 2022
LATITUDE: 42 34 N
LONGITUDE: 110 6 W
TEMPERATURE IN F: :PCPN: SNOW: WIND :SUNSHINE: SKY :PK WND
================================================================================
1 2 3 4 5 6A 6B 7 8 9 10 11 12 13 14 15 16 17 18
12Z AVG MX 2MIN
DY MAX MIN AVG DEP HDD CDD WTR SNW DPTH SPD SPD DIR MIN PSBL S-S WX SPD DR
================================================================================
1 19 -15 2 -10 63 0 0.00 M M 7.1 18 340 M M 1 23 340
2 11 -19 -4 -16 69 0 0.00 M M 4.5 14 340 M M 1 16 340
3 20 -11 5 -7 60 0 0.00 M M 13.7 29 330 M M 0 35 330
4 26 -3 12 -1 53 0 0.00 M M 4.2 18 360 M M 0 23 360
5 32 -5 14 1 51 0 0.00 M M 10.6 26 320 M M 1 34 330
6 30 2 16 3 49 0 0.00 M M 9.3 18 360 M M 0 24 340
7 36 3 20 7 45 0 0.00 M M 6.8 23 360 M M 0 29 360
8 38 2 20 7 45 0 0.00 M M 12.1 28 330 M M 0 37 340
9 37 21 29 16 36 0 0.00 M M 16.8 28 340 M M 0 38 310
10 40 19 30 17 35 0 0.00 M M 14.0 30 350 M M 0 38 350
11 36 10 23 9 42 0 0.00 M M 15.5 30 350 M M 0 39 350
12 38 -1 19 5 46 0 0.00 M M 6.6 16 360 M M 0 22 350
13 41 4 23 9 42 0 0.00 M M 4.0 13 60 M M 0 16 330
14 38 3 21 7 44 0 0.00 M M 3.5 9 330 M M 1 12 340
15 37 13 25 11 40 0 0.00 M M 4.1 17 10 M M 7 22 10
16 30 10 20 5 45 0 0.00 M M 10.5 24 10 M M 5 31 360
17 30 2 16 1 49 0 0.00 M M 11.1 25 340 M M 0 34 350
18 37 9 23 8 42 0 0.00 M M 9.1 24 340 M M 3 31 340
19 39 3 21 5 44 0 0.00 M M 4.2 9 90 M M 0 13 80
20 41 18 30 14 35 0 0.00 M M 9.2 24 270 M M 3 34 250
21 30 4 17 1 48 0 T M M 9.8 18 200 M M 4 18 23 200
22 7 -6 1 -16 64 0 T M M 10.1 18 200 M M 8 18 23 200
23 14 -11 2 -15 63 0 T M M 5.0 16 210 M M 7 18 20 200
24 13 -12 1 -17 64 0 T M M 2.7 9 30 M M 8 12 10 60
25 18 -14 2 -16 63 0 0.00 M M 5.0 15 330 M M 2 1 19 340
26 27 -11 8 -10 57 0 0.00 M M 3.5 9 70 M M 0 11 350
27 34 -7 14 -5 51 0 0.00 M M 2.6 9 80 M M 0 12 80
28 44 2 23 4 42 0 0.00 M M 4.1 12 340 M M 0 14 90
================================================================================
SM 843 10 1387 0 T M 219.7 M 51
================================================================================
AV 30.1 0.4 7.8 FASTST M M 2 MAX(MPH)
MISC ----> # 30 350 39 350
================================================================================
NOTES:
# LAST OF SEVERAL OCCURRENCES
COLUMN 17 PEAK WIND IN M.P.H.
PRELIMINARY LOCAL CLIMATOLOGICAL DATA (WS FORM: F-6) , PAGE 2
STATION: BIG PINEY WY
MONTH: FEBRUARY
YEAR: 2022
LATITUDE: 42 34 N
LONGITUDE: 110 6 W
[TEMPERATURE DATA] [PRECIPITATION DATA] SYMBOLS USED IN COLUMN 16
AVERAGE MONTHLY: 15.2 TOTAL FOR MONTH: T 1 = FOG OR MIST
DPTR FM NORMAL: 0.3 DPTR FM NORMAL: -0.37 2 = FOG REDUCING VISIBILITY
HIGHEST: 44 ON 28 GRTST 24HR T ON 21-21 TO 1/4 MILE OR LESS
LOWEST: -19 ON 2 3 = THUNDER
SNOW, ICE PELLETS, HAIL 4 = ICE PELLETS
TOTAL MONTH: M 5 = HAIL
GRTST 24HR M ON M 6 = FREEZING RAIN OR DRIZZLE
GRTST DEPTH: M ON M 7 = DUSTSTORM OR SANDSTORM:
VSBY 1/2 MILE OR LESS
8 = SMOKE OR HAZE
[NO. OF DAYS WITH] [WEATHER - DAYS WITH] 9 = BLOWING SNOW
X = TORNADO
MAX 32 OR BELOW: 14 0.01 INCH OR MORE: 0
MAX 90 OR ABOVE: 0 0.10 INCH OR MORE: 0
MIN 32 OR BELOW: 28 0.50 INCH OR MORE: 0
MIN 0 OR BELOW: 12 1.00 INCH OR MORE: 0
[HDD (BASE 65) ]
TOTAL THIS MO. 1387 CLEAR (SCALE 0-3) 22
DPTR FM NORMAL -16 PTCLDY (SCALE 4-7) 5
TOTAL FM JUL 1 6823 CLOUDY (SCALE 8-10) 1
DPTR FM NORMAL -604
[CDD (BASE 65) ]
TOTAL THIS MO. 0
DPTR FM NORMAL 0 [PRESSURE DATA]
TOTAL FM JAN 1 0 HIGHEST SLP 30.73 ON 27
DPTR FM NORMAL 0 LOWEST SLP 29.50 ON 21
[REMARKS]
#FINAL-02-22#