000
CXUS54 KLCH 010830
CF6BPT
PRELIMINARY LOCAL CLIMATOLOGICAL DATA (WS FORM: F-6)
STATION: BEAUMONT PORT ARTHUR
MONTH: MARCH
YEAR: 2024
LATITUDE: 29 57 N
LONGITUDE: 94 1 W
TEMPERATURE IN F: :PCPN: SNOW: WIND :SUNSHINE: SKY :PK WND
================================================================================
1 2 3 4 5 6A 6B 7 8 9 10 11 12 13 14 15 16 17 18
12Z AVG MX 2MIN
DY MAX MIN AVG DEP HDD CDD WTR SNW DPTH SPD SPD DIR MIN PSBL S-S WX SPD DR
================================================================================
1 74 48 61 1 4 0 0.01 M M 6.1 15 10 M M 8 19 10
2 78 53 66 5 0 1 0.00 0.0 M 5.6 14 120 M M 5 1 16 110
3 76 62 69 8 0 4 0.00 0.0 M 7.7 14 140 M M 10 12 18 140
4 76 67 72 11 0 7 0.01 0.0 M 7.1 13 160 M M 10 128 17 170
5 77 59 68 7 0 3 0.44 0.0 M 5.8 23 360 M M 5 13 30 360
6 82 57 70 9 0 5 0.00 0.0 M 4.5 13 180 M M 1 12 16 170
7 80 59 70 8 0 5 0.03 0.0 M 11.9 25 140 M M 4 128 35 130
8 85 65 75 13 0 10 0.00 0.0 M 13.3 26 140 M M 8 1 35 150
9 65 49 57 -5 8 0 0.00 0.0 M 12.2 22 350 M M 3 31 330
10 70 42 56 -6 9 0 0.00 0.0 M 5.0 12 40 M M 0 17 40
11 72 51 62 0 3 0 0.00 0.0 M 6.0 13 140 M M 3 19 150
12 78 54 66 4 0 1 0.00 0.0 M 7.2 16 170 M M 1 23 160
13 82 64 73 10 0 8 T 0.0 M 11.2 20 160 M M 9 28 180
14 82 71 77 14 0 12 0.00 0.0 M 15.9 24 160 M M 10 18 33 160
15 84 64 74 11 0 9 0.56 0.0 M 10.2 30 100 M M 7 138 43 100
16 73 63 68 5 0 3 T 0.0 M 10.5 22 110 M M 7 29 120
17 76 63 70 6 0 5 0.57 0.0 M 8.5 22 80 M M 7 13 26 80
18 71 51 61 -3 4 0 0.00 0.0 M 14.3 29 20 M M 2 38 20
19 65 42 54 -10 11 0 0.00 0.0 M 6.4 14 60 M M 0 20 70
20 70 48 59 -5 6 0 0.00 0.0 M 3.6 13 120 M M 8 18 100
21 65 59 62 -2 3 0 1.57 0.0 M 12.0 26 120 M M 9 13 40 350
22 78 53 66 2 0 1 0.58 0.0 M 10.6 26 260 M M 4 13 40 270
23 79 54 67 2 0 2 0.00 0.0 M 8.1 15 320 M M 3 21 350
24 71 56 64 -1 1 0 0.00 0.0 M 14.8 25 130 M M 5 34 120
25 77 55 66 1 0 1 0.10 0.0 M 13.9 33 160 M M 8 18 44 160
26 72 52 62 -3 3 0 0.00 0.0 M 7.0 16 20 M M 0 1 22 330
27 66 47 57 -8 8 0 T M M 8.0 17 30 M M 2 21 40
28 74 44 59 -7 6 0 0.00 0.0 0 4.0 13 180 M M 0 17 180
29 76 51 64 -2 1 0 0.00 0.0 M 9.4 20 150 M M 0 28 140
30 79 60 70 4 0 5 0.00 0.0 M 10.6 18 160 M M 4 27 150
31 78 67 73 7 0 8 0.00 0.0 M 12.7 23 160 M M 8 30 160
================================================================================
SM 2331 1730 67 90 3.87 0.0 284.1 M 151
================================================================================
AV 75.2 55.8 9.2 FASTST M M 5 MAX(MPH)
MISC ----> 33 160 44 160
================================================================================
NOTES:
# LAST OF SEVERAL OCCURRENCES
COLUMN 17 PEAK WIND IN M.P.H.
PRELIMINARY LOCAL CLIMATOLOGICAL DATA (WS FORM: F-6) , PAGE 2
STATION: BEAUMONT PORT ARTHUR
MONTH: MARCH
YEAR: 2024
LATITUDE: 29 57 N
LONGITUDE: 94 1 W
[TEMPERATURE DATA] [PRECIPITATION DATA] SYMBOLS USED IN COLUMN 16
AVERAGE MONTHLY: 65.5 TOTAL FOR MONTH: 3.87 1 = FOG OR MIST
DPTR FM NORMAL: 2.2 DPTR FM NORMAL: 0.24 2 = FOG REDUCING VISIBILITY
HIGHEST: 85 ON 8 GRTST 24HR 2.15 ON 21-22 TO 1/4 MILE OR LESS
LOWEST: 42 ON 19,10 3 = THUNDER
SNOW, ICE PELLETS, HAIL 4 = ICE PELLETS
TOTAL MONTH: 0.0 INCH 5 = HAIL
GRTST 24HR 0.0 6 = FREEZING RAIN OR DRIZZLE
GRTST DEPTH: 0 7 = DUSTSTORM OR SANDSTORM:
VSBY 1/2 MILE OR LESS
8 = SMOKE OR HAZE
[NO. OF DAYS WITH] [WEATHER - DAYS WITH] 9 = BLOWING SNOW
X = TORNADO
MAX 32 OR BELOW: 0 0.01 INCH OR MORE: 9
MAX 90 OR ABOVE: 0 0.10 INCH OR MORE: 6
MIN 32 OR BELOW: 0 0.50 INCH OR MORE: 4
MIN 0 OR BELOW: 0 1.00 INCH OR MORE: 1
[HDD (BASE 65) ]
TOTAL THIS MO. 67 CLEAR (SCALE 0-3) 11
DPTR FM NORMAL -58 PTCLDY (SCALE 4-7) 13
TOTAL FM JUL 1 1050 CLOUDY (SCALE 8-10) 7
DPTR FM NORMAL -178
[CDD (BASE 65) ]
TOTAL THIS MO. 90
DPTR FM NORMAL 18 [PRESSURE DATA]
TOTAL FM JAN 1 128 HIGHEST SLP 30.30 ON 11
DPTR FM NORMAL 15 LOWEST SLP 29.49 ON 25
[REMARKS]
#FINAL-03-24#