000
CXUS54 KLCH 010930
CF6BPT
PRELIMINARY LOCAL CLIMATOLOGICAL DATA (WS FORM: F-6)
STATION: BEAUMONT PORT ARTHUR
MONTH: JANUARY
YEAR: 2024
LATITUDE: 29 57 N
LONGITUDE: 94 1 W
TEMPERATURE IN F: :PCPN: SNOW: WIND :SUNSHINE: SKY :PK WND
================================================================================
1 2 3 4 5 6A 6B 7 8 9 10 11 12 13 14 15 16 17 18
12Z AVG MX 2MIN
DY MAX MIN AVG DEP HDD CDD WTR SNW DPTH SPD SPD DIR MIN PSBL S-S WX SPD DR
================================================================================
1 69 47 58 4 7 0 0.00 0.0 M 7.2 15 10 M M 4 128 19 350
2 56 40 48 -6 17 0 0.14 M M 10.6 18 90 M M 6 1 26 70
3 63 43 53 0 12 0 0.91 M M 10.2 23 40 M M 4 18 32 70
4 62 41 52 -1 13 0 0.00 0.0 M 9.7 17 90 M M 1 25 80
5 57 42 50 -3 15 0 1.36 M M 13.8 24 350 M M 8 13 33 80
6 59 36 48 -5 17 0 0.00 0.0 M 3.5 9 360 M M 3 128 13 20
7 60 37 49 -4 16 0 0.00 0.0 M 7.0 17 110 M M 1 12 23 110
8 74 50 62 9 3 0 0.49 M M 16.6 41 310 M M 9 138 53 310
9 56 35 46 -7 19 0 0.01 M M 12.4 28 290 M M 3 3 40 290
10 66 32 49 -4 16 0 0.00 0.0 M 7.1 18 180 M M 1 25 180
11 77 52 65 12 0 0 0.00 0.0 M 13.8 24 160 M M 6 35 170
12 69 33 51 -2 14 0 0.02 M M 15.1 31 310 M M 3 1 54 320
13 61 30 46 -7 19 0 0.00 0.0 M 6.6 17 160 M M 0 27 150
14 66 45 56 3 9 0 0.00 0.0 M 9.1 18 360 M M 6 24 360
15 45 26 36 -17 29 0 0.06 M 0 16.6 29 360 M M 10 1 38 10
16 36 21 29 -24 36 0 0.00 0.0 M 15.6 29 360 M M 3 42 350
17 43 21 32 -21 33 0 0.00 0.0 M 7.4 15 100 M M 2 18 100
18 63 42 53 0 12 0 T M M 3.8 10 120 M M 8 12 14 110
19 59 39 49 -5 16 0 0.00 0.0 0 12.9 22 10 M M 1 12 31 360
20 50 30 40 -14 25 0 0.00 0.0 M 10.2 20 30 M M 0 25 60
21 44 33 39 -15 26 0 0.02 M M 13.1 22 70 M M 10 28 70
22 62 43 53 -1 12 0 1.10 M M 14.2 24 110 M M 10 13 32 110
23 70 58 64 10 1 0 0.38 0.0 M 11.6 22 120 M M 10 123 30 120
24 67 62 65 11 0 0 2.59 0.0 M 11.0 33 360 M M 10 13 40 360
25 77 52 65 11 0 0 0.98 0.0 0 7.9 22 80 M M 4 13 32 300
26 66 51 59 5 6 0 3.25 0.0 M 8.2 17 20 M M 9 123 24 60
27 64 49 57 3 8 0 T M M 13.4 22 320 M M 9 31 320
28 64 43 54 0 11 0 0.00 0.0 M 9.5 20 340 M M 2 26 330
29 69 37 53 -2 12 0 0.00 0.0 M 3.8 14 170 M M 0 16 170
30 74 43 59 4 6 0 0.00 0.0 M 6.4 14 230 M M 0 19 250
31 75 44 60 5 5 0 0.00 0.0 M 5.3 10 170 M M 0 1 16 80
================================================================================
SM 1923 1257 415 0 11.31 0.0 313.6 M 143
================================================================================
AV 62.0 40.5 10.1 FASTST M M 5 MAX(MPH)
MISC ----> 41 310 54 320
================================================================================
NOTES:
# LAST OF SEVERAL OCCURRENCES
COLUMN 17 PEAK WIND IN M.P.H.
PRELIMINARY LOCAL CLIMATOLOGICAL DATA (WS FORM: F-6) , PAGE 2
STATION: BEAUMONT PORT ARTHUR
MONTH: JANUARY
YEAR: 2024
LATITUDE: 29 57 N
LONGITUDE: 94 1 W
[TEMPERATURE DATA] [PRECIPITATION DATA] SYMBOLS USED IN COLUMN 16
AVERAGE MONTHLY: 51.3 TOTAL FOR MONTH: 11.31 1 = FOG OR MIST
DPTR FM NORMAL: -2.4 DPTR FM NORMAL: 5.99 2 = FOG REDUCING VISIBILITY
HIGHEST: 77 ON 25,11 GRTST 24HR 3.25 ON 26-26 TO 1/4 MILE OR LESS
LOWEST: 21 ON 17,16 3 = THUNDER
SNOW, ICE PELLETS, HAIL 4 = ICE PELLETS
TOTAL MONTH: 0.0 INCH 5 = HAIL
GRTST 24HR 0.0 6 = FREEZING RAIN OR DRIZZLE
GRTST DEPTH: 0 7 = DUSTSTORM OR SANDSTORM:
VSBY 1/2 MILE OR LESS
8 = SMOKE OR HAZE
[NO. OF DAYS WITH] [WEATHER - DAYS WITH] 9 = BLOWING SNOW
X = TORNADO
MAX 32 OR BELOW: 0 0.01 INCH OR MORE: 13
MAX 90 OR ABOVE: 0 0.10 INCH OR MORE: 9
MIN 32 OR BELOW: 6 0.50 INCH OR MORE: 6
MIN 0 OR BELOW: 0 1.00 INCH OR MORE: 4
[HDD (BASE 65) ]
TOTAL THIS MO. 415 CLEAR (SCALE 0-3) 13
DPTR FM NORMAL 48 PTCLDY (SCALE 4-7) 9
TOTAL FM JUL 1 838 CLOUDY (SCALE 8-10) 9
DPTR FM NORMAL -27
[CDD (BASE 65) ]
TOTAL THIS MO. 0
DPTR FM NORMAL -15 [PRESSURE DATA]
TOTAL FM JAN 1 0 HIGHEST SLP 30.55 ON 20
DPTR FM NORMAL -15 LOWEST SLP 29.48 ON 8
[REMARKS]
#FINAL-01-24#