000
CXUS55 KDVN 011100
CF6BRL
PRELIMINARY LOCAL CLIMATOLOGICAL DATA (WS FORM: F-6)
STATION: BURLINGTON IA
MONTH: JANUARY
YEAR: 2022
LATITUDE: 40 46 N
LONGITUDE: 91 7 W
TEMPERATURE IN F: :PCPN: SNOW: WIND :SUNSHINE: SKY :PK WND
================================================================================
1 2 3 4 5 6A 6B 7 8 9 10 11 12 13 14 15 16 17 18
12Z AVG MX 2MIN
DY MAX MIN AVG DEP HDD CDD WTR SNW DPTH SPD SPD DIR MIN PSBL S-S WX SPD DR
================================================================================
1 31 12 22 -4 43 0 0.54 M M 16.7 25 360 M M 10 128 38 350
2 12 -7 3 -23 62 0 0.00 M M 8.4 22 350 M M 4 18 29 360
3 23 -8 8 -17 57 0 0.00 M M 8.6 17 200 M M 0 24 200
4 36 17 27 2 38 0 0.00 M M 12.8 29 300 M M 0 44 290
5 29 9 19 -6 46 0 T M M 15.6 28 290 M M 6 8 44 290
6 9 -8 1 -24 64 0 0.00 M M 9.5 18 300 M M 1 8 27 300
7 12 -9 2 -23 63 0 0.00 M M 5.9 14 120 M M 3 18 140
8 33 12 23 -2 42 0 0.01 M M 10.9 22 180 M M 8 168 29 190
9 33 6 20 -4 45 0 0.00 M M 10.7 26 340 M M 3 1 41 340
10 20 6 13 -11 52 0 0.00 M M 7.6 16 340 M M 1 22 340
11 41 5 23 -1 42 0 0.00 M M 11.7 24 200 M M 0 33 200
12 44 30 37 13 28 0 0.00 M M 6.2 15 200 M M 1 18 190
13 45 28 37 13 28 0 0.00 M M 5.4 12 330 M M 1 16 330
14 33 26 30 6 35 0 0.34 M M 9.3 21 50 M M 8 12 28 60
15 27 11 19 -5 46 0 0.07 M M 14.6 24 40 M M 9 1 34 30
16 27 0 14 -10 51 0 0.00 M M 5.3 16 330 M M 4 18 22 300
17 28 16 22 -2 43 0 0.00 M M 8.1 24 340 M M 7 36 330
18 41 24 33 9 32 0 0.00 M M 11.3 21 200 M M 2 26 210
19 37 4 21 -3 44 0 0.00 M M 14.6 26 330 M M 4 38 340
20 8 -4 2 -22 63 0 0.00 M M 7.6 13 330 M M 0 18 340
21 16 -8 4 -20 61 0 0.00 M M 5.5 12 190 M M 0 18 16 190
22 32 13 23 -1 42 0 0.00 M M 10.9 18 210 M M 5 8 27 300
23 41 15 28 4 37 0 T M M 11.9 26 350 M M 5 8 39 300
24 32 6 19 -5 46 0 T M M 11.6 22 330 M M 5 18 33 330
25 13 -2 6 -18 59 0 0.00 M M 7.8 13 320 M M 0 18 320
26 21 -7 7 -17 58 0 0.00 M M 8.6 17 200 M M 0 18 24 210
27 35 21 28 4 37 0 0.00 M M 10.1 16 270 M M 6 8 24 310
28 22 5 14 -10 51 0 0.00 M M 8.9 18 340 M M 3 8 25 300
29 33 5 19 -5 46 0 0.00 M M 7.5 17 190 M M 0 22 180
30 30 16 23 -2 42 0 0.00 M M 8.1 18 320 M M 0 8 27 310
31 41 12 27 2 38 0 0.00 M M 9.8 20 180 M M 0 18 29 170
================================================================================
SM 885 246 1441 0 0.96 M 301.5 M 96
================================================================================
AV 28.5 7.9 9.7 FASTST M M 3 MAX(MPH)
MISC ----> 29 300 # 44 290
================================================================================
NOTES:
# LAST OF SEVERAL OCCURRENCES
COLUMN 17 PEAK WIND IN M.P.H.
PRELIMINARY LOCAL CLIMATOLOGICAL DATA (WS FORM: F-6) , PAGE 2
STATION: BURLINGTON IA
MONTH: JANUARY
YEAR: 2022
LATITUDE: 40 46 N
LONGITUDE: 91 7 W
[TEMPERATURE DATA] [PRECIPITATION DATA] SYMBOLS USED IN COLUMN 16
AVERAGE MONTHLY: 18.2 TOTAL FOR MONTH: 0.96 1 = FOG OR MIST
DPTR FM NORMAL: -6.1 DPTR FM NORMAL: -0.49 2 = FOG REDUCING VISIBILITY
HIGHEST: 45 ON 13 GRTST 24HR 0.54 ON 1- 1 TO 1/4 MILE OR LESS
LOWEST: -9 ON 7 3 = THUNDER
SNOW, ICE PELLETS, HAIL 4 = ICE PELLETS
TOTAL MONTH: M 5 = HAIL
GRTST 24HR M ON M 6 = FREEZING RAIN OR DRIZZLE
GRTST DEPTH: M ON M 7 = DUSTSTORM OR SANDSTORM:
VSBY 1/2 MILE OR LESS
8 = SMOKE OR HAZE
[NO. OF DAYS WITH] [WEATHER - DAYS WITH] 9 = BLOWING SNOW
X = TORNADO
MAX 32 OR BELOW: 18 0.01 INCH OR MORE: 4
MAX 90 OR ABOVE: 0 0.10 INCH OR MORE: 2
MIN 32 OR BELOW: 31 0.50 INCH OR MORE: 1
MIN 0 OR BELOW: 9 1.00 INCH OR MORE: 0
[HDD (BASE 65) ]
TOTAL THIS MO. 1441 CLEAR (SCALE 0-3) 17
DPTR FM NORMAL 181 PTCLDY (SCALE 4-7) 12
TOTAL FM JUL 1 3231 CLOUDY (SCALE 8-10) 2
DPTR FM NORMAL -272
[CDD (BASE 65) ]
TOTAL THIS MO. 0
DPTR FM NORMAL 0 [PRESSURE DATA]
TOTAL FM JAN 1 0 HIGHEST SLP 30.74 ON 20
DPTR FM NORMAL 0 LOWEST SLP 29.55 ON 4
[REMARKS]
#FINAL-01-22#