000
CXUS55 KDVN 011100
CF6BRL
PRELIMINARY LOCAL CLIMATOLOGICAL DATA (WS FORM: F-6)
STATION: BURLINGTON IA
MONTH: OCTOBER
YEAR: 2020
LATITUDE: 40 46 N
LONGITUDE: 91 7 W
TEMPERATURE IN F: :PCPN: SNOW: WIND :SUNSHINE: SKY :PK WND
================================================================================
1 2 3 4 5 6A 6B 7 8 9 10 11 12 13 14 15 16 17 18
12Z AVG MX 2MIN
DY MAX MIN AVG DEP HDD CDD WTR SNW DPTH SPD SPD DIR MIN PSBL S-S WX SPD DR
================================================================================
1 59 43 51 -10 14 0 0.01 M M 8.7 20 340 M M 5 8 30 330
2 58 38 48 -12 17 0 0.00 M M 2.8 10 310 M M 2 18 230
3 49 40 45 -15 20 0 0.26 M M 6.7 15 20 M M 9 1 19 20
4 57 38 48 -12 17 0 0.00 M M 5.4 16 360 M M 1 21 360
5 64 35 50 -9 15 0 0.00 M M 11.7 23 170 M M 0 31 180
6 78 50 64 5 1 0 0.00 M M 7.8 16 300 M M 0 23 310
7 81 51 66 7 0 1 0.00 M M 5.4 14 350 M M 0 18 360
8 77 48 63 5 2 0 0.00 M M 5.7 10 140 M M 0 17 130
9 82 53 68 10 0 3 0.00 M M 10.6 22 210 M M 0 30 190
10 81 63 72 15 0 7 0.00 M M 6.6 14 80 M M 2 20 70
11 81 55 68 11 0 3 0.00 M M 9.2 15 170 M M 1 23 150
12 69 44 57 0 8 0 T M M 10.4 23 310 M M 3 3 38 300
13 74 42 58 2 7 0 0.00 M M 8.4 25 220 M M 0 34 230
14 80 47 64 8 1 0 0.00 M M 12.2 31 210 M M 1 42 230
15 62 36 49 -7 16 0 0.00 M M 10.8 23 320 M M 2 37 320
16 56 30 43 -12 22 0 T M M 6.5 21 290 M M 2 33 290
17 69 39 54 -1 11 0 0.00 M M 15.2 28 200 M M 5 40 200
18 58 36 47 -8 18 0 0.02 M M 8.1 23 350 M M 5 1 36 330
19 41 36 39 -15 26 0 T M M 9.7 21 360 M M 10 29 360
20 49 37 43 -11 22 0 0.01 M M 8.1 17 110 M M 10 1 24 120
21 56 42 49 -5 16 0 0.66 M M 5.9 13 300 M M 8 13 20 300
22 81 48 65 12 0 0 0.14 M M 11.3 23 210 M M 5 123 32 200
23 51 38 45 -8 20 0 0.13 M M 12.3 21 330 M M 10 13 34 320
24 44 34 39 -13 26 0 0.00 M M 8.1 14 350 M M 7 18 340
25 42 35 39 -13 26 0 0.00 M M 13.8 18 20 M M 10 25 50
26 36 30 33 -19 32 0 T M M 10.0 17 360 M M 10 1 24 350
27 38 30 34 -17 31 0 0.00 M M 3.7 12 350 M M 9 17 340
28 48 27 38 -13 27 0 0.00 M M 4.1 15 210 M M 0 19 210
29 45 33 39 -12 26 0 0.00 M M 12.4 24 360 M M 5 35 340
30 51 30 41 -9 24 0 0.00 M M 4.0 9 110 M M 4 14 90
31 64 36 50 0 15 0 0.00 M M 14.2 28 200 M M 1 41 300
================================================================================
SM 1881 1244 460 14 1.23 M 269.8 M 127
================================================================================
AV 60.7 40.1 8.7 FASTST M M 4 MAX(MPH)
MISC ----> 31 210 42 230
================================================================================
NOTES:
# LAST OF SEVERAL OCCURRENCES
COLUMN 17 PEAK WIND IN M.P.H.
PRELIMINARY LOCAL CLIMATOLOGICAL DATA (WS FORM: F-6) , PAGE 2
STATION: BURLINGTON IA
MONTH: OCTOBER
YEAR: 2020
LATITUDE: 40 46 N
LONGITUDE: 91 7 W
[TEMPERATURE DATA] [PRECIPITATION DATA] SYMBOLS USED IN COLUMN 16
AVERAGE MONTHLY: 50.4 TOTAL FOR MONTH: 1.23 1 = FOG OR MIST
DPTR FM NORMAL: -5.0 DPTR FM NORMAL: -1.89 2 = FOG REDUCING VISIBILITY
HIGHEST: 82 ON 9 GRTST 24HR 0.80 ON 21-22 TO 1/4 MILE OR LESS
LOWEST: 27 ON 28 3 = THUNDER
SNOW, ICE PELLETS, HAIL 4 = ICE PELLETS
TOTAL MONTH: M 5 = HAIL
GRTST 24HR M ON M 6 = FREEZING RAIN OR DRIZZLE
GRTST DEPTH: M ON M 7 = DUSTSTORM OR SANDSTORM:
VSBY 1/2 MILE OR LESS
8 = SMOKE OR HAZE
[NO. OF DAYS WITH] [WEATHER - DAYS WITH] 9 = BLOWING SNOW
X = TORNADO
MAX 32 OR BELOW: 0 0.01 INCH OR MORE: 7
MAX 90 OR ABOVE: 0 0.10 INCH OR MORE: 4
MIN 32 OR BELOW: 5 0.50 INCH OR MORE: 1
MIN 0 OR BELOW: 0 1.00 INCH OR MORE: 0
[HDD (BASE 65) ]
TOTAL THIS MO. 460 CLEAR (SCALE 0-3) 16
DPTR FM NORMAL 137 PTCLDY (SCALE 4-7) 8
TOTAL FM JUL 1 511 CLOUDY (SCALE 8-10) 7
DPTR FM NORMAL 118
[CDD (BASE 65) ]
TOTAL THIS MO. 14
DPTR FM NORMAL -10 [PRESSURE DATA]
TOTAL FM JAN 1 1156 HIGHEST SLP 30.40 ON 26
DPTR FM NORMAL -50 LOWEST SLP 29.54 ON 14
[REMARKS]
#FINAL-10-20#