000
CXUS55 KMSO 012337
CF6BTM
PRELIMINARY LOCAL CLIMATOLOGICAL DATA (WS FORM: F-6)
STATION: BUTTE MT
MONTH: NOVEMBER
YEAR: 2020
LATITUDE: 45 57 N
LONGITUDE: 112 30 W
TEMPERATURE IN F: :PCPN: SNOW: WIND :SUNSHINE: SKY :PK WND
================================================================================
1 2 3 4 5 6A 6B 7 8 9 10 11 12 13 14 15 16 17 18
12Z AVG MX 2MIN
DY MAX MIN AVG DEP HDD CDD WTR SNW DPTH SPD SPD DIR MIN PSBL S-S WX SPD DR
================================================================================
1 62 22 42 7 23 0 0.00 M M 1.5 8 170 M M 0 8 9 170
2 67 23 45 10 20 0 0.00 M M 2.4 10 160 M M 0 16 240
3 68 23 46 12 19 0 0.00 M M 3.3 20 250 M M 0 27 270
4 62 29 46 12 19 0 0.00 M M 6.0 18 280 M M 1 25 260
5 67 31 49 16 16 0 0.00 M M 7.6 20 200 M M 0 27 240
6 54 30 42 9 23 0 0.00 M M 3.1 13 300 M M 0 16 340
7 43 27 35 3 30 0 0.10 M M 7.4 23 20 M M 5 1 33 20
8 27 8 18 -14 47 0 0.02 M M 10.7 25 360 M M 10 18 33 10
9 19 -6 7 -24 58 0 T M M 3.1 9 140 M M 3 18 10 140
10 33 -1 16 -15 49 0 T M M 4.6 17 250 M M 9 24 250
11 25 3 14 -16 51 0 0.08 M M 3.4 12 290 M M 8 128 14 290
12 31 2 17 -13 48 0 T M M 3.6 12 180 M M 4 14 180
13 35 7 21 -8 44 0 T M M 6.8 28 190 M M 5 18 36 210
14 33 21 27 -2 38 0 0.00 M M 9.6 25 300 M M 5 34 270
15 42 23 33 5 32 0 T M M 6.3 21 240 M M 5 1 27 240
16 43 17 30 2 35 0 0.00 M M 2.6 10 20 M M 5 12 30
17 54 23 39 12 26 0 0.00 M M 4.8 20 200 M M 0 26 200
18 49 32 41 15 24 0 0.20 M M 4.0 20 310 M M 7 1 27 310
19 37 24 31 5 34 0 0.00 M M 5.8 18 280 M M 7 25 280
20 35 15 25 0 40 0 0.00 M M 2.7 9 260 M M 1 12 260
21 36 12 24 -1 41 0 0.00 M M 4.2 17 290 M M 0 23 290
22 40 6 23 -1 42 0 0.00 M M 2.5 7 150 M M 0 8 170
23 35 12 24 0 41 0 0.00 M M 2.9 10 290 M M 5 12 280
24 39 21 30 7 35 0 0.00 M M 4.2 15 320 M M 4 18 310
25 35 16 26 3 39 0 0.04 M M 5.9 20 300 M M 6 12 25 310
26 34 17 26 4 39 0 0.00 M M 7.8 23 320 M M 6 31 310
27 42 11 27 5 38 0 0.00 M M 3.3 8 330 M M 0 9 340
28 44 10 27 6 38 0 0.00 M M 6.4 15 330 M M 1 19 10
29 38 6 22 1 43 0 0.00 M M 2.9 9 130 M M 0 10 140
30 41 3 22 2 43 0 0.01 M M 4.8 30 280 M M 4 128 43 280
================================================================================
SM 1270 467 1075 0 0.45 M 144.2 M 101
================================================================================
AV 42.3 15.6 4.8 FASTST M M 3 MAX(MPH)
MISC ----> 30 280 43 280
================================================================================
NOTES:
# LAST OF SEVERAL OCCURRENCES
COLUMN 17 PEAK WIND IN M.P.H.
PRELIMINARY LOCAL CLIMATOLOGICAL DATA (WS FORM: F-6) , PAGE 2
STATION: BUTTE MT
MONTH: NOVEMBER
YEAR: 2020
LATITUDE: 45 57 N
LONGITUDE: 112 30 W
[TEMPERATURE DATA] [PRECIPITATION DATA] SYMBOLS USED IN COLUMN 16
AVERAGE MONTHLY: 29.0 TOTAL FOR MONTH: 0.45 1 = FOG OR MIST
DPTR FM NORMAL: 1.2 DPTR FM NORMAL: -0.15 2 = FOG REDUCING VISIBILITY
HIGHEST: 68 ON 3 GRTST 24HR 0.20 ON 18-18 TO 1/4 MILE OR LESS
LOWEST: -6 ON 9 3 = THUNDER
SNOW, ICE PELLETS, HAIL 4 = ICE PELLETS
TOTAL MONTH: M 5 = HAIL
GRTST 24HR M ON M 6 = FREEZING RAIN OR DRIZZLE
GRTST DEPTH: M ON M 7 = DUSTSTORM OR SANDSTORM:
VSBY 1/2 MILE OR LESS
8 = SMOKE OR HAZE
[NO. OF DAYS WITH] [WEATHER - DAYS WITH] 9 = BLOWING SNOW
X = TORNADO
MAX 32 OR BELOW: 4 0.01 INCH OR MORE: 6
MAX 90 OR ABOVE: 0 0.10 INCH OR MORE: 2
MIN 32 OR BELOW: 30 0.50 INCH OR MORE: 0
MIN 0 OR BELOW: 2 1.00 INCH OR MORE: 0
[HDD (BASE 65) ]
TOTAL THIS MO. 1075 CLEAR (SCALE 0-3) 13
DPTR FM NORMAL -44 PTCLDY (SCALE 4-7) 15
TOTAL FM JUL 1 2347 CLOUDY (SCALE 8-10) 2
DPTR FM NORMAL -142
[CDD (BASE 65) ]
TOTAL THIS MO. 0
DPTR FM NORMAL 0 [PRESSURE DATA]
TOTAL FM JAN 1 87 HIGHEST SLP 30.64 ON 29
DPTR FM NORMAL 6 LOWEST SLP 29.31 ON 7
[REMARKS]
#FINAL-11-20#