000
CXUS54 KLIX 010810
CF6BTR
PRELIMINARY LOCAL CLIMATOLOGICAL DATA (WS FORM: F-6)
STATION: BATON ROUGE
MONTH: OCTOBER
YEAR: 2022
LATITUDE: 30 31 N
LONGITUDE: 91 9 W
TEMPERATURE IN F: :PCPN: SNOW: WIND :SUNSHINE: SKY :PK WND
================================================================================
1 2 3 4 5 6A 6B 7 8 9 10 11 12 13 14 15 16 17 18
12Z AVG MX 2MIN
DY MAX MIN AVG DEP HDD CDD WTR SNW DPTH SPD SPD DIR MIN PSBL S-S WX SPD DR
================================================================================
1 84 53 69 -6 0 4 0.00 0.0 M 4.9 15 30 M M 0 20 30
2 86 51 69 -6 0 4 0.00 0.0 M 3.8 14 30 M M 0 17 10
3 85 55 70 -4 0 5 0.00 0.0 M M 14 20 M M M 20 360
4 84 60 72 -2 0 7 0.00 0.0 M 3.0 9 60 M M 1 12 20
5 86 61 74 0 0 9 0.00 0.0 M 1.9 9 290 M M 1 1 13 270
6 86 59 73 0 0 8 0.00 0.0 M 2.4 13 360 M M 1 1 16 360
7 90 57 74 1 0 9 0.00 0.0 M 2.9 10 10 M M 0 14 350
8 88 63 76 4 0 11 0.00 0.0 M 8.9 16 40 M M 0 23 40
9 83 57 70 -2 0 5 0.00 0.0 M 4.6 14 30 M M 0 18 40
10 84 54 69 -3 0 4 0.00 0.0 M 4.4 15 70 M M 0 21 90
11 87 55 71 0 0 6 0.00 0.0 M 4.1 13 110 M M 0 19 130
12 90 68 79 8 0 14 T 0.0 M 6.0 17 190 M M 5 1 20 190
13 86 59 73 2 0 8 0.08 0.0 M 4.0 13 10 M M 3 13 17 360
14 87 53 70 0 0 5 0.00 0.0 M 2.0 9 60 M M 0 1 13 90
15 89 55 72 2 0 7 0.00 0.0 M 3.5 10 170 M M 0 1 14 200
16 M M M M M M M M M M M M M M M M M
17 77 57 67 -2 0 2 0.00 0.0 M 5.1 14 20 M M 2 1 21 330
18 63 41 52 -17 13 0 0.00 0.0 M 7.6 17 360 M M 0 26 350
19 66 34 50 -18 15 0 0.00 0.0 M 2.9 12 30 M M 0 18 50
20 73 35 54 -14 11 0 0.00 0.0 M 4.3 15 220 M M 0 20 220
21 84 48 66 -2 0 1 0.00 0.0 M 6.9 17 190 M M 1 24 150
22 83 54 69 2 0 4 0.00 0.0 M 8.6 20 190 M M 1 1 25 200
23 85 58 72 5 0 7 0.00 0.0 M 8.4 16 110 M M 3 24 140
24 88 57 73 7 0 8 0.00 0.0 M 10.9 21 170 M M 2 1 31 170
25 78 52 65 -1 0 0 0.11 0.0 M 8.9 20 280 M M 5 1 26 230
26 75 47 61 -5 4 0 0.00 0.0 M 3.9 12 360 M M 0 20 350
27 78 48 63 -2 2 0 0.00 0.0 M 3.5 10 70 M M 0 14 70
28 74 50 62 -3 3 0 0.00 0.0 M 5.8 16 110 M M 0 1 22 100
29 76 60 68 3 0 3 0.19 0.0 M 10.1 18 220 M M 6 18 25 220
30 75 55 65 1 0 0 0.00 0.0 M 5.4 13 260 M M 8 1 17 240
31 79 56 68 4 0 3 0.00 0.0 M 2.8 9 320 M M 3 12 14 260
================================================================================
SM 2449 1612 48 134 0.38 0.0 151.5 M 42
================================================================================
AV 81.6 53.7 5.2 FASTST M M 1 MAX(MPH)
MISC ----> 21 170 31 170
================================================================================
NOTES:
# LAST OF SEVERAL OCCURRENCES
COLUMN 17 PEAK WIND IN M.P.H.
PRELIMINARY LOCAL CLIMATOLOGICAL DATA (WS FORM: F-6) , PAGE 2
STATION: BATON ROUGE
MONTH: OCTOBER
YEAR: 2022
LATITUDE: 30 31 N
LONGITUDE: 91 9 W
[TEMPERATURE DATA] [PRECIPITATION DATA] SYMBOLS USED IN COLUMN 16
AVERAGE MONTHLY: 67.7 TOTAL FOR MONTH: 0.38 1 = FOG OR MIST
DPTR FM NORMAL: -1.8 DPTR FM NORMAL: -4.46 2 = FOG REDUCING VISIBILITY
HIGHEST: 90 ON 12, 7 GRTST 24HR 0.19 ON 29-29 TO 1/4 MILE OR LESS
LOWEST: 34 ON 19 3 = THUNDER
SNOW, ICE PELLETS, HAIL 4 = ICE PELLETS
TOTAL MONTH: 0.0 INCH 5 = HAIL
GRTST 24HR 0.0 6 = FREEZING RAIN OR DRIZZLE
GRTST DEPTH: M ON M 7 = DUSTSTORM OR SANDSTORM:
VSBY 1/2 MILE OR LESS
8 = SMOKE OR HAZE
[NO. OF DAYS WITH] [WEATHER - DAYS WITH] 9 = BLOWING SNOW
X = TORNADO
MAX 32 OR BELOW: 0 0.01 INCH OR MORE: 3
MAX 90 OR ABOVE: 2 0.10 INCH OR MORE: 2
MIN 32 OR BELOW: 0 0.50 INCH OR MORE: 0
MIN 0 OR BELOW: 0 1.00 INCH OR MORE: 0
[HDD (BASE 65) ]
TOTAL THIS MO. 48 CLEAR (SCALE 0-3) 23
DPTR FM NORMAL 3 PTCLDY (SCALE 4-7) 6
TOTAL FM JUL 1 48 CLOUDY (SCALE 8-10) 1
DPTR FM NORMAL 3
[CDD (BASE 65) ]
TOTAL THIS MO. 134
DPTR FM NORMAL -50 [PRESSURE DATA]
TOTAL FM JAN 1 2920 HIGHEST SLP M ON M
DPTR FM NORMAL 166 LOWEST SLP 29.80 ON 25
[REMARKS]
#FINAL-10-22#