000
CXUS54 KLIX 010810
CF6BTR
PRELIMINARY LOCAL CLIMATOLOGICAL DATA (WS FORM: F-6)
STATION: BATON ROUGE
MONTH: JULY
YEAR: 2021
LATITUDE: 30 31 N
LONGITUDE: 91 9 W
TEMPERATURE IN F: :PCPN: SNOW: WIND :SUNSHINE: SKY :PK WND
================================================================================
1 2 3 4 5 6A 6B 7 8 9 10 11 12 13 14 15 16 17 18
12Z AVG MX 2MIN
DY MAX MIN AVG DEP HDD CDD WTR SNW DPTH SPD SPD DIR MIN PSBL S-S WX SPD DR
================================================================================
1 92 73 83 1 0 18 0.00 0.0 M 3.1 17 80 M M 3 20 70
2 90 75 83 1 0 18 0.08 0.0 M 6.5 18 240 M M 3 13 25 230
3 90 73 82 0 0 17 0.81 0.0 M 3.2 21 20 M M 8 13 26 30
4 92 72 82 0 0 17 0.00 0.0 M 3.9 9 100 M M 3 18 14 150
5 91 74 83 1 0 18 0.00 0.0 M 5.3 18 160 M M 4 1238 23 170
6 87 74 81 -1 0 16 0.72 0.0 M 3.6 24 180 M M 4 13 33 160
7 87 76 82 -1 0 17 0.01 0.0 M 3.2 8 190 M M 3 17 40
8 90 75 83 0 0 18 T 0.0 M 3.5 23 120 M M 3 3 30 110
9 84 74 79 -4 0 14 0.02 0.0 M 4.5 18 160 M M 3 23 160
10 89 76 83 0 0 18 0.01 0.0 M 7.0 15 200 M M 6 13 21 190
11 89 72 81 -2 0 16 1.79 0.0 M 6.4 26 340 M M 3 123 35 20
12 86 70 78 -5 0 13 0.85 0.0 M 4.1 24 240 M M 3 13 32 240
13 90 70 80 -3 0 15 0.09 0.0 M 3.2 18 140 M M 2 138 24 120
14 92 71 82 -1 0 17 0.01 0.0 M 4.5 21 70 M M 2 13 25 80
15 89 73 81 -2 0 16 0.21 0.0 M 4.1 20 240 M M 3 13 24 240
16 92 72 82 -1 0 17 1.39 0.0 M 3.3 26 60 M M 3 13 33 60
17 90 73 82 -1 0 17 T 0.0 M 4.7 18 140 M M 6 123 22 130
18 94 73 84 1 0 19 0.00 0.0 M 2.6 16 130 M M 3 3 22 140
19 90 76 83 0 0 18 0.18 0.0 M 4.4 22 280 M M 2 13 28 280
20 82 71 77 -6 0 12 0.54 0.0 M 3.4 17 210 M M 7 13 20 210
21 91 73 82 -1 0 17 T 0.0 M 3.0 14 220 M M 5 1 19 220
22 90 75 83 0 0 18 0.00 0.0 M 6.5 15 190 M M 2 3 18 190
23 91 75 83 0 0 18 0.00 0.0 M 5.2 13 260 M M 1 3 20 20
24 94 76 85 2 0 20 0.00 0.0 M 5.1 12 310 M M 1 1 16 310
25 94 75 85 2 0 20 0.00 0.0 M 3.0 10 290 M M 1 13 270
26 94 75 85 2 0 20 T 0.0 M 4.1 15 170 M M 1 3 29 210
27 93 73 83 0 0 18 1.08 0.0 M 3.5 23 250 M M 3 123 32 210
28 92 72 82 -1 0 17 0.00 0.0 M 3.8 15 60 M M 3 138 19 60
29 95 74 85 2 0 20 0.42 0.0 M 3.4 16 250 M M 2 13 21 250
30 93 73 83 0 0 18 0.00 0.0 M 2.5 9 260 M M 0 1 17 230
31 93 73 83 0 0 18 0.71 0.0 M 6.6 29 70 M M 3 13 36 80
================================================================================
SM 2806 2277 0 535 8.92 0.0 131.2 M 96
================================================================================
AV 90.5 73.5 4.2 FASTST M M 3 MAX(MPH)
MISC ----> 29 70 36 80
================================================================================
NOTES:
# LAST OF SEVERAL OCCURRENCES
COLUMN 17 PEAK WIND IN M.P.H.
PRELIMINARY LOCAL CLIMATOLOGICAL DATA (WS FORM: F-6) , PAGE 2
STATION: BATON ROUGE
MONTH: JULY
YEAR: 2021
LATITUDE: 30 31 N
LONGITUDE: 91 9 W
[TEMPERATURE DATA] [PRECIPITATION DATA] SYMBOLS USED IN COLUMN 16
AVERAGE MONTHLY: 82.0 TOTAL FOR MONTH: 8.92 1 = FOG OR MIST
DPTR FM NORMAL: -0.9 DPTR FM NORMAL: 3.83 2 = FOG REDUCING VISIBILITY
HIGHEST: 95 ON 29 GRTST 24HR 1.89 ON 11-12 TO 1/4 MILE OR LESS
LOWEST: 70 ON 13,12 3 = THUNDER
SNOW, ICE PELLETS, HAIL 4 = ICE PELLETS
TOTAL MONTH: 0.0 INCH 5 = HAIL
GRTST 24HR 0.0 6 = FREEZING RAIN OR DRIZZLE
GRTST DEPTH: M ON M 7 = DUSTSTORM OR SANDSTORM:
VSBY 1/2 MILE OR LESS
8 = SMOKE OR HAZE
[NO. OF DAYS WITH] [WEATHER - DAYS WITH] 9 = BLOWING SNOW
X = TORNADO
MAX 32 OR BELOW: 0 0.01 INCH OR MORE: 17
MAX 90 OR ABOVE: 23 0.10 INCH OR MORE: 11
MIN 32 OR BELOW: 0 0.50 INCH OR MORE: 8
MIN 0 OR BELOW: 0 1.00 INCH OR MORE: 3
[HDD (BASE 65) ]
TOTAL THIS MO. 0 CLEAR (SCALE 0-3) 19
DPTR FM NORMAL 0 PTCLDY (SCALE 4-7) 12
TOTAL FM JUL 1 0 CLOUDY (SCALE 8-10) 0
DPTR FM NORMAL 0
[CDD (BASE 65) ]
TOTAL THIS MO. 535
DPTR FM NORMAL -18 [PRESSURE DATA]
TOTAL FM JAN 1 1577 HIGHEST SLP M ON M
DPTR FM NORMAL -28 LOWEST SLP 29.86 ON 2
[REMARKS]
#FINAL-07-21#