000
CXAK56 PAFG 010950
CF6BTT
PRELIMINARY LOCAL CLIMATOLOGICAL DATA (WS FORM: F-6)
STATION: BETTLES AK
MONTH: JANUARY
YEAR: 2023
LATITUDE: 66 55 N
LONGITUDE: 151 31 W
TEMPERATURE IN F: :PCPN: SNOW: WIND :SUNSHINE: SKY :PK WND
================================================================================
1 2 3 4 5 6A 6B 7 8 9 10 11 12 13 14 15 16 17 18
12Z AVG MX 2MIN
DY MAX MIN AVG DEP HDD CDD WTR SNW DPTH SPD SPD DIR MIN PSBL S-S WX SPD DR
================================================================================
1 18 -8 5 15 60 0 0.04 M 21 6.0 10 360 M M 5 1 M M
2 13 -3 5 15 60 0 T M 21 5.0 9 330 M M 8 1 M M
3 3 -11 -4 6 69 0 0.00 M 21 2.9 7 350 M M 2 M M
4 10 -6 2 12 63 0 0.00 M 21 3.4 8 350 M M 2 18 13 350
5 6 -8 -1 10 66 0 0.00 M 21 3.4 8 320 M M 6 M M
6 10 -7 2 13 63 0 T M 21 2.0 6 310 M M 9 M M
7 10 -2 4 15 61 0 T M 21 0.1 4 140 M M 9 M M
8 6 1 4 15 61 0 T M 21 0.0 0 0 M M 10 1 M M
9 6 -5 1 12 64 0 T M 22 2.9 10 360 M M 7 1 15 360
10 17 -1 8 20 57 0 T M 22 5.9 10 40 M M 9 1 17 40
11 16 -1 8 20 57 0 T M 21 0.8 5 150 M M 10 M M
12 10 -5 3 15 62 0 0.13 M 20 0.5 4 340 M M 9 1 M M
13 9 -6 2 14 63 0 0.01 M 23 0.3 4 360 M M 9 1 M M
14 9 -14 -2 10 67 0 0.00 M 23 0.9 6 360 M M 7 1 M M
15 4 -14 -5 7 70 0 T M 23 5.8 9 310 M M 8 M M
16 4 -4 0 12 65 0 0.03 M 22 7.4 10 320 M M 9 1 M M
17 2 -12 -5 7 70 0 0.00 M 23 5.8 10 330 M M 5 1 13 320
18 8 -11 -1 11 66 0 0.00 M 22 7.2 10 330 M M 6 M M
19 8 -8 0 11 65 0 0.00 M 22 5.8 10 320 M M 6 M M
20 10 -11 0 11 65 0 0.00 M 22 2.3 8 350 M M 6 11 350
21 1 -22 -10 1 75 0 0.05 0.5 21 6.9 14 200 M M 9 1 20 200
22 -22 -38 -30 -19 95 0 0.00 M 21 1.4 8 10 M M 3 1 11 20
23 -2 -39 -20 -9 85 0 0.00 M 21 4.2 10 20 M M 5 1 16 350
24 -1 -4 -2 8 67 0 0.00 M 21 8.0 13 10 M M 10 1 19 350
25 4 -1 2 12 63 0 0.07 M 21 6.9 12 360 M M 9 1 20 340
26 10 -32 -11 -1 76 0 0.00 M 24 3.3 21 240 M M 7 1 26 240
27 1 -33 -16 -7 81 0 0.00 M 25 5.3 9 350 M M 4 M M
28 8 0 4 13 61 0 0.00 M 24 1.2 7 300 M M 10 1 9 310
29 8 2 5 14 60 0 M M 27 6.4 10 330 M M 9 1 14 330
30 4 -16 -6 2 71 0 0.00 0.0 26 5.5 10 350 M M 2 15 350
31 -1 -18 -9 -1 74 0 0.00 M 25 1.9 7 360 M M 5 8 350
================================================================================
SM 189 -337 2082 0 0.33 0.5 119.4 M 215
================================================================================
AV 6.1-10.9 3.9 FASTST M M 7 MAX(MPH)
MISC ----> 21 240 26 240
================================================================================
NOTES:
# LAST OF SEVERAL OCCURRENCES
COLUMN 17 PEAK WIND IN M.P.H.
PRELIMINARY LOCAL CLIMATOLOGICAL DATA (WS FORM: F-6) , PAGE 2
STATION: BETTLES AK
MONTH: JANUARY
YEAR: 2023
LATITUDE: 66 55 N
LONGITUDE: 151 31 W
[TEMPERATURE DATA] [PRECIPITATION DATA] SYMBOLS USED IN COLUMN 16
AVERAGE MONTHLY: -2.4 TOTAL FOR MONTH: 0.33 1 = FOG OR MIST
DPTR FM NORMAL: 8.2 DPTR FM NORMAL: -0.54 2 = FOG REDUCING VISIBILITY
HIGHEST: 18 ON 1 GRTST 24HR 0.33 ON 24-25 TO 1/4 MILE OR LESS
LOWEST: -39 ON 23 3 = THUNDER
SNOW, ICE PELLETS, HAIL 4 = ICE PELLETS
TOTAL MONTH: 0.5 INCH 5 = HAIL
GRTST 24HR 0.5 ON 21-21 6 = FREEZING RAIN OR DRIZZLE
GRTST DEPTH: 27 ON 29 7 = DUSTSTORM OR SANDSTORM:
VSBY 1/2 MILE OR LESS
8 = SMOKE OR HAZE
[NO. OF DAYS WITH] [WEATHER - DAYS WITH] 9 = BLOWING SNOW
X = TORNADO
MAX 32 OR BELOW: 31 0.01 INCH OR MORE: 6
MAX 90 OR ABOVE: 0 0.10 INCH OR MORE: 1
MIN 32 OR BELOW: 31 0.50 INCH OR MORE: 0
MIN 0 OR BELOW: 29 1.00 INCH OR MORE: 0
[HDD (BASE 65) ]
TOTAL THIS MO. 2082 CLEAR (SCALE 0-3) 3
DPTR FM NORMAL -263 PTCLDY (SCALE 4-7) 14
TOTAL FM JUL 1 8532 CLOUDY (SCALE 8-10) 14
DPTR FM NORMAL -586
[CDD (BASE 65) ]
TOTAL THIS MO. 0
DPTR FM NORMAL 0 [PRESSURE DATA]
TOTAL FM JAN 1 0 HIGHEST SLP M ON M
DPTR FM NORMAL 0 LOWEST SLP 29.34 ON 17
[REMARKS]
#FINAL-01-23#