000
CXUS56 KLOX 011155
CF6BUR
PRELIMINARY LOCAL CLIMATOLOGICAL DATA (WS FORM: F-6)
STATION: HOLLYWOOD/BURBANK AIRPORT CA
MONTH: JUNE
YEAR: 2023
LATITUDE: 34 12 N
LONGITUDE: 118 22 W
TEMPERATURE IN F: :PCPN: SNOW: WIND :SUNSHINE: SKY :PK WND
================================================================================
1 2 3 4 5 6A 6B 7 8 9 10 11 12 13 14 15 16 17 18
12Z AVG MX 2MIN
DY MAX MIN AVG DEP HDD CDD WTR SNW DPTH SPD SPD DIR MIN PSBL S-S WX SPD DR
================================================================================
1 64 57 61 -7 4 0 0.00 M M 4.3 12 140 M M 10 1 19 230
2 73 59 66 -2 0 1 0.00 M M 5.7 15 190 M M 5 20 190
3 75 54 65 -3 0 0 0.00 M M 5.4 14 200 M M 0 1 19 180
4 75 58 67 -1 0 2 0.00 M M 6.8 16 170 M M 7 18 19 180
5 63 57 60 -8 5 0 T M M 5.8 15 170 M M 10 18 18 180
6 65 57 61 -7 4 0 T M M 6.9 13 170 M M 10 20 130
7 67 57 62 -6 3 0 T M M 3.0 12 180 M M 8 14 180
8 72 53 63 -5 2 0 0.00 M M 5.2 14 170 M M 1 18 190
9 69 58 64 -5 1 0 0.00 M M 5.5 13 190 M M M 16 80
10 69 58 64 -5 1 0 T M M 4.7 13 190 M M 9 18 16 170
11 65 57 61 -8 4 0 T M M 6.7 12 140 M M 10 1 18 100
12 67 60 64 -5 1 0 0.00 M M 3.7 10 200 M M 9 17 120
13 72 59 66 -3 0 1 0.00 M M 4.0 13 180 M M 6 22 240
14 68 57 63 -7 2 0 0.00 M M 4.6 12 150 M M 8 18 20 130
15 68 58 63 -7 2 0 T M M 4.0 10 170 M M 10 1 14 210
16 77 61 69 -1 0 4 0.00 M M 4.5 12 180 M M 6 16 180
17 83 59 71 1 0 6 0.00 M M 6.1 14 120 M M 3 18 20 100
18 73 61 67 -3 0 2 0.00 M M 6.8 14 200 M M 6 18 21 180
19 72 61 67 -4 0 2 0.00 M M 7.0 15 130 M M 6 8 29 260
20 77 56 67 -4 0 2 0.00 M M 5.4 16 150 M M 0 23 230
21 79 57 68 -3 0 3 0.00 M M 5.5 15 190 M M 0 20 200
22 73 56 65 -6 0 0 0.00 M M 8.0 17 200 M M 2 23 170
23 77 56 67 -5 0 2 0.00 M M 6.1 14 180 M M 2 20 140
24 78 55 67 -5 0 2 0.00 M M 5.9 15 180 M M 0 22 180
25 77 56 67 -5 0 2 0.00 M M 5.1 13 150 M M 2 18 20 160
26 78 57 68 -4 0 3 0.00 M M 5.9 14 160 M M 0 26 140
27 79 57 68 -5 0 3 0.00 M M 5.6 14 200 M M 0 19 170
28 76 57 67 -6 0 2 0.00 M M 6.4 14 180 M M 2 20 210
29 80 58 69 -4 0 4 0.00 M M 5.4 14 180 M M 3 18 18 150
30 88 61 75 2 0 10 0.00 M M 6.2 13 120 M M 0 24 110
================================================================================
SM 2199 1727 29 51 T M 166.2 M 135
================================================================================
AV 73.3 57.6 5.5 FASTST M M 5 MAX(MPH)
MISC ----> 17 200 29 260
================================================================================
NOTES:
# LAST OF SEVERAL OCCURRENCES
COLUMN 17 PEAK WIND IN M.P.H.
PRELIMINARY LOCAL CLIMATOLOGICAL DATA (WS FORM: F-6) , PAGE 2
STATION: HOLLYWOOD/BURBANK AIRPORT CA
MONTH: JUNE
YEAR: 2023
LATITUDE: 34 12 N
LONGITUDE: 118 22 W
[TEMPERATURE DATA] [PRECIPITATION DATA] SYMBOLS USED IN COLUMN 16
AVERAGE MONTHLY: 65.4 TOTAL FOR MONTH: T 1 = FOG OR MIST
DPTR FM NORMAL: -4.7 DPTR FM NORMAL: -0.09 2 = FOG REDUCING VISIBILITY
HIGHEST: 88 ON 30 GRTST 24HR T ON 5- 5 TO 1/4 MILE OR LESS
LOWEST: 53 ON 8 3 = THUNDER
SNOW, ICE PELLETS, HAIL 4 = ICE PELLETS
TOTAL MONTH: M 5 = HAIL
GRTST 24HR M ON M 6 = FREEZING RAIN OR DRIZZLE
GRTST DEPTH: M ON M 7 = DUSTSTORM OR SANDSTORM:
VSBY 1/2 MILE OR LESS
8 = SMOKE OR HAZE
[NO. OF DAYS WITH] [WEATHER - DAYS WITH] 9 = BLOWING SNOW
X = TORNADO
MAX 32 OR BELOW: 0 0.01 INCH OR MORE: 0
MAX 90 OR ABOVE: 0 0.10 INCH OR MORE: 0
MIN 32 OR BELOW: 0 0.50 INCH OR MORE: 0
MIN 0 OR BELOW: 0 1.00 INCH OR MORE: 0
[HDD (BASE 65) ]
TOTAL THIS MO. 29 CLEAR (SCALE 0-3) 14
DPTR FM NORMAL 21 PTCLDY (SCALE 4-7) 7
TOTAL FM JUL 1 1787 CLOUDY (SCALE 8-10) 9
DPTR FM NORMAL 390
[CDD (BASE 65) ]
TOTAL THIS MO. 51
DPTR FM NORMAL -110 [PRESSURE DATA]
TOTAL FM JAN 1 111 HIGHEST SLP 30.05 ON 25
DPTR FM NORMAL -206 LOWEST SLP 29.77 ON 30
[REMARKS]
#FINAL-06-23#