000
CXUS56 KLOX 011630
CLMBUR
CLIMATE REPORT
NATIONAL WEATHER SERVICE LOS ANGELES/OXNARD
930 AM PDT MON APR 01 2024
...................................
...THE HOLLYWOOD/BURBANK AIRPORT CA CLIMATE SUMMARY FOR THE MONTH OF MARCH 2024...
CLIMATE NORMAL PERIOD: 1991 TO 2020
CLIMATE RECORD PERIOD: 1939 TO 2024
WEATHER OBSERVED NORMAL DEPART LAST YEAR`S
VALUE DATE(S) VALUE FROM VALUE
NORMAL
..............................................................
TEMPERATURE (F)
HIGHEST 77 03/18
LOWEST 43 03/08
AVG. MAXIMUM 66.3 69.5 -3.2
AVG. MINIMUM 48.3 49.0 -0.7
MEAN 57.3 59.3 -2.0
DAYS MAX >= 90 0
DAYS MAX <= 32 0
DAYS MIN <= 32 0
DAYS MIN <= 0 0
PRECIPITATION (INCHES)
TOTALS 3.31 2.43 0.88
DAILY AVG. 0.11
DAYS >= .01 10
DAYS >= .10 5
DAYS >= .50 2
DAYS >= 1.00 1
GREATEST
24 HR. TOTAL 1.36 03/30 TO 03/30
DEGREE DAYS
HEATING TOTAL 233 195 38 343
SINCE 7/1 1116 1215 -99 MM
COOLING TOTAL 0 17 -17 0
SINCE 1/1 0 28 -28 MM
..............................................................
WIND (MPH)
AVERAGE WIND SPEED 6.1
HIGHEST WIND SPEED/DIRECTION 45/040 DATE 03/14
HIGHEST GUST SPEED/DIRECTION 66/030 DATE 03/14
SKY COVER
POSSIBLE SUNSHINE (PERCENT) MM
AVERAGE SKY COVER 0.31
NUMBER OF DAYS FAIR 21
NUMBER OF DAYS PC 6
NUMBER OF DAYS CLOUDY 4
AVERAGE RH (PERCENT) 64
WEATHER CONDITIONS. NUMBER OF DAYS WITH
THUNDERSTORM 2 MIXED PRECIP 0
HEAVY RAIN 3 RAIN 4
LIGHT RAIN 10 FREEZING RAIN 0
LT FREEZING RAIN 0 HAIL 0
HEAVY SNOW 0 SNOW 0
LIGHT SNOW 0 SLEET 0
FOG 10 FOG W/VIS <= 1/4 MILE 0
HAZE 3
- INDICATES NEGATIVE NUMBERS.
R INDICATES RECORD WAS SET OR TIED.
MM INDICATES DATA IS MISSING.
T INDICATES TRACE AMOUNT.
$$