000
CXUS51 KLWX 010815
CF6BWI
PRELIMINARY LOCAL CLIMATOLOGICAL DATA (WS FORM: F-6)
STATION: BALTIMORE MD
MONTH: SEPTEMBER
YEAR: 2023
LATITUDE: 39 10 N
LONGITUDE: 76 40 W
TEMPERATURE IN F: :PCPN: SNOW: WIND :SUNSHINE: SKY :PK WND
================================================================================
1 2 3 4 5 6A 6B 7 8 9 10 11 12 13 14 15 16 17 18
12Z AVG MX 2MIN
DY MAX MIN AVG DEP HDD CDD WTR SNW DPTH SPD SPD DIR MIN PSBL S-S WX SPD DR
================================================================================
1 81 58 70 -4 0 5 0.00 0.0 0 4.2 13 50 M M 1 22 30
2 87 56 72 -2 0 7 0.00 0.0 0 4.2 13 170 M M 2 1 17 140
3 98 64 81 8 0 16 0.00 0.0 0 4.1 16 260 M M 3 1 20 270
4 99 72 86 13 0 21 0.00 0.0 0 6.1 17 300 M M 5 23 240
5 99 75 87 14 0 22 0.00 0.0 0 5.5 14 310 M M 5 27 360
6 100 73 87 14 0 22 0.00 0.0 0 2.3 10 240 M M 3 18 330
7 98 74 86 14 0 21 T 0.0 0 3.7 21 290 M M 4 3 26 270
8 93 71 82 10 0 17 0.12 0.0 0 4.5 22 300 M M 7 13 30 300
9 88 68 78 6 0 13 1.60 0.0 0 3.9 25 270 M M 8 13 38 280
10 82 69 76 5 0 11 0.06 0.0 0 3.7 13 150 M M 8 1 17 150
11 86 70 78 7 0 13 1.00 0.0 0 3.3 20 300 M M 7 13 25 310
12 87 67 77 6 0 12 1.07 0.0 M 3.7 21 270 M M 7 138 31 270
13 85 69 77 7 0 12 0.00 0.0 0 4.7 12 350 M M 7 20 50
14 82 63 73 3 0 8 0.00 0.0 0 7.3 14 350 M M 3 27 340
15 78 58 68 -2 0 3 0.00 0.0 0 7.4 15 330 M M 1 27 10
16 82 54 68 -1 0 3 0.00 0.0 0 4.9 13 320 M M 1 23 340
17 76 53 65 -4 0 0 0.08 0.0 0 3.7 20 240 M M 7 1 28 230
18 79 60 70 1 0 5 T 0.0 0 6.6 15 320 M M 6 25 340
19 78 55 67 -1 0 2 0.00 0.0 0 9.1 18 290 M M 2 26 320
20 80 52 66 -2 0 1 0.00 0.0 0 2.6 9 310 M M 4 18 310
21 79 54 67 0 0 2 0.00 0.0 0 3.4 10 70 M M 6 17 360
22 74 58 66 -1 0 1 0.01 0.0 0 13.4 24 60 M M 8 35 50
23 64 58 61 -6 4 0 1.29 0.0 0 17.5 26 60 M M 10 1 40 70
24 70 64 67 1 0 2 0.90 0.0 0 6.0 22 60 M M 10 1 32 50
25 70 61 66 0 0 1 0.06 0.0 0 6.8 17 50 M M 9 1 26 30
26 63 59 61 -4 4 0 0.07 0.0 0 9.1 17 60 M M 10 1 22 40
27 69 57 63 -2 2 0 0.00 0.0 0 8.4 16 100 M M 7 21 100
28 70 54 62 -3 3 0 T 0.0 0 8.4 16 60 M M 8 1 21 60
29 70 61 66 2 0 1 0.01 0.0 0 5.7 12 360 M M 10 1 22 340
30 75 63 69 5 0 4 0.00 0.0 0 6.1 12 20 M M 8 24 30
================================================================================
SM 2442 1870 13 225 6.27 0.0 180.3 M 177
================================================================================
AV 81.4 62.3 6.0 FASTST M M 6 MAX(MPH)
MISC ----> 26 60 40 70
================================================================================
NOTES:
# LAST OF SEVERAL OCCURRENCES
COLUMN 17 PEAK WIND IN M.P.H.
PRELIMINARY LOCAL CLIMATOLOGICAL DATA (WS FORM: F-6) , PAGE 2
STATION: BALTIMORE MD
MONTH: SEPTEMBER
YEAR: 2023
LATITUDE: 39 10 N
LONGITUDE: 76 40 W
[TEMPERATURE DATA] [PRECIPITATION DATA] SYMBOLS USED IN COLUMN 16
AVERAGE MONTHLY: 71.9 TOTAL FOR MONTH: 6.27 1 = FOG OR MIST
DPTR FM NORMAL: 2.7 DPTR FM NORMAL: 1.83 2 = FOG REDUCING VISIBILITY
HIGHEST: 100 ON 6 GRTST 24HR 1.69 ON 8- 9 TO 1/4 MILE OR LESS
LOWEST: 52 ON 20 3 = THUNDER
SNOW, ICE PELLETS, HAIL 4 = ICE PELLETS
TOTAL MONTH: 0.0 INCH 5 = HAIL
GRTST 24HR 0.0 6 = FREEZING RAIN OR DRIZZLE
GRTST DEPTH: 0 7 = DUSTSTORM OR SANDSTORM:
VSBY 1/2 MILE OR LESS
8 = SMOKE OR HAZE
[NO. OF DAYS WITH] [WEATHER - DAYS WITH] 9 = BLOWING SNOW
X = TORNADO
MAX 32 OR BELOW: 0 0.01 INCH OR MORE: 12
MAX 90 OR ABOVE: 6 0.10 INCH OR MORE: 6
MIN 32 OR BELOW: 0 0.50 INCH OR MORE: 5
MIN 0 OR BELOW: 0 1.00 INCH OR MORE: 4
[HDD (BASE 65) ]
TOTAL THIS MO. 13 CLEAR (SCALE 0-3) 8
DPTR FM NORMAL -23 PTCLDY (SCALE 4-7) 16
TOTAL FM JUL 1 13 CLOUDY (SCALE 8-10) 6
DPTR FM NORMAL -20
[CDD (BASE 65) ]
TOTAL THIS MO. 225
DPTR FM NORMAL 62 [PRESSURE DATA]
TOTAL FM JAN 1 1412 HIGHEST SLP 30.33 ON 27
DPTR FM NORMAL 115 LOWEST SLP 29.71 ON 7
[REMARKS]
#FINAL-09-23#