000
CXUS55 KRIW 011010
CF6BYG
PRELIMINARY LOCAL CLIMATOLOGICAL DATA (WS FORM: F-6)
STATION: BUFFALO WY
MONTH: JULY
YEAR: 2021
LATITUDE: 44 22 N
LONGITUDE: 106 43 W
TEMPERATURE IN F: :PCPN: SNOW: WIND :SUNSHINE: SKY :PK WND
================================================================================
1 2 3 4 5 6A 6B 7 8 9 10 11 12 13 14 15 16 17 18
12Z AVG MX 2MIN
DY MAX MIN AVG DEP HDD CDD WTR SNW DPTH SPD SPD DIR MIN PSBL S-S WX SPD DR
================================================================================
1 90 62 76 8 0 11 T M M 11.6 28 170 M M 0 3 38 180
2 92 58 75 7 0 10 T M M 8.6 26 290 M M 1 3 33 290
3 93 66 80 12 0 15 0.00 M M 9.5 25 250 M M 0 44 250
4 94 63 79 10 0 14 T M M 8.2 25 330 M M 1 35 350
5 83 63 73 4 0 8 0.01 M M 15.9 27 340 M M 4 40 350
6 86 56 71 2 0 6 T M M 5.8 15 130 M M 2 3 20 130
7 94 65 80 10 0 15 0.01 M M 9.7 29 320 M M 1 3 50 310
8 89 58 74 4 0 9 0.00 M M 10.4 18 350 M M 0 26 360
9 87 56 72 2 0 7 0.00 M M 10.5 39 330 M M 0 3 53 350
10 85 54 70 0 0 5 0.00 M M 6.7 17 330 M M 0 23 30
11 93 58 76 5 0 11 0.00 M M 6.3 26 300 M M 0 33 300
12 86 62 74 3 0 9 T M M 9.2 31 350 M M 0 44 340
13 83 57 70 -1 0 5 0.02 M M 14.4 30 330 M M 1 3 39 310
14 80 53 67 -5 0 2 0.00 M M 5.1 17 320 M M 3 28 320
15 90 55 73 1 0 8 0.00 M M 5.2 14 290 M M 0 17 290
16 93 65 79 7 0 14 0.00 M M 7.9 23 200 M M 0 28 190
17 98 61 80 8 0 15 0.00 M M 7.5 16 150 M M 0 21 320
18 98 61 80 8 0 15 0.00 M M 6.5 22 150 M M 0 30 130
19 101 66 84 12 0 19 0.00 M M 12.7 26 160 M M 0 35 160
20 88 66 77 5 0 12 T M M 8.3 23 320 M M 1 35 320
21 91 61 76 3 0 11 0.00 M M 7.0 18 330 M M 1 28 340
22 91 67 79 6 0 14 T M M 10.6 32 360 M M 1 42 360
23 85 65 75 2 0 10 0.00 M M 10.3 18 330 M M 0 24 330
24 91 63 77 4 0 12 0.00 M M 7.8 17 320 M M 0 30 330
25 97 62 80 7 0 15 0.00 M M 7.4 15 300 M M 0 21 300
26 97 70 84 11 0 19 0.00 M M 8.8 14 340 M M 0 8 20 360
27 102 72 87 14 0 22 0.00 M M 9.7 17 320 M M 0 23 330
28 90 70 80 7 0 15 T M M 13.8 31 330 M M 0 8 48 310
29 81 61 71 -2 0 6 0.08 M M 8.8 25 170 M M 6 13 36 180
30 88 63 76 3 0 11 T M M 9.0 18 350 M M 5 3 24 350
31 87 62 75 2 0 10 0.00 M M 5.9 16 150 M M 0 8 23 150
================================================================================
SM 2803 1921 0 355 0.12 M 279.1 M 27
================================================================================
AV 90.4 62.0 9.0 FASTST M M 1 MAX(MPH)
MISC ----> 39 330 53 350
================================================================================
NOTES:
# LAST OF SEVERAL OCCURRENCES
COLUMN 17 PEAK WIND IN M.P.H.
PRELIMINARY LOCAL CLIMATOLOGICAL DATA (WS FORM: F-6) , PAGE 2
STATION: BUFFALO WY
MONTH: JULY
YEAR: 2021
LATITUDE: 44 22 N
LONGITUDE: 106 43 W
[TEMPERATURE DATA] [PRECIPITATION DATA] SYMBOLS USED IN COLUMN 16
AVERAGE MONTHLY: 76.2 TOTAL FOR MONTH: 0.12 1 = FOG OR MIST
DPTR FM NORMAL: 4.9 DPTR FM NORMAL: -1.51 2 = FOG REDUCING VISIBILITY
HIGHEST: 102 ON 27 GRTST 24HR 0.08 ON 29-29 TO 1/4 MILE OR LESS
LOWEST: 53 ON 14 3 = THUNDER
SNOW, ICE PELLETS, HAIL 4 = ICE PELLETS
TOTAL MONTH: M 5 = HAIL
GRTST 24HR M ON M 6 = FREEZING RAIN OR DRIZZLE
GRTST DEPTH: M ON M 7 = DUSTSTORM OR SANDSTORM:
VSBY 1/2 MILE OR LESS
8 = SMOKE OR HAZE
[NO. OF DAYS WITH] [WEATHER - DAYS WITH] 9 = BLOWING SNOW
X = TORNADO
MAX 32 OR BELOW: 0 0.01 INCH OR MORE: 4
MAX 90 OR ABOVE: 18 0.10 INCH OR MORE: 0
MIN 32 OR BELOW: 0 0.50 INCH OR MORE: 0
MIN 0 OR BELOW: 0 1.00 INCH OR MORE: 0
[HDD (BASE 65) ]
TOTAL THIS MO. 0 CLEAR (SCALE 0-3) 27
DPTR FM NORMAL -20 PTCLDY (SCALE 4-7) 4
TOTAL FM JUL 1 0 CLOUDY (SCALE 8-10) 0
DPTR FM NORMAL -15
[CDD (BASE 65) ]
TOTAL THIS MO. 355
DPTR FM NORMAL 141 [PRESSURE DATA]
TOTAL FM JAN 1 545 HIGHEST SLP 30.27 ON 31
DPTR FM NORMAL 267 LOWEST SLP 29.74 ON 7
[REMARKS]
#FINAL-07-21#