000
CXUS56 KTFX 011110
CF6BZN
PRELIMINARY LOCAL CLIMATOLOGICAL DATA (WS FORM: F-6)
STATION: BOZEMAN/GALLATIN FIELD MT
MONTH: APRIL
YEAR: 2023
LATITUDE: 45 46 N
LONGITUDE: 111 9 W
TEMPERATURE IN F: :PCPN: SNOW: WIND :SUNSHINE: SKY :PK WND
================================================================================
1 2 3 4 5 6A 6B 7 8 9 10 11 12 13 14 15 16 17 18
12Z AVG MX 2MIN
DY MAX MIN AVG DEP HDD CDD WTR SNW DPTH SPD SPD DIR MIN PSBL S-S WX SPD DR
================================================================================
1 48 27 38 -1 27 0 0.00 T 11 9.3 30 280 M M 6 1238 56 280
2 37 19 28 -11 37 0 0.00 0.3 11 11.2 24 270 M M 3 31 240
3 40 9 25 -15 40 0 0.00 0.0 10 6.5 22 50 M M 2 27 50
4 35 21 28 -12 37 0 T T 10 7.7 17 50 M M 7 22 50
5 34 7 21 -19 44 0 T T 10 5.0 15 360 M M 4 8 18 360
6 44 12 28 -12 37 0 0.00 0.0 8 5.1 10 50 M M 1 16 30
7 47 16 32 -8 33 0 0.00 0.0 8 2.0 9 120 M M 1 12 150
8 51 30 41 1 24 0 0.00 0.0 7 8.2 20 220 M M 3 34 240
9 56 27 42 1 23 0 0.00 0.0 7 5.8 16 200 M M 2 21 190
10 59 30 45 4 20 0 0.00 0.0 5 4.8 14 130 M M 0 8 15 130
11 65 34 50 9 15 0 0.00 0.0 4 11.7 26 230 M M 0 42 230
12 52 28 40 -1 25 0 0.00 0.0 0 5.8 15 290 M M 3 20 300
13 36 22 29 -13 36 0 0.18 0.8 1 7.9 21 270 M M 10 12 25 260
14 40 23 32 -10 33 0 T 0.1 1 2.5 9 310 M M 7 12 15 160
15 48 20 34 -8 31 0 0.00 0.0 0 6.3 14 300 M M 1 19 120
16 63 24 44 2 21 0 0.00 0.0 0 5.3 25 230 M M 2 8 35 240
17 57 35 46 4 19 0 0.00 0.0 0 6.7 15 270 M M 2 20 220
18 53 30 42 -1 23 0 0.13 T 0 8.3 31 300 M M 5 1 39 280
19 38 28 33 -10 32 0 T 0.2 T 11.2 25 260 M M 10 18 33 260
20 42 25 34 -9 31 0 0.00 0.0 0 7.3 15 360 M M 9 23 360
21 46 24 35 -8 30 0 0.03 T T 6.0 20 330 M M 9 18 24 340
22 49 28 39 -5 26 0 0.00 0.0 0 4.9 13 330 M M 9 17 330
23 60 24 42 -2 23 0 0.00 0.0 0 5.8 13 70 M M 0 17 90
24 61 31 46 2 19 0 0.36 0.2 0 7.7 25 170 M M 6 1 31 160
25 54 33 44 0 21 0 0.03 0.1 T 2.0 10 150 M M 7 1 13 120
26 61 30 46 1 19 0 0.00 0.0 0 4.7 15 280 M M 3 20 20
27 55 29 42 -3 23 0 0.00 0.0 0 14.1 32 360 M M 6 43 340
28 68 23 46 1 19 0 0.00 0.0 0 4.4 12 160 M M 0 14 350
29 75 33 54 8 11 0 0.00 0.0 0 4.9 16 160 M M 0 20 150
30 76 38 57 11 8 0 0.00 0.0 0 4.0 15 140 M M 0 16 140
================================================================================
SM 1550 760 787 0 0.73 1.7 197.1 M 118
================================================================================
AV 51.7 25.3 6.6 FASTST M M 4 MAX(MPH)
MISC ----> 32 360 56 280
================================================================================
NOTES:
# LAST OF SEVERAL OCCURRENCES
COLUMN 17 PEAK WIND IN M.P.H.
PRELIMINARY LOCAL CLIMATOLOGICAL DATA (WS FORM: F-6) , PAGE 2
STATION: BOZEMAN/GALLATIN FIELD MT
MONTH: APRIL
YEAR: 2023
LATITUDE: 45 46 N
LONGITUDE: 111 9 W
[TEMPERATURE DATA] [PRECIPITATION DATA] SYMBOLS USED IN COLUMN 16
AVERAGE MONTHLY: 38.5 TOTAL FOR MONTH: 0.73 1 = FOG OR MIST
DPTR FM NORMAL: -3.7 DPTR FM NORMAL: -0.95 2 = FOG REDUCING VISIBILITY
HIGHEST: 76 ON 30 GRTST 24HR 0.39 ON 24-25 TO 1/4 MILE OR LESS
LOWEST: 7 ON 5 3 = THUNDER
SNOW, ICE PELLETS, HAIL 4 = ICE PELLETS
TOTAL MONTH: 1.7 INCHES 5 = HAIL
GRTST 24HR 0.8 ON 13-13 6 = FREEZING RAIN OR DRIZZLE
GRTST DEPTH: 12 ON M 7 = DUSTSTORM OR SANDSTORM:
VSBY 1/2 MILE OR LESS
8 = SMOKE OR HAZE
[NO. OF DAYS WITH] [WEATHER - DAYS WITH] 9 = BLOWING SNOW
X = TORNADO
MAX 32 OR BELOW: 0 0.01 INCH OR MORE: 5
MAX 90 OR ABOVE: 0 0.10 INCH OR MORE: 3
MIN 32 OR BELOW: 25 0.50 INCH OR MORE: 0
MIN 0 OR BELOW: 0 1.00 INCH OR MORE: 0
[HDD (BASE 65) ]
TOTAL THIS MO. 787 CLEAR (SCALE 0-3) 16
DPTR FM NORMAL 103 PTCLDY (SCALE 4-7) 9
TOTAL FM JUL 1 8471 CLOUDY (SCALE 8-10) 5
DPTR FM NORMAL 849
[CDD (BASE 65) ]
TOTAL THIS MO. 0
DPTR FM NORMAL 0 [PRESSURE DATA]
TOTAL FM JAN 1 0 HIGHEST SLP 30.37 ON 28
DPTR FM NORMAL 0 LOWEST SLP 29.50 ON 18
[REMARKS]
#FINAL-04-23#