000
CXUS55 KCAE 011400
CF6CAE
PRELIMINARY LOCAL CLIMATOLOGICAL DATA (WS FORM: F-6)
STATION: COLUMBIA METRO AIRPORT SC
MONTH: MAY
YEAR: 2020
LATITUDE: 33 57 N
LONGITUDE: 81 7 W
TEMPERATURE IN F: :PCPN: SNOW: WIND :SUNSHINE: SKY :PK WND
================================================================================
1 2 3 4 5 6A 6B 7 8 9 10 11 12 13 14 15 16 17 18
12Z AVG MX 2MIN
DY MAX MIN AVG DEP HDD CDD WTR SNW DPTH SPD SPD DIR MIN PSBL S-S WX SPD DR
================================================================================
1 74 47 61 -6 4 0 0.00 0.0 0 8.2 25 300 M M 1 36 290
2 81 46 64 -4 1 0 0.00 0.0 0 2.8 13 210 M M 0 14 200
3 88 58 73 5 0 8 0.00 0.0 0 8.9 23 280 M M 1 28 270
4 89 65 77 9 0 12 0.00 0.0 0 6.1 15 230 M M 3 22 230
5 88 67 78 10 0 13 T 0.0 0 6.5 22 270 M M 5 3 29 340
6 77 54 66 -3 0 1 T 0.0 0 12.3 30 270 M M 4 3 38 260
7 70 43 57 -12 8 0 0.00 0.0 0 6.7 16 300 M M 1 22 360
8 73 44 59 -10 6 0 0.03 0.0 0 5.0 26 260 M M 7 34 270
9 67 45 56 -14 9 0 0.00 0.0 0 4.7 16 290 M M 4 8 21 290
10 75 41 58 -12 7 0 0.00 0.0 0 4.8 16 190 M M 3 21 190
11 73 51 62 -8 3 0 0.00 0.0 0 9.2 23 290 M M 1 27 280
12 71 41 56 -14 9 0 0.00 0.0 0 2.6 13 270 M M 3 16 280
13 77 50 64 -7 1 0 0.00 0.0 0 3.2 13 140 M M 6 18 150
14 83 59 71 0 0 6 0.00 0.0 0 5.4 15 160 M M 5 18 160
15 83 57 70 -1 0 5 0.00 0.0 0 4.4 15 140 M M 5 18 130
16 87 58 73 1 0 8 0.00 0.0 0 3.4 13 110 M M 2 18 90
17 87 62 75 3 0 10 0.00 0.0 0 5.6 15 70 M M 5 20 110
18 85 63 74 2 0 9 2.25 0.0 0 4.3 20 270 M M 6 138 22 250
19 82 65 74 2 0 9 0.44 0.0 0 5.8 18 160 M M 7 138 24 150
20 66 60 63 -10 2 0 0.17 0.0 0 8.3 16 60 M M 10 18 22 50
21 80 62 71 -2 0 6 0.02 0.0 0 3.5 13 290 M M 6 12 15 290
22 84 61 73 0 0 8 0.15 0.0 0 4.6 20 340 M M 6 1238 26 340
23 90 66 78 4 0 13 0.23 0.0 0 5.3 22 300 M M 3 13 28 300
24 91 68 80 6 0 15 2.18 0.0 0 4.7 33 120 M M 6 13 43 120
25 80 70 75 1 0 10 0.20 0.0 0 4.9 14 120 M M 9 138 17 120
26 78 68 73 -1 0 8 0.01 0.0 0 9.5 16 90 M M 9 19 90
27 77 70 74 -1 0 9 0.09 0.0 0 8.1 16 50 M M 9 18 22 40
28 90 69 80 5 0 15 T 0.0 0 5.9 14 200 M M 7 12 18 190
29 85 70 78 3 0 13 3.54 0.0 0 5.6 28 300 M M 7 138 35 310
30 89 71 80 4 0 15 0.01 0.0 0 3.6 13 280 M M 7 1 16 290
31 84 69 77 1 0 12 0.00 0.0 0 7.5 13 20 M M 3 20 20
================================================================================
SM 2504 1820 50 205 9.32 0.0 181.4 M 151
================================================================================
AV 80.8 58.7 5.9 FASTST M M 5 MAX(MPH)
MISC ----> # 33 120 # 43 120
================================================================================
NOTES:
# LAST OF SEVERAL OCCURRENCES
COLUMN 17 PEAK WIND IN M.P.H.
PRELIMINARY LOCAL CLIMATOLOGICAL DATA (WS FORM: F-6) , PAGE 2
STATION: COLUMBIA METRO AIRPORT SC
MONTH: MAY
YEAR: 2020
LATITUDE: 33 57 N
LONGITUDE: 81 7 W
[TEMPERATURE DATA] [PRECIPITATION DATA] SYMBOLS USED IN COLUMN 16
AVERAGE MONTHLY: 69.7 TOTAL FOR MONTH: 9.32 1 = FOG OR MIST
DPTR FM NORMAL: -2.0 DPTR FM NORMAL: 6.35 2 = FOG REDUCING VISIBILITY
HIGHEST: 91 ON 24 GRTST 24HR 3.54 ON 29-29 TO 1/4 MILE OR LESS
LOWEST: 41 ON 12,10 3 = THUNDER
SNOW, ICE PELLETS, HAIL 4 = ICE PELLETS
TOTAL MONTH: 0.0 INCH 5 = HAIL
GRTST 24HR 0.0 6 = FREEZING RAIN OR DRIZZLE
GRTST DEPTH: 0 7 = DUSTSTORM OR SANDSTORM:
VSBY 1/2 MILE OR LESS
8 = SMOKE OR HAZE
[NO. OF DAYS WITH] [WEATHER - DAYS WITH] 9 = BLOWING SNOW
X = TORNADO
MAX 32 OR BELOW: 0 0.01 INCH OR MORE: 13
MAX 90 OR ABOVE: 3 0.10 INCH OR MORE: 8
MIN 32 OR BELOW: 0 0.50 INCH OR MORE: 3
MIN 0 OR BELOW: 0 1.00 INCH OR MORE: 3
[HDD (BASE 65) ]
TOTAL THIS MO. 50 CLEAR (SCALE 0-3) 10
DPTR FM NORMAL 30 PTCLDY (SCALE 4-7) 17
TOTAL FM JUL 1 2016 CLOUDY (SCALE 8-10) 4
DPTR FM NORMAL -535
[CDD (BASE 65) ]
TOTAL THIS MO. 205
DPTR FM NORMAL -21 [PRESSURE DATA]
TOTAL FM JAN 1 369 HIGHEST SLP 30.34 ON 14
DPTR FM NORMAL 48 LOWEST SLP 29.72 ON 5
[REMARKS]
#FINAL-05-20#