000
CXUS55 KGJT 010910
CF6CAG
PRELIMINARY LOCAL CLIMATOLOGICAL DATA (WS FORM: F-6)
STATION: CRAIG CO
MONTH: APRIL
YEAR: 2022
LATITUDE: 40 30 N
LONGITUDE: 107 32 W
TEMPERATURE IN F: :PCPN: SNOW: WIND :SUNSHINE: SKY :PK WND
================================================================================
1 2 3 4 5 6A 6B 7 8 9 10 11 12 13 14 15 16 17 18
12Z AVG MX 2MIN
DY MAX MIN AVG DEP HDD CDD WTR SNW DPTH SPD SPD DIR MIN PSBL S-S WX SPD DR
================================================================================
1 53 30 42 2 23 0 0.00 M M 5.9 20 230 M M 4 27 240
2 65 26 46 6 19 0 0.00 M M 7.9 28 270 M M 3 36 250
3 55 27 41 1 24 0 0.00 M M 4.2 20 220 M M 4 28 220
4 60 21 41 1 24 0 0.00 M M 10.9 30 260 M M 3 39 260
5 52 25 39 -2 26 0 T M M 23.9 44 300 M M 6 59 300
6 45 21 33 -8 32 0 0.00 M M 14.7 28 290 M M 0 41 300
7 55 16 36 -5 29 0 0.00 M M 6.3 23 290 M M 0 32 300
8 63 18 41 0 24 0 0.00 M M 3.9 14 310 M M 0 22 280
9 68 28 48 6 17 0 0.07 M M 8.4 40 230 M M 4 1 71 240
10 44 22 33 -9 32 0 T M M 10.5 30 270 M M 5 1 38 270
11 59 27 43 1 22 0 T M M 15.9 38 240 M M 9 56 230
12 37 20 29 -13 36 0 0.35 M M 9.3 29 310 M M 9 12 41 310
13 31 10 21 -21 44 0 T M M 9.9 31 280 M M 7 18 44 230
14 48 9 29 -13 36 0 0.00 M M 8.1 30 270 M M 3 40 260
15 58 24 41 -2 24 0 0.00 M M 6.8 36 260 M M 4 46 270
16 62 25 44 1 21 0 0.03 M M 8.8 33 230 M M 4 42 270
17 55 32 44 1 21 0 0.03 M M 7.1 24 290 M M 8 31 330
18 71 24 48 5 17 0 0.00 M M 7.2 22 220 M M 0 30 220
19 73 26 50 6 15 0 0.01 M M 13.0 37 230 M M 2 52 230
20 63 33 48 4 17 0 T M M 7.9 30 270 M M 4 43 240
21 75 29 52 8 13 0 0.00 M M 14.5 37 210 M M 0 51 230
22 70 33 52 8 13 0 0.27 M M 17.7 40 260 M M 4 1 54 250
23 39 32 36 -8 29 0 0.21 M M 11.7 28 280 M M 10 12 37 250
24 48 27 38 -7 27 0 T M M 7.6 16 350 M M 5 22 340
25 54 22 38 -7 27 0 0.00 M M 1.6 16 350 M M 3 30 340
26 69 25 47 2 18 0 0.00 M M 8.0 28 230 M M 0 35 250
27 73 36 55 9 10 0 0.00 M M 7.7 32 240 M M 0 43 240
28 72 30 51 5 14 0 0.00 M M 9.2 28 220 M M 0 40 230
29 53 32 43 -3 22 0 0.11 M M 12.5 35 300 M M 5 1 47 240
30 60 23 42 -4 23 0 0.00 M M 3.4 13 230 M M 0 18 240
================================================================================
SM 1730 753 699 0 1.08 M 284.5 M 106
================================================================================
AV 57.7 25.1 9.5 FASTST M M 4 MAX(MPH)
MISC ----> 44 300 71 240
================================================================================
NOTES:
# LAST OF SEVERAL OCCURRENCES
COLUMN 17 PEAK WIND IN M.P.H.
PRELIMINARY LOCAL CLIMATOLOGICAL DATA (WS FORM: F-6) , PAGE 2
STATION: CRAIG CO
MONTH: APRIL
YEAR: 2022
LATITUDE: 40 30 N
LONGITUDE: 107 32 W
[TEMPERATURE DATA] [PRECIPITATION DATA] SYMBOLS USED IN COLUMN 16
AVERAGE MONTHLY: 41.4 TOTAL FOR MONTH: 1.08 1 = FOG OR MIST
DPTR FM NORMAL: -1.5 DPTR FM NORMAL: -0.59 2 = FOG REDUCING VISIBILITY
HIGHEST: 75 ON 21 GRTST 24HR 0.47 ON 22-23 TO 1/4 MILE OR LESS
LOWEST: 9 ON 14 3 = THUNDER
SNOW, ICE PELLETS, HAIL 4 = ICE PELLETS
TOTAL MONTH: M 5 = HAIL
GRTST 24HR M ON M 6 = FREEZING RAIN OR DRIZZLE
GRTST DEPTH: M ON M 7 = DUSTSTORM OR SANDSTORM:
VSBY 1/2 MILE OR LESS
8 = SMOKE OR HAZE
[NO. OF DAYS WITH] [WEATHER - DAYS WITH] 9 = BLOWING SNOW
X = TORNADO
MAX 32 OR BELOW: 1 0.01 INCH OR MORE: 8
MAX 90 OR ABOVE: 0 0.10 INCH OR MORE: 4
MIN 32 OR BELOW: 27 0.50 INCH OR MORE: 0
MIN 0 OR BELOW: 0 1.00 INCH OR MORE: 0
[HDD (BASE 65) ]
TOTAL THIS MO. 699 CLEAR (SCALE 0-3) 14
DPTR FM NORMAL 36 PTCLDY (SCALE 4-7) 13
TOTAL FM JUL 1 7754 CLOUDY (SCALE 8-10) 3
DPTR FM NORMAL 73
[CDD (BASE 65) ]
TOTAL THIS MO. 0
DPTR FM NORMAL 0 [PRESSURE DATA]
TOTAL FM JAN 1 0 HIGHEST SLP M ON M
DPTR FM NORMAL 0 LOWEST SLP 29.07 ON 11
[REMARKS]
#FINAL-04-22#