000
CXUS55 KABQ 011717
CF6CAO
PRELIMINARY LOCAL CLIMATOLOGICAL DATA (WS FORM: F-6)
STATION: CLAYTON NM
MONTH: SEPTEMBER
YEAR: 2021
LATITUDE: 36 27 N
LONGITUDE: 103 9 W
TEMPERATURE IN F: :PCPN: SNOW: WIND :SUNSHINE: SKY :PK WND
================================================================================
1 2 3 4 5 6A 6B 7 8 9 10 11 12 13 14 15 16 17 18
12Z AVG MX 2MIN
DY MAX MIN AVG DEP HDD CDD WTR SNW DPTH SPD SPD DIR MIN PSBL S-S WX SPD DR
================================================================================
1 91 64 78 7 0 13 0.21 0.0 0 14.7 49 200 M M 4 138 64 200
2 89 63 76 6 0 11 T 0.0 0 10.0 20 200 M M 2 25 210
3 86 64 75 5 0 10 0.00 0.0 0 9.6 25 140 M M 1 30 130
4 82 61 72 2 0 7 0.01 0.0 0 10.4 26 10 M M 3 33 10
5 86 60 73 3 0 8 0.04 0.0 0 8.1 17 170 M M 2 3 22 190
6 92 59 76 6 0 11 T 0.0 0 12.0 32 140 M M 0 3 42 140
7 95 56 76 7 0 11 0.00 0.0 0 13.4 24 40 M M 0 33 40
8 84 50 67 -2 0 2 0.00 0.0 0 9.5 20 150 M M 0 29 140
9 96 60 78 9 0 13 0.00 0.0 0 9.1 18 240 M M 0 26 240
10 98 65 82 14 0 17 0.00 0.0 0 10.2 17 140 M M 0 23 170
11 99 65 82 14 0 17 0.00 0.0 0 14.4 26 190 M M 0 34 180
12 95 64 80 12 0 15 0.00 0.0 0 11.1 24 180 M M 0 33 190
13 91 56 74 6 0 9 0.00 0.0 0 15.7 26 190 M M 0 35 180
14 87 60 74 7 0 9 0.14 0.0 0 13.3 28 10 M M 2 3 36 360
15 83 52 68 1 0 3 0.00 0.0 0 11.2 22 190 M M 0 30 180
16 90 58 74 8 0 9 0.00 0.0 0 14.9 25 200 M M 0 34 210
17 73 52 63 -3 2 0 0.00 0.0 0 16.6 37 340 M M 1 50 340
18 87 51 69 3 0 4 0.00 0.0 0 12.9 23 170 M M 1 1 37 160
19 92 57 75 9 0 10 0.00 0.0 0 15.1 31 210 M M 1 43 210
20 75 55 65 0 0 0 0.00 0.0 0 14.4 32 10 M M 1 42 20
21 69 47 58 -7 7 0 0.00 0.0 0 10.6 24 360 M M 4 33 20
22 79 45 62 -2 3 0 0.00 0.0 0 11.4 29 200 M M 0 35 200
23 87 48 68 4 0 3 0.00 0.0 0 7.0 20 160 M M 0 32 150
24 83 49 66 2 0 1 0.00 0.0 0 11.5 23 40 M M 0 30 30
25 86 43 65 2 0 0 0.00 0.0 0 12.5 28 200 M M 0 35 210
26 87 55 71 8 0 6 0.00 0.0 0 14.5 26 180 M M 0 40 200
27 80 55 68 6 0 3 0.00 0.0 0 13.2 25 210 M M 0 36 230
28 80 52 66 4 0 1 0.00 0.0 0 12.7 29 200 M M 1 41 190
29 84 45 65 4 0 0 0.00 0.0 0 10.0 33 340 M M 1 46 330
30 65 49 57 -4 8 0 0.00 0.0 0 16.1 28 360 M M 5 37 10
================================================================================
SM 2571 1660 20 193 0.40 0.0 366.1 M 29
================================================================================
AV 85.7 55.3 12.2 FASTST M M 1 MAX(MPH)
MISC ----> 49 200 64 200
================================================================================
NOTES:
# LAST OF SEVERAL OCCURRENCES
COLUMN 17 PEAK WIND IN M.P.H.
PRELIMINARY LOCAL CLIMATOLOGICAL DATA (WS FORM: F-6) , PAGE 2
STATION: CLAYTON NM
MONTH: SEPTEMBER
YEAR: 2021
LATITUDE: 36 27 N
LONGITUDE: 103 9 W
[TEMPERATURE DATA] [PRECIPITATION DATA] SYMBOLS USED IN COLUMN 16
AVERAGE MONTHLY: 70.5 TOTAL FOR MONTH: 0.40 1 = FOG OR MIST
DPTR FM NORMAL: 4.1 DPTR FM NORMAL: -1.35 2 = FOG REDUCING VISIBILITY
HIGHEST: 99 ON 11 GRTST 24HR 0.21 ON 1- 1 TO 1/4 MILE OR LESS
LOWEST: 43 ON 25 3 = THUNDER
SNOW, ICE PELLETS, HAIL 4 = ICE PELLETS
TOTAL MONTH: 0.0 INCH 5 = HAIL
GRTST 24HR 0.0 6 = FREEZING RAIN OR DRIZZLE
GRTST DEPTH: 0 7 = DUSTSTORM OR SANDSTORM:
VSBY 1/2 MILE OR LESS
8 = SMOKE OR HAZE
[NO. OF DAYS WITH] [WEATHER - DAYS WITH] 9 = BLOWING SNOW
X = TORNADO
MAX 32 OR BELOW: 0 0.01 INCH OR MORE: 4
MAX 90 OR ABOVE: 10 0.10 INCH OR MORE: 2
MIN 32 OR BELOW: 0 0.50 INCH OR MORE: 0
MIN 0 OR BELOW: 0 1.00 INCH OR MORE: 0
[HDD (BASE 65) ]
TOTAL THIS MO. 20 CLEAR (SCALE 0-3) 27
DPTR FM NORMAL -48 PTCLDY (SCALE 4-7) 3
TOTAL FM JUL 1 23 CLOUDY (SCALE 8-10) 0
DPTR FM NORMAL -53
[CDD (BASE 65) ]
TOTAL THIS MO. 193
DPTR FM NORMAL 83 [PRESSURE DATA]
TOTAL FM JAN 1 1124 HIGHEST SLP 30.45 ON 21
DPTR FM NORMAL 169 LOWEST SLP 29.60 ON 20
[REMARKS]
#FINAL-09-21#