000
CXUS56 KSLC 010810
CF6CDC
PRELIMINARY LOCAL CLIMATOLOGICAL DATA (WS FORM: F-6)
STATION: CEDAR CITY UT
MONTH: APRIL
YEAR: 2022
LATITUDE: 37 42 N
LONGITUDE: 113 6 W
TEMPERATURE IN F: :PCPN: SNOW: WIND :SUNSHINE: SKY :PK WND
================================================================================
1 2 3 4 5 6A 6B 7 8 9 10 11 12 13 14 15 16 17 18
12Z AVG MX 2MIN
DY MAX MIN AVG DEP HDD CDD WTR SNW DPTH SPD SPD DIR MIN PSBL S-S WX SPD DR
================================================================================
1 62 31 47 3 18 0 0.00 M M 4.3 12 70 M M 0 16 120
2 67 33 50 5 15 0 0.00 M M 6.2 18 210 M M 1 27 220
3 59 41 50 5 15 0 T M M 5.5 16 340 M M 5 22 20
4 68 30 49 4 16 0 0.00 M M 8.7 25 260 M M 1 35 250
5 63 34 49 4 16 0 0.00 M M 11.4 23 340 M M 0 30 360
6 54 25 40 -5 25 0 0.00 M M 12.2 24 360 M M 0 41 10
7 65 26 46 1 19 0 0.00 M M 7.0 20 350 M M 0 32 340
8 73 27 50 4 15 0 0.00 M M 4.6 17 220 M M 0 22 230
9 74 38 56 10 9 0 0.00 M M 11.9 32 230 M M 0 42 230
10 51 27 39 -7 26 0 0.00 M M 9.8 22 30 M M 0 33 350
11 64 31 48 2 17 0 0.10 M M 23.6 48 200 M M 1 1 70 180
12 40 16 28 -18 37 0 0.07 M M 5.3 23 10 M M 4 1 31 20
13 50 21 36 -10 29 0 0.00 M M 7.6 23 250 M M 1 36 240
14 60 30 45 -2 20 0 0.00 M M 13.2 28 200 M M 1 35 180
15 65 36 51 4 14 0 0.00 M M 10.8 21 210 M M 0 28 210
16 65 40 53 6 12 0 T M M 17.2 38 250 M M 2 55 300
17 71 34 53 6 12 0 0.00 M M 8.0 21 210 M M 0 27 210
18 74 35 55 7 10 0 0.00 M M 10.5 25 200 M M 0 35 210
19 73 40 57 9 8 0 0.00 M M 18.5 38 200 M M 0 50 210
20 70 31 51 3 14 0 0.00 M M 7.0 24 210 M M 0 29 190
21 72 49 61 13 4 0 0.00 M M 27.6 44 200 M M 1 59 200
22 60 34 47 -1 18 0 0.30 M M 16.0 38 190 M M 8 1 48 170
23 52 30 41 -8 24 0 T M M 7.2 21 10 M M 4 12 27 30
24 55 26 41 -8 24 0 0.00 M M 8.1 18 360 M M 1 25 350
25 65 27 46 -3 19 0 0.00 M M 5.2 17 240 M M 0 24 230
26 73 36 55 5 10 0 0.00 M M 10.6 29 210 M M 1 38 240
27 72 41 57 7 8 0 0.00 M M 13.2 28 210 M M 0 8 38 220
28 71 44 58 8 7 0 0.00 M M 17.8 37 210 M M 0 48 210
29 61 32 47 -4 18 0 0.00 M M 8.5 20 360 M M 0 27 50
30 72 33 53 2 12 0 0.00 M M 5.2 21 210 M M 0 28 210
================================================================================
SM 1921 978 491 0 0.47 M 322.7 M 31
================================================================================
AV 64.0 32.6 10.8 FASTST M M 1 MAX(MPH)
MISC ----> 48 200 70 180
================================================================================
NOTES:
# LAST OF SEVERAL OCCURRENCES
COLUMN 17 PEAK WIND IN M.P.H.
PRELIMINARY LOCAL CLIMATOLOGICAL DATA (WS FORM: F-6) , PAGE 2
STATION: CEDAR CITY UT
MONTH: APRIL
YEAR: 2022
LATITUDE: 37 42 N
LONGITUDE: 113 6 W
[TEMPERATURE DATA] [PRECIPITATION DATA] SYMBOLS USED IN COLUMN 16
AVERAGE MONTHLY: 48.3 TOTAL FOR MONTH: 0.47 1 = FOG OR MIST
DPTR FM NORMAL: 1.1 DPTR FM NORMAL: -0.54 2 = FOG REDUCING VISIBILITY
HIGHEST: 74 ON 18, 9 GRTST 24HR 0.30 ON 22-22 TO 1/4 MILE OR LESS
LOWEST: 16 ON 12 3 = THUNDER
SNOW, ICE PELLETS, HAIL 4 = ICE PELLETS
TOTAL MONTH: M 5 = HAIL
GRTST 24HR M ON M 6 = FREEZING RAIN OR DRIZZLE
GRTST DEPTH: M ON M 7 = DUSTSTORM OR SANDSTORM:
VSBY 1/2 MILE OR LESS
8 = SMOKE OR HAZE
[NO. OF DAYS WITH] [WEATHER - DAYS WITH] 9 = BLOWING SNOW
X = TORNADO
MAX 32 OR BELOW: 0 0.01 INCH OR MORE: 3
MAX 90 OR ABOVE: 0 0.10 INCH OR MORE: 2
MIN 32 OR BELOW: 15 0.50 INCH OR MORE: 0
MIN 0 OR BELOW: 0 1.00 INCH OR MORE: 0
[HDD (BASE 65) ]
TOTAL THIS MO. 491 CLEAR (SCALE 0-3) 26
DPTR FM NORMAL -41 PTCLDY (SCALE 4-7) 3
TOTAL FM JUL 1 5333 CLOUDY (SCALE 8-10) 1
DPTR FM NORMAL -326
[CDD (BASE 65) ]
TOTAL THIS MO. 0
DPTR FM NORMAL 0 [PRESSURE DATA]
TOTAL FM JAN 1 0 HIGHEST SLP M ON M
DPTR FM NORMAL 0 LOWEST SLP 29.21 ON 11
[REMARKS]
#FINAL-04-22#