000
CXUS56 KSLC 010810
CF6CDC
PRELIMINARY LOCAL CLIMATOLOGICAL DATA (WS FORM: F-6)
STATION: CEDAR CITY UT
MONTH: JULY
YEAR: 2023
LATITUDE: 37 42 N
LONGITUDE: 113 6 W
TEMPERATURE IN F: :PCPN: SNOW: WIND :SUNSHINE: SKY :PK WND
================================================================================
1 2 3 4 5 6A 6B 7 8 9 10 11 12 13 14 15 16 17 18
12Z AVG MX 2MIN
DY MAX MIN AVG DEP HDD CDD WTR SNW DPTH SPD SPD DIR MIN PSBL S-S WX SPD DR
================================================================================
1 91 52 72 0 0 7 0.00 0.0 M 6.1 13 10 M M 0 19 30
2 95 51 73 1 0 8 0.00 M M 3.7 12 140 M M 0 17 40
3 98 62 80 8 0 15 0.00 M M 10.0 28 220 M M 0 36 230
4 92 58 75 3 0 10 0.00 M M 11.6 26 210 M M 0 36 220
5 92 54 73 0 0 8 0.00 M M 6.4 14 140 M M 0 21 230
6 89 53 71 -2 0 6 0.00 M M 11.1 25 220 M M 0 34 220
7 89 51 70 -3 0 5 0.00 M M 10.2 25 230 M M 0 8 33 230
8 91 52 72 -1 0 7 0.00 M M 9.6 21 220 M M 0 8 30 220
9 92 50 71 -3 0 6 0.00 M M 11.2 26 210 M M 0 36 230
10 90 58 74 0 0 9 0.00 M M 11.8 31 190 M M 0 46 190
11 92 60 76 2 0 11 0.00 M M 9.3 21 220 M M 1 33 200
12 93 61 77 3 0 12 0.00 M M 9.3 24 220 M M 1 35 210
13 95 65 80 6 0 15 0.00 M M 7.5 20 210 M M 1 30 190
14 95 61 78 4 0 13 0.00 M M 6.5 14 40 M M 0 20 130
15 97 57 77 3 0 12 0.00 M M 5.6 14 10 M M 0 19 10
16 102 56 79 4 0 14 0.00 M M 4.7 16 240 M M 0 21 220
17 100 62 81 6 0 16 0.00 M M 10.7 22 210 M M 0 34 190
18 96 70 83 8 0 18 0.00 M M 11.2 25 190 M M 0 39 210
19 97 59 78 3 0 13 0.00 M M 7.7 25 220 M M 0 38 210
20 96 60 78 3 0 13 0.00 M M 6.4 22 150 M M 2 3 27 160
21 98 58 78 3 0 13 T M M 6.1 22 210 M M 0 28 220
22 100 61 81 6 0 16 0.04 M M 6.8 32 50 M M 0 3 40 50
23 99 62 81 6 0 16 0.00 M M 8.9 29 210 M M 0 40 210
24 94 70 82 7 0 17 0.00 M M 11.2 26 220 M M 0 41 230
25 97 63 80 5 0 15 0.00 0.0 M 8.1 20 240 M M 0 28 290
26 97 67 82 7 0 17 0.00 M M 10.0 24 210 M M 0 34 200
27 96 69 83 8 0 18 0.00 M M 12.1 30 210 M M 0 46 220
28 97 66 82 7 0 17 0.00 M M 10.3 25 210 M M 0 37 210
29 97 67 82 7 0 17 0.00 M M 8.8 30 210 M M 0 3 41 210
30 96 64 80 5 0 15 0.00 M M 7.4 40 210 M M 1 38 56 220
31 87 62 75 0 0 10 0.13 M M 9.4 26 120 M M 4 13 33 120
================================================================================
SM 2940 1861 0 389 0.17 0.0 269.7 M 10
================================================================================
AV 94.8 60.0 8.7 FASTST M M 0 MAX(MPH)
MISC ----> 40 210 56 220
================================================================================
NOTES:
# LAST OF SEVERAL OCCURRENCES
COLUMN 17 PEAK WIND IN M.P.H.
PRELIMINARY LOCAL CLIMATOLOGICAL DATA (WS FORM: F-6) , PAGE 2
STATION: CEDAR CITY UT
MONTH: JULY
YEAR: 2023
LATITUDE: 37 42 N
LONGITUDE: 113 6 W
[TEMPERATURE DATA] [PRECIPITATION DATA] SYMBOLS USED IN COLUMN 16
AVERAGE MONTHLY: 77.4 TOTAL FOR MONTH: 0.17 1 = FOG OR MIST
DPTR FM NORMAL: 3.4 DPTR FM NORMAL: -0.85 2 = FOG REDUCING VISIBILITY
HIGHEST: 102 ON 16 GRTST 24HR 0.13 ON 31-31 TO 1/4 MILE OR LESS
LOWEST: 50 ON 9 3 = THUNDER
SNOW, ICE PELLETS, HAIL 4 = ICE PELLETS
TOTAL MONTH: 0.0 INCH 5 = HAIL
GRTST 24HR 0.0 6 = FREEZING RAIN OR DRIZZLE
GRTST DEPTH: M ON M 7 = DUSTSTORM OR SANDSTORM:
VSBY 1/2 MILE OR LESS
8 = SMOKE OR HAZE
[NO. OF DAYS WITH] [WEATHER - DAYS WITH] 9 = BLOWING SNOW
X = TORNADO
MAX 32 OR BELOW: 0 0.01 INCH OR MORE: 2
MAX 90 OR ABOVE: 28 0.10 INCH OR MORE: 1
MIN 32 OR BELOW: 0 0.50 INCH OR MORE: 0
MIN 0 OR BELOW: 0 1.00 INCH OR MORE: 0
[HDD (BASE 65) ]
TOTAL THIS MO. 0 CLEAR (SCALE 0-3) 30
DPTR FM NORMAL -1 PTCLDY (SCALE 4-7) 1
TOTAL FM JUL 1 0 CLOUDY (SCALE 8-10) 0
DPTR FM NORMAL 0
[CDD (BASE 65) ]
TOTAL THIS MO. 389
DPTR FM NORMAL 107 [PRESSURE DATA]
TOTAL FM JAN 1 420 HIGHEST SLP M ON M
DPTR FM NORMAL 15 LOWEST SLP 29.58 ON 16
[REMARKS]
#FINAL-07-23#