000
CXUS53 KEAX 010836
CF6CDJ
PRELIMINARY LOCAL CLIMATOLOGICAL DATA (WS FORM: F-6)
STATION: CHILLICOTHE
MONTH: DECEMBER
YEAR: 2021
LATITUDE: 39 49 N
LONGITUDE: 93 35 W
TEMPERATURE IN F: :PCPN: SNOW: WIND :SUNSHINE: SKY :PK WND
================================================================================
1 2 3 4 5 6A 6B 7 8 9 10 11 12 13 14 15 16 17 18
12Z AVG MX 2MIN
DY MAX MIN AVG DEP HDD CDD WTR SNW DPTH SPD SPD DIR MIN PSBL S-S WX SPD DR
================================================================================
1 64 37 51 14 14 0 0.00 M M 3.9 9 300 M M 0 M M
2 73 48 61 25 4 0 0.00 M M 2.8 10 230 M M 0 15 230
3 66 36 51 15 14 0 0.00 M M 3.8 14 10 M M 0 25 10
4 51 36 44 8 21 0 0.00 M M 6.2 13 40 M M 0 21 40
5 65 39 52 17 13 0 0.00 M M 9.4 22 320 M M 0 40 330
6 39 20 30 -5 35 0 0.00 M M 7.7 21 320 M M 0 42 310
7 41 24 33 -2 32 0 0.00 M M 7.1 17 180 M M 0 25 200
8 49 23 36 2 29 0 0.00 M M 4.2 10 130 M M 0 17 130
9 64 38 51 17 14 0 0.00 M M 4.9 13 210 M M 0 22 120
10 66 37 52 18 13 0 0.01 M M 7.5 21 300 M M 0 37 280
11 49 29 39 6 26 0 0.00 M M 9.1 23 310 M M 0 39 300
12 56 27 42 9 23 0 0.00 M M 8.8 20 190 M M 0 31 180
13 57 30 44 11 21 0 0.00 M M 4.7 10 190 M M 0 15 180
14 69 35 52 20 13 0 0.00 M M 7.4 18 170 M M 0 33 210
15 76 45 61 29 4 0 0.09 M M 18.3 33 190 M M 0 62 180
16 48 25 37 5 28 0 0.00 M M 5.5 15 270 M M 0 27 310
17 43 23 33 1 32 0 0.00 M M 6.2 17 110 M M 0 26 110
18 40 21 31 0 34 0 0.00 M M 6.4 16 310 M M 0 24 340
19 37 17 27 -4 38 0 0.00 M M 5.6 14 180 M M 0 20 200
20 48 25 37 6 28 0 0.00 M M 6.6 15 200 M M 0 21 200
21 47 18 33 2 32 0 0.00 M M 3.7 16 300 M M 0 25 310
22 50 19 35 5 30 0 0.00 M M 4.6 13 180 M M 0 19 200
23 61 40 51 21 14 0 0.00 M M 6.9 15 230 M M 0 26 230
24 73 44 59 29 6 0 0.00 M M 6.4 22 200 M M 0 34 180
25 55 31 43 13 22 0 0.00 M M 3.3 12 10 M M 0 22 10
26 61 29 45 15 20 0 0.00 M M 6.3 16 110 M M 0 27 120
27 63 32 48 19 17 0 0.00 M M 5.8 17 310 M M 0 30 290
28 51 28 40 11 25 0 0.58 M M 7.0 17 130 M M 0 26 130
29 33 22 28 -1 37 0 0.00 M M 7.3 14 40 M M 0 19 40
30 38 27 33 4 32 0 0.00 M M 3.1 9 200 M M 0 15 200
31 49 29 39 11 26 0 0.00 M M 5.6 13 10 M M 0 22 10
================================================================================
SM 1682 934 697 0 0.68 M 196.1 M 0
================================================================================
AV 54.3 30.1 6.3 FASTST M M 0 MAX(MPH)
MISC ----> 33 190 62 180
================================================================================
NOTES:
# LAST OF SEVERAL OCCURRENCES
COLUMN 17 PEAK WIND IN M.P.H.
PRELIMINARY LOCAL CLIMATOLOGICAL DATA (WS FORM: F-6) , PAGE 2
STATION: CHILLICOTHE
MONTH: DECEMBER
YEAR: 2021
LATITUDE: 39 49 N
LONGITUDE: 93 35 W
[TEMPERATURE DATA] [PRECIPITATION DATA] SYMBOLS USED IN COLUMN 16
AVERAGE MONTHLY: 42.2 TOTAL FOR MONTH: 0.68 1 = FOG OR MIST
DPTR FM NORMAL: 10.1 DPTR FM NORMAL: -1.02 2 = FOG REDUCING VISIBILITY
HIGHEST: 76 ON 15 GRTST 24HR 0.58 ON 28-28 TO 1/4 MILE OR LESS
LOWEST: 17 ON 19 3 = THUNDER
SNOW, ICE PELLETS, HAIL 4 = ICE PELLETS
TOTAL MONTH: M 5 = HAIL
GRTST 24HR M ON M 6 = FREEZING RAIN OR DRIZZLE
GRTST DEPTH: M ON M 7 = DUSTSTORM OR SANDSTORM:
VSBY 1/2 MILE OR LESS
8 = SMOKE OR HAZE
[NO. OF DAYS WITH] [WEATHER - DAYS WITH] 9 = BLOWING SNOW
X = TORNADO
MAX 32 OR BELOW: 0 0.01 INCH OR MORE: 3
MAX 90 OR ABOVE: 0 0.10 INCH OR MORE: 1
MIN 32 OR BELOW: 20 0.50 INCH OR MORE: 1
MIN 0 OR BELOW: 0 1.00 INCH OR MORE: 0
[HDD (BASE 65) ]
TOTAL THIS MO. 697 CLEAR (SCALE 0-3) 31
DPTR FM NORMAL -321 PTCLDY (SCALE 4-7) 0
TOTAL FM JUL 1 1455 CLOUDY (SCALE 8-10) 0
DPTR FM NORMAL -623
[CDD (BASE 65) ]
TOTAL THIS MO. 0
DPTR FM NORMAL 0 [PRESSURE DATA]
TOTAL FM JAN 1 1460 HIGHEST SLP 30.46 ON 19
DPTR FM NORMAL 208 LOWEST SLP 29.30 ON 10
[REMARKS]
#FINAL-12-21#