251
CXUS55 KCYS 021549
CF6CDR
PRELIMINARY LOCAL CLIMATOLOGICAL DATA (WS FORM: F-6) ...CORRECTED...
STATION: CHADRON NEBRASKA AIRPORT
MONTH: DECEMBER
YEAR: 2020
LATITUDE: 42 50 N
LONGITUDE: 103 6 W
TEMPERATURE IN F: :PCPN: SNOW: WIND :SUNSHINE: SKY :PK WND
================================================================================
1 2 3 4 5 6A 6B 7 8 9 10 11 12 13 14 15 16 17 18
12Z AVG MX 2MIN
DY MAX MIN AVG DEP HDD CDD WTR SNW DPTH SPD SPD DIR MIN PSBL S-S WX SPD DR
================================================================================
1 46 23 35 8 30 0 0.00 M M 14.0 31 300 M M 4 46 300
2 38 14 26 -1 39 0 0.00 M M 7.6 14 320 M M 6 19 320
3 50 14 32 6 33 0 0.00 M M 10.4 18 310 M M 0 23 300
4 60 27 44 18 21 0 0.00 M M 10.8 26 280 M M 0 33 300
5 54 19 37 11 28 0 0.00 M M 6.9 14 310 M M 0 20 260
6 57 15 36 11 29 0 0.00 M M 6.7 14 240 M M 0 18 250
7 61 24 43 18 22 0 0.00 M M 10.1 25 280 M M 0 33 300
8 66 27 47 22 18 0 0.00 M M 8.9 18 260 M M 0 26 260
9 68 25 47 22 18 0 0.00 M M 6.4 17 220 M M 0 21 230
10 37 19 28 3 37 0 0.00 M M 6.9 17 50 M M 4 22 10
11 34 20 27 3 38 0 0.00 M M 2.3 8 30 M M 10 10 30
12 36 11 24 0 41 0 T M M 5.1 15 300 M M 8 18 21 280
13 34 6 20 -4 45 0 0.00 M M 7.4 18 280 M M 0 23 270
14 24 7 16 -8 49 0 T M M 2.8 10 360 M M 5 14 360
15 33 10 22 -2 43 0 T M M 4.8 13 280 M M 6 8 18 280
16 43 12 28 4 37 0 0.00 M M 12.2 29 300 M M 7 36 310
17 53 12 33 9 32 0 T M M 6.9 25 230 M M 2 32 230
18 45 14 30 6 35 0 0.01 M M 8.6 25 300 M M 6 35 310
19 48 13 31 7 34 0 0.00 M M 10.3 29 290 M M 2 43 300
20 57 18 38 14 27 0 0.00 M M 12.0 26 290 M M 0 35 300
21 53 21 37 13 28 0 0.00 M M 5.1 14 310 M M 0 24 320
22 65 27 46 22 19 0 0.01 M M 16.7 43 300 M M 3 60 300
23 29 16 23 -1 42 0 T M M 23.0 45 300 M M 7 8 61 300
24 47 12 30 6 35 0 0.00 M M 18.3 32 300 M M 6 46 310
25 56 19 38 14 27 0 0.00 M M 9.1 18 290 M M 0 29 220
26 51 14 33 9 32 0 0.00 M M 4.7 13 290 M M 1 15 250
27 39 20 30 6 35 0 0.09 M M 8.5 22 290 M M 8 1 31 300
28 33 11 22 -2 43 0 T M M 7.7 21 150 M M 3 1 30 140
29 34 15 25 1 40 0 T M M 16.5 29 160 M M 7 8 40 170
30 39 6 23 -1 42 0 0.00 M M 6.5 14 260 M M 0 16 260
31 44 12 28 4 37 0 0.00 M M 6.4 17 260 M M 1 22 270
================================================================================
SM 1434 503 1036 0 0.11 M 283.6 M 96
================================================================================
AV 46.3 16.2 9.1 FASTST M M 3 MAX(MPH)
MISC ----> 45 300 61 300
================================================================================
NOTES:
# LAST OF SEVERAL OCCURRENCES
COLUMN 17 PEAK WIND IN M.P.H.
PRELIMINARY LOCAL CLIMATOLOGICAL DATA (WS FORM: F-6) , PAGE 2
STATION: CHADRON NEBRASKA AIRPORT
MONTH: DECEMBER
YEAR: 2020
LATITUDE: 42 50 N
LONGITUDE: 103 6 W
[TEMPERATURE DATA] [PRECIPITATION DATA] SYMBOLS USED IN COLUMN 16
AVERAGE MONTHLY: 31.2 TOTAL FOR MONTH: 0.11 1 = FOG OR MIST
DPTR FM NORMAL: 6.8 DPTR FM NORMAL: -0.41 2 = FOG REDUCING VISIBILITY
HIGHEST: 68 ON 9 GRTST 24HR 0.09 ON 27-27 TO 1/4 MILE OR LESS
LOWEST: 6 ON 30,13 3 = THUNDER
SNOW, ICE PELLETS, HAIL 4 = ICE PELLETS
TOTAL MONTH: M 5 = HAIL
GRTST 24HR M ON M 6 = FREEZING RAIN OR DRIZZLE
GRTST DEPTH: M ON M 7 = DUSTSTORM OR SANDSTORM:
VSBY 1/2 MILE OR LESS
8 = SMOKE OR HAZE
[NO. OF DAYS WITH] [WEATHER - DAYS WITH] 9 = BLOWING SNOW
X = TORNADO
MAX 32 OR BELOW: 2 0.01 INCH OR MORE: 3
MAX 90 OR ABOVE: 0 0.10 INCH OR MORE: 0
MIN 32 OR BELOW: 31 0.50 INCH OR MORE: 0
MIN 0 OR BELOW: 0 1.00 INCH OR MORE: 0
[HDD (BASE 65) ]
TOTAL THIS MO. 1036 CLEAR (SCALE 0-3) 18
DPTR FM NORMAL -222 PTCLDY (SCALE 4-7) 12
TOTAL FM JUL 1 2595 CLOUDY (SCALE 8-10) 1
DPTR FM NORMAL -343
[CDD (BASE 65) ]
TOTAL THIS MO. 0
DPTR FM NORMAL 0 [PRESSURE DATA]
TOTAL FM JAN 1 1028 HIGHEST SLP 30.67 ON 2
DPTR FM NORMAL 316 LOWEST SLP 29.35 ON 22
[REMARKS]
DECEMBER 9TH...TIED RECORD HIGH 68 DEGREES PREVIOUSLY SET IN 1990.
DECEMBER 22ND...RECORD HIGH 65 DEGREES (PREVIOUS 64 DEGREES IN 1964).
#FINAL-12-20#