000
CXUS54 KLUB 010730
CF6CDS
PRELIMINARY LOCAL CLIMATOLOGICAL DATA (WS FORM: F-6)
STATION: CHILDRESS
MONTH: JUNE
YEAR: 2022
LATITUDE: 34 25 N
LONGITUDE: 100 17 W
TEMPERATURE IN F: :PCPN: SNOW: WIND :SUNSHINE: SKY :PK WND
================================================================================
1 2 3 4 5 6A 6B 7 8 9 10 11 12 13 14 15 16 17 18
12Z AVG MX 2MIN
DY MAX MIN AVG DEP HDD CDD WTR SNW DPTH SPD SPD DIR MIN PSBL S-S WX SPD DR
================================================================================
1 75 59 67 -10 0 2 0.03 0.0 0 13.8 44 180 M M 8 3 61 170
2 74 58 66 -11 0 1 0.03 0.0 0 7.1 16 20 M M 8 13 22 30
3 79 63 71 -6 0 6 1.07 0.0 0 9.8 37 200 M M 5 13 49 180
4 88 63 76 -2 0 11 0.00 0.0 0 9.7 20 140 M M 2 1 26 150
5 99 67 83 5 0 18 0.00 0.0 0 12.6 23 160 M M 0 8 31 150
6 92 68 80 2 0 15 0.00 0.0 0 9.9 18 190 M M 0 29 60
7 86 73 80 2 0 15 0.00 0.0 0 8.7 21 60 M M 4 37 50
8 83 65 74 -4 0 9 0.34 0.0 0 12.0 39 30 M M 3 13 58 20
9 92 65 79 0 0 14 0.38 0.0 0 10.2 43 320 M M 3 138 55 340
10 99 66 83 4 0 18 0.07 0.0 0 9.0 46 230 M M 1 13 72 230
11 108 71 90 11 0 25 0.00 0.0 0 10.3 22 220 M M 0 18 33 230
12 111 77 94 15 0 29 0.00 0.0 0 17.6 29 210 M M 0 8 46 180
13 104 76 90 10 0 25 0.00 0.0 0 19.7 32 210 M M 0 8 43 190
14 100 79 90 10 0 25 0.00 0.0 0 19.7 35 190 M M 0 8 43 190
15 103 79 91 11 0 26 0.00 0.0 0 17.4 30 200 M M 0 8 41 190
16 100 75 88 8 0 23 0.00 0.0 0 12.7 21 200 M M 0 32 190
17 99 72 86 6 0 21 0.00 0.0 0 10.7 21 140 M M 0 29 170
18 97 74 86 6 0 21 T 0.0 0 10.7 33 140 M M 1 3 47 140
19 96 73 85 4 0 20 0.00 0.0 0 13.4 23 150 M M 1 37 150
20 100 73 87 6 0 22 0.00 0.0 0 14.0 25 200 M M 0 34 200
21 99 73 86 5 0 21 0.00 0.0 0 11.3 21 230 M M 1 30 180
22 100 75 88 7 0 23 0.00 0.0 0 7.8 18 140 M M 1 23 120
23 101 73 87 6 0 22 0.00 0.0 0 10.7 20 220 M M 0 27 200
24 103 76 90 8 0 25 0.00 0.0 0 12.4 25 210 M M 0 33 160
25 105 75 90 8 0 25 0.00 0.0 0 10.5 33 340 M M 1 8 45 350
26 89 68 79 -3 0 14 0.00 0.0 0 14.8 25 20 M M 1 34 10
27 89 62 76 -6 0 11 0.00 0.0 0 8.3 15 60 M M 0 23 70
28 85 62 74 -8 0 9 0.25 0.0 0 8.9 13 140 M M 5 1 22 90
29 93 67 80 -2 0 15 0.00 0.0 0 6.4 17 140 M M 0 22 130
30 101 69 85 3 0 20 0.00 0.0 0 10.1 20 140 M M 0 28 140
================================================================================
SM 2850 2096 0 531 2.17 0.0 350.2 M 45
================================================================================
AV 95.0 69.9 11.7 FASTST M M 2 MAX(MPH)
MISC ----> 46 230 72 230
================================================================================
NOTES:
# LAST OF SEVERAL OCCURRENCES
COLUMN 17 PEAK WIND IN M.P.H.
PRELIMINARY LOCAL CLIMATOLOGICAL DATA (WS FORM: F-6) , PAGE 2
STATION: CHILDRESS
MONTH: JUNE
YEAR: 2022
LATITUDE: 34 25 N
LONGITUDE: 100 17 W
[TEMPERATURE DATA] [PRECIPITATION DATA] SYMBOLS USED IN COLUMN 16
AVERAGE MONTHLY: 82.4 TOTAL FOR MONTH: 2.17 1 = FOG OR MIST
DPTR FM NORMAL: 2.5 DPTR FM NORMAL: -1.58 2 = FOG REDUCING VISIBILITY
HIGHEST: 111 ON 12 GRTST 24HR 1.18 ON 31- 1 TO 1/4 MILE OR LESS
LOWEST: 58 ON 2 3 = THUNDER
SNOW, ICE PELLETS, HAIL 4 = ICE PELLETS
TOTAL MONTH: 0.0 INCH 5 = HAIL
GRTST 24HR 0.0 6 = FREEZING RAIN OR DRIZZLE
GRTST DEPTH: 0 7 = DUSTSTORM OR SANDSTORM:
VSBY 1/2 MILE OR LESS
8 = SMOKE OR HAZE
[NO. OF DAYS WITH] [WEATHER - DAYS WITH] 9 = BLOWING SNOW
X = TORNADO
MAX 32 OR BELOW: 0 0.01 INCH OR MORE: 7
MAX 90 OR ABOVE: 21 0.10 INCH OR MORE: 4
MIN 32 OR BELOW: 0 0.50 INCH OR MORE: 1
MIN 0 OR BELOW: 0 1.00 INCH OR MORE: 1
[HDD (BASE 65) ]
TOTAL THIS MO. 0 CLEAR (SCALE 0-3) 24
DPTR FM NORMAL -1 PTCLDY (SCALE 4-7) 4
TOTAL FM JUL 1 2651 CLOUDY (SCALE 8-10) 2
DPTR FM NORMAL -420
[CDD (BASE 65) ]
TOTAL THIS MO. 531
DPTR FM NORMAL 85 [PRESSURE DATA]
TOTAL FM JAN 1 1066 HIGHEST SLP M ON M
DPTR FM NORMAL 297 LOWEST SLP 29.44 ON 5
[REMARKS]
#FINAL-06-22#