000
CXUS55 KDVN 011622
CF6CID
PRELIMINARY LOCAL CLIMATOLOGICAL DATA (WS FORM: F-6)
STATION: CEDAR RAPIDS IA
MONTH: AUGUST
YEAR: 2022
LATITUDE: 41 52 N
LONGITUDE: 91 42 W
TEMPERATURE IN F: :PCPN: SNOW: WIND :SUNSHINE: SKY :PK WND
================================================================================
1 2 3 4 5 6A 6B 7 8 9 10 11 12 13 14 15 16 17 18
12Z AVG MX 2MIN
DY MAX MIN AVG DEP HDD CDD WTR SNW DPTH SPD SPD DIR MIN PSBL S-S WX SPD DR
================================================================================
1 84 65 75 3 0 10 0.99 M M 8.4 16 290 M M 1 13 21 280
2 88 66 77 5 0 12 0.32 M M 11.3 25 250 M M 1 13 37 280
3 85 69 77 5 0 12 0.32 M M 9.2 37 240 M M 3 138 53 240
4 85 61 73 1 0 8 0.00 M M 6.8 12 30 M M 1 17 40
5 85 64 75 3 0 10 0.00 M M 7.0 12 130 M M 4 1 16 120
6 92 72 82 10 0 17 0.00 M M 7.3 14 160 M M 0 1 20 150
7 82 74 78 6 0 13 0.30 M M 7.8 18 60 M M 5 138 24 50
8 78 65 72 0 0 7 0.03 M M 9.9 18 350 M M 9 13 25 350
9 79 56 68 -4 0 3 0.00 M M 2.9 9 90 M M 1 15 80
10 82 58 70 -2 0 5 0.00 M M 2.2 7 270 M M 0 1 10 220
11 79 62 71 -1 0 6 T M M 6.6 16 70 M M 4 19 70
12 73 60 67 -5 0 2 T M M 9.0 23 90 M M 4 33 90
13 87 62 75 4 0 10 0.00 M M 10.8 20 330 M M 3 25 330
14 76 66 71 0 0 6 0.00 M M 10.1 14 60 M M 10 19 50
15 75 62 69 -2 0 4 0.00 M M 6.5 10 50 M M 3 1 14 100
16 80 62 71 0 0 6 0.00 M M 7.3 15 50 M M 1 18 21 80
17 81 57 69 -2 0 4 0.00 M M 3.2 10 30 M M 1 8 16 350
18 83 54 69 -2 0 4 0.00 M M 4.2 9 180 M M 1 14 220
19 82 63 73 2 0 8 0.15 M M 8.2 25 270 M M 5 13 35 280
20 77 62 70 0 0 5 0.07 M M 5.2 15 350 M M 7 1 18 350
21 80 59 70 0 0 5 0.00 M M 6.3 12 10 M M 5 1 20 10
22 81 57 69 -1 0 4 0.00 M M 4.1 9 310 M M 4 1 13 10
23 83 57 70 0 0 5 0.00 M M 2.8 8 100 M M 3 11 310
24 84 58 71 1 0 6 0.03 M M 4.9 14 330 M M 4 13 20 320
25 82 65 74 4 0 9 T M M 7.9 15 320 M M 5 138 19 320
26 81 60 71 1 0 6 0.00 M M 5.6 13 100 M M 2 1 16 100
27 87 65 76 7 0 11 0.01 M M 9.9 17 160 M M 1 3 25 160
28 83 70 77 8 0 12 0.11 M M 8.6 18 210 M M 2 1 27 210
29 81 62 72 3 0 7 T M M 8.1 15 290 M M 2 1 19 290
30 80 55 68 -1 0 3 0.00 M M 9.1 22 310 M M 0 29 290
31 87 54 71 3 0 6 0.00 M M 5.4 13 290 M M 0 1 17 290
================================================================================
SM 2542 1922 0 226 2.33 M 216.6 M 92
================================================================================
AV 82.0 62.0 7.0 FASTST M M 3 MAX(MPH)
MISC ----> 37 240 53 240
================================================================================
NOTES:
# LAST OF SEVERAL OCCURRENCES
COLUMN 17 PEAK WIND IN M.P.H.
PRELIMINARY LOCAL CLIMATOLOGICAL DATA (WS FORM: F-6) , PAGE 2
STATION: CEDAR RAPIDS IA
MONTH: AUGUST
YEAR: 2022
LATITUDE: 41 52 N
LONGITUDE: 91 42 W
[TEMPERATURE DATA] [PRECIPITATION DATA] SYMBOLS USED IN COLUMN 16
AVERAGE MONTHLY: 72.0 TOTAL FOR MONTH: 2.33 1 = FOG OR MIST
DPTR FM NORMAL: 1.2 DPTR FM NORMAL: -1.74 2 = FOG REDUCING VISIBILITY
HIGHEST: 92 ON 6 GRTST 24HR 1.61 ON 31- 1 TO 1/4 MILE OR LESS
LOWEST: 54 ON 31,18 3 = THUNDER
SNOW, ICE PELLETS, HAIL 4 = ICE PELLETS
TOTAL MONTH: M 5 = HAIL
GRTST 24HR M ON M 6 = FREEZING RAIN OR DRIZZLE
GRTST DEPTH: M ON M 7 = DUSTSTORM OR SANDSTORM:
VSBY 1/2 MILE OR LESS
8 = SMOKE OR HAZE
[NO. OF DAYS WITH] [WEATHER - DAYS WITH] 9 = BLOWING SNOW
X = TORNADO
MAX 32 OR BELOW: 0 0.01 INCH OR MORE: 10
MAX 90 OR ABOVE: 1 0.10 INCH OR MORE: 6
MIN 32 OR BELOW: 0 0.50 INCH OR MORE: 1
MIN 0 OR BELOW: 0 1.00 INCH OR MORE: 0
[HDD (BASE 65) ]
TOTAL THIS MO. 0 CLEAR (SCALE 0-3) 19
DPTR FM NORMAL -13 PTCLDY (SCALE 4-7) 10
TOTAL FM JUL 1 0 CLOUDY (SCALE 8-10) 2
DPTR FM NORMAL -13
[CDD (BASE 65) ]
TOTAL THIS MO. 226
DPTR FM NORMAL 33 [PRESSURE DATA]
TOTAL FM JAN 1 788 HIGHEST SLP 30.30 ON 12
DPTR FM NORMAL 119 LOWEST SLP 29.67 ON 3
[REMARKS]
#FINAL-08-22#