000
CXUS51 KCLE 010900
CF6CLE
PRELIMINARY LOCAL CLIMATOLOGICAL DATA (WS FORM: F-6)
STATION: CLEVELAND OH
MONTH: OCTOBER
YEAR: 2020
LATITUDE: 41 24 N
LONGITUDE: 81 51 W
TEMPERATURE IN F: :PCPN: SNOW: WIND :SUNSHINE: SKY :PK WND
================================================================================
1 2 3 4 5 6A 6B 7 8 9 10 11 12 13 14 15 16 17 18
12Z AVG MX 2MIN
DY MAX MIN AVG DEP HDD CDD WTR SNW DPTH SPD SPD DIR MIN PSBL S-S WX SPD DR
================================================================================
1 63 45 54 -5 11 0 0.17 0.0 0 9.3 24 290 M M 4 13 30 290
2 55 45 50 -8 15 0 0.57 0.0 0 9.8 21 270 M M 7 1 26 280
3 58 40 49 -9 16 0 0.00 0.0 0 6.2 14 260 M M 7 17 260
4 59 49 54 -4 11 0 0.19 0.0 0 7.2 16 300 M M 10 1 19 290
5 59 42 51 -6 14 0 0.00 0.0 0 6.9 14 180 M M 4 23 20
6 69 46 58 1 7 0 0.00 0.0 0 12.4 22 210 M M 3 29 190
7 72 55 64 7 1 0 0.00 0.0 0 13.3 28 280 M M 4 36 280
8 67 43 55 -1 10 0 0.00 0.0 0 4.8 14 280 M M 1 17 290
9 75 43 59 3 6 0 0.00 0.0 0 8.9 18 200 M M 1 27 210
10 74 61 68 12 0 3 0.01 0.0 0 12.3 20 210 M M 7 27 210
11 67 58 63 8 2 0 0.00 0.0 0 9.1 16 30 M M 9 19 50
12 73 57 65 10 0 0 0.48 0.0 0 12.5 24 280 M M 7 13 32 290
13 65 50 58 3 7 0 0.05 0.0 0 8.7 21 280 M M 4 1 31 310
14 64 43 54 0 11 0 T 0.0 0 10.6 24 190 M M 5 35 180
15 64 46 55 1 10 0 0.17 0.0 0 12.2 23 250 M M 8 30 250
16 54 36 45 -9 20 0 T 0.0 0 7.2 15 290 M M 4 17 280
17 58 35 47 -6 18 0 0.01 0.0 0 9.4 16 210 M M 3 21 210
18 54 48 51 -2 14 0 0.10 0.0 0 12.3 20 180 M M 9 1 27 170
19 53 49 51 -2 14 0 0.54 0.0 0 5.7 15 360 M M 10 1 18 360
20 55 50 53 1 12 0 0.32 0.0 0 9.0 16 50 M M 10 1 20 30
21 65 51 58 6 7 0 2.55 0.0 0 9.0 21 210 M M 8 13 28 200
22 79 54 67 15 0 2 0.04 0.0 0 5.9 13 190 M M 7 18 16 170
23 78 51 65 13 0 0 0.53 0.0 0 12.7 39 250 M M 4 13 50 260
24 51 45 48 -3 17 0 T 0.0 0 8.2 18 350 M M 10 1 24 340
25 51 43 47 -4 18 0 0.00 0.0 0 7.2 17 80 M M 10 21 80
26 48 45 47 -4 18 0 0.22 0.0 0 5.2 13 340 M M 10 1 17 320
27 47 43 45 -5 20 0 0.19 0.0 0 4.0 12 330 M M 10 1 14 340
28 52 44 48 -2 17 0 0.08 0.0 0 6.9 15 210 M M 10 1 20 200
29 50 44 47 -3 18 0 0.57 0.0 0 6.6 21 40 M M 10 1 26 50
30 48 38 43 -7 22 0 0.51 0.0 0 11.9 22 340 M M 10 1 30 350
31 49 31 40 -9 25 0 0.00 0.0 0 8.8 16 180 M M 4 24 180
================================================================================
SM 1876 1430 361 5 7.30 0.0 274.2 M 210
================================================================================
AV 60.5 46.1 8.8 FASTST M M 7 MAX(MPH)
MISC ----> 39 250 50 260
================================================================================
NOTES:
# LAST OF SEVERAL OCCURRENCES
COLUMN 17 PEAK WIND IN M.P.H.
PRELIMINARY LOCAL CLIMATOLOGICAL DATA (WS FORM: F-6) , PAGE 2
STATION: CLEVELAND OH
MONTH: OCTOBER
YEAR: 2020
LATITUDE: 41 24 N
LONGITUDE: 81 51 W
[TEMPERATURE DATA] [PRECIPITATION DATA] SYMBOLS USED IN COLUMN 16
AVERAGE MONTHLY: 53.3 TOTAL FOR MONTH: 7.30 1 = FOG OR MIST
DPTR FM NORMAL: -0.5 DPTR FM NORMAL: 4.23 2 = FOG REDUCING VISIBILITY
HIGHEST: 79 ON 22 GRTST 24HR 2.67 ON 20-21 TO 1/4 MILE OR LESS
LOWEST: 31 ON 31 3 = THUNDER
SNOW, ICE PELLETS, HAIL 4 = ICE PELLETS
TOTAL MONTH: 0.0 INCH 5 = HAIL
GRTST 24HR 0.0 6 = FREEZING RAIN OR DRIZZLE
GRTST DEPTH: 0 7 = DUSTSTORM OR SANDSTORM:
VSBY 1/2 MILE OR LESS
8 = SMOKE OR HAZE
[NO. OF DAYS WITH] [WEATHER - DAYS WITH] 9 = BLOWING SNOW
X = TORNADO
MAX 32 OR BELOW: 0 0.01 INCH OR MORE: 19
MAX 90 OR ABOVE: 0 0.10 INCH OR MORE: 14
MIN 32 OR BELOW: 1 0.50 INCH OR MORE: 6
MIN 0 OR BELOW: 0 1.00 INCH OR MORE: 1
[HDD (BASE 65) ]
TOTAL THIS MO. 361 CLEAR (SCALE 0-3) 3
DPTR FM NORMAL 4 PTCLDY (SCALE 4-7) 16
TOTAL FM JUL 1 450 CLOUDY (SCALE 8-10) 12
DPTR FM NORMAL -9
[CDD (BASE 65) ]
TOTAL THIS MO. 5
DPTR FM NORMAL -7 [PRESSURE DATA]
TOTAL FM JAN 1 906 HIGHEST SLP 30.49 ON 31
DPTR FM NORMAL 90 LOWEST SLP 29.69 ON 29
[REMARKS]
#FINAL-10-20#