000
CXUS54 KHGX 011322
CLMCLL
CLIMATE REPORT
NATIONAL WEATHER SERVICE HOUSTON/GALVESTON TX
822 AM CDT FRI SEP 01 2023
...................................
...THE COLLEGE STATION CLIMATE SUMMARY FOR THE MONTH OF AUGUST 2023...
CLIMATE NORMAL PERIOD: 1991 TO 2020
CLIMATE RECORD PERIOD: 1888 TO 2023
WEATHER OBSERVED NORMAL DEPART LAST YEAR`S
VALUE DATE(S) VALUE FROM VALUE DATE(S)
NORMAL
................................................................
TEMPERATURE (F)
RECORD
HIGH 112 08/20/2023
LOW 58 08/21/1940
HIGHEST 112R 08/20 MM MM 105 08/03
08/27
LOWEST 74 08/30 MM MM 74 08/25
AVG. MAXIMUM 106.2 96.6 9.6 98.5
AVG. MINIMUM 80.3 74.7 5.6 76.8
MEAN 93.3 85.7 7.6 87.6
DAYS MAX >= 90 31 28.7 2.3 30
DAYS MAX <= 32 0 0.0 0.0 0
DAYS MIN <= 32 0 0.0 0.0 0
DAYS MIN <= 0 0 0.0 0.0 0
PRECIPITATION (INCHES)
RECORD
MAXIMUM 21.02 2017
TOTALS 0.06 3.10 -3.04 4.54
DAILY AVG. 0.00 0.10 -0.10 0.15
DAYS >= .01 2 6.3 -4.3 14
DAYS >= .10 0 3.9 -3.9 8
DAYS >= .50 0 1.7 -1.7 3
DAYS >= 1.00 0 0.9 -0.9 1
GREATEST
24 HR. TOTAL 0.04 08/27 TO 08/27 1.72 08/30 TO 08/30
SNOWFALL (INCHES)
RECORDS
TOTAL MM MM
TOTALS 0.0
SINCE 7/1 0.0
LIQUID 7/1 0.00
DAYS >= TRACE 0
GREATEST
24 HR TOTAL 0.0
DEGREE DAYS
HEATING TOTAL 0 0 0 0
SINCE 7/1 0 0 0 MM
COOLING TOTAL 885 640 245 708
SINCE 1/1 3046 2402 644 MM
................................................................
WIND (MPH)
AVERAGE WIND SPEED 8.5
HIGHEST WIND SPEED/DIRECTION 32/360 DATE 08/24
HIGHEST GUST SPEED/DIRECTION 42/340 DATE 08/27
SKY COVER
AVERAGE SKY COVER 0.10
AVERAGE RH (PERCENT) 51
WEATHER CONDITIONS. NUMBER OF DAYS WITH
THUNDERSTORM 1 MIXED PRECIP 0
HEAVY RAIN 0 RAIN 0
LIGHT RAIN 2 FREEZING RAIN 0
LT FREEZING RAIN 0 HAIL 0
HEAVY SNOW 0 SNOW 0
LIGHT SNOW 0 SLEET 0
FOG 0 FOG W/VIS <= 1/4 MILE 0
HAZE 0
- INDICATES NEGATIVE NUMBERS.
R INDICATES RECORD WAS SET OR TIED.
MM INDICATES DATA IS MISSING.
T INDICATES TRACE AMOUNT.
$$