000
CXUS52 KGSP 011533
CLMCLT
CLIMATE REPORT
NATIONAL WEATHER SERVICE GREENVILLE-SPARTANBURG SC
1133 AM EDT MON APR 01 2024
...................................
...THE CHARLOTTE NC CLIMATE SUMMARY FOR THE MONTH OF MARCH 2024...
CLIMATE NORMAL PERIOD 1991 TO 2020
CLIMATE RECORD PERIOD 1878 TO 2024
WEATHER OBSERVED NORMAL DEPART LAST YEAR`S
VALUE DATE(S) VALUE FROM VALUE DATE(S)
NORMAL
................................................................
TEMPERATURE (F)
RECORD
HIGH 91 03/23/1907
LOW 4 03/03/1980
HIGHEST 84 03/31 MM MM 84 03/24
LOWEST 32 03/19 MM MM 26 03/15
AVG. MAXIMUM 67.6 64.2 3.4 65.6
AVG. MINIMUM 45.3 41.2 4.1 44.8
MEAN 56.5 52.7 3.8 55.2
DAYS MAX >= 90 0 0.0 0.0 0
DAYS MAX <= 32 0 0.0 0.0 0
DAYS MIN <= 32 1 6.3 -5.3 5
DAYS MIN <= 0 0 0.0 0.0 0
PRECIPITATION (INCHES)
RECORD
MAXIMUM 11.13 1891
MINIMUM 0.58 1985
TOTALS 5.18 3.95 1.23 2.32
DAILY AVG. 0.17 0.13 0.04 0.07
DAYS >= .01 11 10.2 0.8 11
DAYS >= .10 8 7.3 0.7 8
DAYS >= .50 6 2.9 3.1 0
DAYS >= 1.00 2 1.1 0.9 0
GREATEST
24 HR. TOTAL 1.21 03/01 TO 03/02 0.61 03/26 TO 03/27
STORM TOTAL 1.19 0.46
(MM/DD(HH)) MM
SNOWFALL (INCHES)
RECORDS
TOTAL 19.3 1960
24 HR TOTAL 10.3 03/24/1983 TO 03/24/1983
SNOW DEPTH 9 03/24/1983
TOTALS 0.0 0.3 -0.3 0.0
LIQUID EQUIV 0.00 0.00 0.00 0.00
SINCE 7/1 0.0 3.5 -3.5 MM
LIQUID 7/1 0.00 0.30 -0.30 MM
SNOWDEPTH AVG. 0 0
DAYS >= TRACE 0 0.2 -0.2 0
DAYS >= 1.0 0 0.1 -0.1 0
GREATEST
SNOW DEPTH 0 0 MM
24 HR TOTAL MM MM
STORM TOTAL 0.0 0.0
(MM/DD(HH)) MM
DEGREE DAYS
HEATING TOTAL 259 392 -133 318
SINCE 7/1 2328 2855 -527 MM
COOLING TOTAL 3 10 -7 20
SINCE 1/1 4 12 -8 MM
FREEZE DATES
RECORD
EARLIEST MM
LATEST MM
EARLIEST 11/02
LATEST 03/21
................................................................
WIND (MPH)
AVERAGE WIND SPEED 7.0
HIGHEST WIND SPEED/DIRECTION 25/330 DATE 03/10
HIGHEST GUST SPEED/DIRECTION 37/340 DATE 03/18
SKY COVER
POSSIBLE SUNSHINE (PERCENT) MM
AVERAGE SKY COVER 0.55
NUMBER OF DAYS FAIR 12
NUMBER OF DAYS PC 9
NUMBER OF DAYS CLOUDY 10
AVERAGE RH (PERCENT) 59
WEATHER CONDITIONS. NUMBER OF DAYS WITH
THUNDERSTORM 2 MIXED PRECIP 0
HEAVY RAIN 6 RAIN 8
LIGHT RAIN 14 FREEZING RAIN 0
LT FREEZING RAIN 0 HAIL 0
HEAVY SNOW 0 SNOW 0
LIGHT SNOW 0 SLEET 0
FOG 14 FOG W/VIS <= 1/4 MILE 4
HAZE 11
- INDICATES NEGATIVE NUMBERS.
R INDICATES RECORD WAS SET OR TIED.
MM INDICATES DATA IS MISSING.
T INDICATES TRACE AMOUNT.
$$