000
CXUS56 KLOX 011155
CF6CMA
PRELIMINARY LOCAL CLIMATOLOGICAL DATA (WS FORM: F-6)
STATION: CAMARILLO AIRPORT CA
MONTH: AUGUST
YEAR: 2022
LATITUDE: 34 12 N
LONGITUDE: 119 6 W
TEMPERATURE IN F: :PCPN: SNOW: WIND :SUNSHINE: SKY :PK WND
================================================================================
1 2 3 4 5 6A 6B 7 8 9 10 11 12 13 14 15 16 17 18
12Z AVG MX 2MIN
DY MAX MIN AVG DEP HDD CDD WTR SNW DPTH SPD SPD DIR MIN PSBL S-S WX SPD DR
================================================================================
1 85 65 75 5 0 10 0.00 M M 4.9 14 240 M M 2 18 22 230
2 79 M M M M M 0.00 M M 6.0 15 270 M M 2 21 280
3 78 63 71 1 0 6 0.00 M M 5.4 14 230 M M 1 1 26 220
4 82 64 73 3 0 8 0.00 M M 5.4 14 220 M M 2 1 19 260
5 80 63 72 2 0 7 0.00 M M 5.5 15 260 M M 1 19 260
6 79 61 70 0 0 5 0.00 M M 4.7 15 240 M M 2 18 22 260
7 83 58 71 1 0 6 0.00 M M 4.6 13 270 M M 0 17 230
8 81 62 72 2 0 7 0.00 M M 5.3 14 260 M M 0 21 210
9 85 63 74 4 0 9 0.00 M M 4.6 14 260 M M 0 19 260
10 84 62 73 3 0 8 0.00 M M 5.6 14 270 M M 0 19 260
11 80 58 69 -1 0 4 0.00 M M 5.2 13 270 M M 0 1 18 280
12 80 57 69 -1 0 4 0.00 M M 4.6 12 270 M M 0 8 19 240
13 83 59 71 1 0 6 0.00 M M 4.9 13 280 M M 0 18 250
14 78 58 68 -2 0 3 0.00 M M 4.7 13 260 M M 0 17 270
15 78 56 67 -3 0 2 0.00 M M 5.1 13 270 M M 0 18 18 250
16 80 57 69 -1 0 4 0.00 M M 5.1 12 260 M M 0 18 18 260
17 78 57 68 -2 0 3 0.00 M M 5.2 13 260 M M 1 1 18 250
18 72 57 65 -5 0 0 T M M 4.8 13 270 M M 4 1 19 240
19 75 55 65 -5 0 0 0.00 M M 4.0 12 260 M M 0 18 17 260
20 77 58 68 -2 0 3 0.00 M M 6.1 17 210 M M 2 24 220
21 77 61 69 -1 0 4 0.00 M M 5.5 14 220 M M 3 18 21 220
22 73 58 66 -4 0 1 0.00 M M 4.8 13 270 M M 3 12 20 240
23 77 60 69 -1 0 4 0.00 M M 4.8 12 250 M M 4 18 17 270
24 79 60 70 -1 0 5 0.00 M M 4.9 13 270 M M 1 18 19 230
25 78 60 69 -2 0 4 0.00 M M 4.6 14 270 M M 3 1 19 250
26 76 61 69 -2 0 4 0.00 M M 4.7 13 240 M M 4 18 19 250
27 75 59 67 -4 0 2 0.00 M M 4.8 14 230 M M 4 1 22 240
28 75 61 68 -3 0 3 0.00 M M 5.2 14 260 M M 4 1 22 250
29 75 58 67 -4 0 2 0.00 M M 4.8 14 260 M M 0 20 260
30 79 55 67 -4 0 2 0.00 M M 4.6 13 270 M M 0 8 17 250
31 83 59 71 0 0 6 0.00 M M 4.5 12 280 M M 0 18 17 260
================================================================================
SM 2444 1785 0 132 T M 154.9 M 43
================================================================================
AV 78.8 59.5 5.0 FASTST M M 1 MAX(MPH)
MISC ----> 17 210 26 220
================================================================================
NOTES:
# LAST OF SEVERAL OCCURRENCES
COLUMN 17 PEAK WIND IN M.P.H.
PRELIMINARY LOCAL CLIMATOLOGICAL DATA (WS FORM: F-6) , PAGE 2
STATION: CAMARILLO AIRPORT CA
MONTH: AUGUST
YEAR: 2022
LATITUDE: 34 12 N
LONGITUDE: 119 6 W
[TEMPERATURE DATA] [PRECIPITATION DATA] SYMBOLS USED IN COLUMN 16
AVERAGE MONTHLY: 69.2 TOTAL FOR MONTH: T 1 = FOG OR MIST
DPTR FM NORMAL: -1.0 DPTR FM NORMAL: -0.00 2 = FOG REDUCING VISIBILITY
HIGHEST: 85 ON 9, 1 GRTST 24HR T ON 18-18 TO 1/4 MILE OR LESS
LOWEST: 55 ON 30,19 3 = THUNDER
SNOW, ICE PELLETS, HAIL 4 = ICE PELLETS
TOTAL MONTH: M 5 = HAIL
GRTST 24HR M ON M 6 = FREEZING RAIN OR DRIZZLE
GRTST DEPTH: M ON M 7 = DUSTSTORM OR SANDSTORM:
VSBY 1/2 MILE OR LESS
8 = SMOKE OR HAZE
[NO. OF DAYS WITH] [WEATHER - DAYS WITH] 9 = BLOWING SNOW
X = TORNADO
MAX 32 OR BELOW: 0 0.01 INCH OR MORE: 0
MAX 90 OR ABOVE: 0 0.10 INCH OR MORE: 0
MIN 32 OR BELOW: 0 0.50 INCH OR MORE: 0
MIN 0 OR BELOW: 0 1.00 INCH OR MORE: 0
[HDD (BASE 65) ]
TOTAL THIS MO. 0 CLEAR (SCALE 0-3) 25
DPTR FM NORMAL -1 PTCLDY (SCALE 4-7) 6
TOTAL FM JUL 1 0 CLOUDY (SCALE 8-10) 0
DPTR FM NORMAL -3
[CDD (BASE 65) ]
TOTAL THIS MO. 132
DPTR FM NORMAL -30 [PRESSURE DATA]
TOTAL FM JAN 1 429 HIGHEST SLP 30.08 ON 21
DPTR FM NORMAL 25 LOWEST SLP 29.75 ON 19
[REMARKS]
#FINAL-08-22#