000
CXUS51 KILN 011307
CLMCMH
CLIMATE REPORT
NATIONAL WEATHER SERVICE WILMINGTON OH
907 AM EDT TUE AUG 01 2023
...................................
...THE COLUMBUS OH CLIMATE SUMMARY FOR THE MONTH OF JULY 2023...
CLIMATE NORMAL PERIOD: 1991 TO 2020
CLIMATE RECORD PERIOD: 1869 TO 2023
WEATHER OBSERVED NORMAL DEPART LAST YEAR`S
VALUE DATE(S) VALUE FROM VALUE DATE(S)
NORMAL
................................................................
TEMPERATURE (F)
RECORD
HIGH 106 07/14/1936
07/21/1934
LOW 43 07/06/1972
HIGHEST 91 07/04 85 6 95 07/01
07/26
LOWEST 59 07/22 64 -5 60 07/30
AVG. MAXIMUM 84.8 85.4 -0.6 85.1
AVG. MINIMUM 66.5 65.4 1.1 67.6
MEAN 75.7 75.4 0.3 76.4
DAYS MAX >= 90 4 7.5 -3.5 5
DAYS MAX <= 32 0 0.0 0.0 0
DAYS MIN <= 32 0 0.0 0.0 0
DAYS MIN <= 0 0 0.0 0.0 0
PRECIPITATION (INCHES)
TOTALS 6.40 4.67 1.73 7.93
DAILY AVG. 0.21 0.15 0.06 0.26
DAYS >= .01 14 10.9 3.1 12
DAYS >= .10 11 7.4 3.6 9
DAYS >= .50 4 3.3 0.7 4
DAYS >= 1.00 3 1.1 1.9 2
GREATEST
24 HR. TOTAL 1.73 07/02 TO 07/02 4.03 07/05 TO 07/06
SNOWFALL (INCHES)
TOTALS T 0.0 0.0 0.0
SINCE 7/1 T 0.0 0.0 0.0
DAYS >= TRACE 1 0.0 1.0 0
DAYS >= 1.0 0 0.0 0.0 0
GREATEST
24 HR TOTAL T 07/24 TO 07/24 0.0
DEGREE DAYS
HEATING TOTAL 0 0 0 0
SINCE 7/1 0 0 0 0
COOLING TOTAL 339 323 16 361
SINCE 1/1 570 644 -74 733
................................................................
WIND (MPH)
AVERAGE WIND SPEED 6.0
RESULTANT WIND SPEED/DIRECTION 2/220
HIGHEST WIND SPEED/DIRECTION 49/320 DATE 07/24
HIGHEST GUST SPEED/DIRECTION 56/320 DATE 07/24
SKY COVER
AVERAGE SKY COVER 0.56
AVERAGE RH (PERCENT) 76
WEATHER CONDITIONS. NUMBER OF DAYS WITH
THUNDERSTORM 13 MIXED PRECIP 0
HEAVY RAIN 7 RAIN 9
LIGHT RAIN 16 FREEZING RAIN 0
LT FREEZING RAIN 0 HAIL 1
HEAVY SNOW 0 SNOW 0
LIGHT SNOW 0 SLEET 0
FOG 20 FOG W/VIS <= 1/4 MILE 0
HAZE 5
- INDICATES NEGATIVE NUMBERS.
R INDICATES RECORD WAS SET OR TIED.
MM INDICATES DATA IS MISSING.
T INDICATES TRACE AMOUNT.
$$