000
CXUS53 KILX 010900
CF6CMI
PRELIMINARY LOCAL CLIMATOLOGICAL DATA (WS FORM: F-6)
STATION: CHAMPAIGN IL AIRPORT
MONTH: JULY
YEAR: 2023
LATITUDE: 40 1 N
LONGITUDE: 88 17 W
TEMPERATURE IN F: :PCPN: SNOW: WIND :SUNSHINE: SKY :PK WND
================================================================================
1 2 3 4 5 6A 6B 7 8 9 10 11 12 13 14 15 16 17 18
12Z AVG MX 2MIN
DY MAX MIN AVG DEP HDD CDD WTR SNW DPTH SPD SPD DIR MIN PSBL S-S WX SPD DR
================================================================================
1 85 70 78 3 0 13 0.48 M M 7.8 24 210 M M 6 13 35 200
2 81 68 75 0 0 10 0.03 M M 8.8 21 240 M M 7 1 29 240
3 87 66 77 2 0 12 0.00 M M 6.2 13 90 M M 1 18 19 100
4 89 65 77 2 0 12 0.00 M M 5.0 13 190 M M 1 13 19 200
5 89 71 80 5 0 15 0.09 M M 8.1 20 260 M M 4 13 28 260
6 84 62 73 -2 0 8 0.00 M M 6.7 16 310 M M 4 1 21 310
7 81 58 70 -5 0 5 0.00 M M 4.8 14 230 M M 1 17 230
8 77 60 69 -6 0 4 2.01 M M 8.5 23 350 M M 8 13 32 10
9 82 58 70 -5 0 5 0.00 M M 4.3 12 280 M M 0 1 17 280
10 84 58 71 -4 0 6 0.00 M M 5.8 13 220 M M 1 12 17 230
11 86 62 74 -1 0 9 0.00 M M 8.1 15 220 M M 0 1 21 230
12 84 67 76 1 0 11 0.00 M M 8.6 23 180 M M 2 18 32 190
13 81 63 72 -3 0 7 0.00 M M 3.6 10 350 M M 5 128 16 60
14 89 61 75 0 0 10 0.00 M M 5.9 13 200 M M 1 138 17 180
15 85 64 75 0 0 10 0.01 M M 5.7 14 260 M M 6 138 22 260
16 85 62 74 -1 0 9 0.00 M M 7.7 17 250 M M 4 138 26 230
17 84 63 74 -1 0 9 T M M 7.1 17 270 M M 2 18 25 260
18 79 61 70 -5 0 5 0.00 M M 3.3 9 30 M M 3 18 15 20
19 85 61 73 -2 0 8 0.00 M M 5.1 10 170 M M 3 18 15 170
20 89 66 78 3 0 13 0.00 M M 7.5 18 330 M M 5 1238 29 330
21 81 58 70 -5 0 5 0.00 M M 6.1 12 320 M M 2 16 330
22 84 54 69 -6 0 4 0.00 M M 2.6 8 180 M M 2 12 230
23 86 60 73 -1 0 8 0.00 M M 4.6 9 230 M M 3 8 13 220
24 89 65 77 3 0 12 0.00 M M 4.0 10 330 M M 1 18 16 340
25 88 61 75 1 0 10 0.02 M M 6.5 18 170 M M 1 138 26 160
26 90 70 80 6 0 15 0.01 M M 10.8 26 220 M M 2 38 38 220
27 93 72 83 9 0 18 0.00 M M 4.4 9 200 M M 2 18 13 200
28 93 76 85 11 0 20 T M M 10.2 28 340 M M 2 138 42 330
29 88 69 79 5 0 14 0.14 M M 6.9 18 350 M M 3 138 28 350
30 86 63 75 1 0 10 0.00 M M 7.4 15 340 M M 1 8 21 310
31 84 60 72 -2 0 7 0.00 M M 5.2 12 80 M M 2 16 70
================================================================================
SM 2648 1974 0 304 2.79 M 197.3 M 85
================================================================================
AV 85.4 63.7 6.4 FASTST M M 3 MAX(MPH)
MISC ----> 28 340 42 330
================================================================================
NOTES:
# LAST OF SEVERAL OCCURRENCES
COLUMN 17 PEAK WIND IN M.P.H.
PRELIMINARY LOCAL CLIMATOLOGICAL DATA (WS FORM: F-6) , PAGE 2
STATION: CHAMPAIGN IL AIRPORT
MONTH: JULY
YEAR: 2023
LATITUDE: 40 1 N
LONGITUDE: 88 17 W
[TEMPERATURE DATA] [PRECIPITATION DATA] SYMBOLS USED IN COLUMN 16
AVERAGE MONTHLY: 74.5 TOTAL FOR MONTH: 2.79 1 = FOG OR MIST
DPTR FM NORMAL: -0.2 DPTR FM NORMAL: -1.08 2 = FOG REDUCING VISIBILITY
HIGHEST: 93 ON 28,27 GRTST 24HR 2.01 ON 8- 8 TO 1/4 MILE OR LESS
LOWEST: 54 ON 22 3 = THUNDER
SNOW, ICE PELLETS, HAIL 4 = ICE PELLETS
TOTAL MONTH: M 5 = HAIL
GRTST 24HR M ON M 6 = FREEZING RAIN OR DRIZZLE
GRTST DEPTH: M ON M 7 = DUSTSTORM OR SANDSTORM:
VSBY 1/2 MILE OR LESS
8 = SMOKE OR HAZE
[NO. OF DAYS WITH] [WEATHER - DAYS WITH] 9 = BLOWING SNOW
X = TORNADO
MAX 32 OR BELOW: 0 0.01 INCH OR MORE: 8
MAX 90 OR ABOVE: 3 0.10 INCH OR MORE: 3
MIN 32 OR BELOW: 0 0.50 INCH OR MORE: 1
MIN 0 OR BELOW: 0 1.00 INCH OR MORE: 1
[HDD (BASE 65) ]
TOTAL THIS MO. 0 CLEAR (SCALE 0-3) 21
DPTR FM NORMAL -2 PTCLDY (SCALE 4-7) 10
TOTAL FM JUL 1 0 CLOUDY (SCALE 8-10) 0
DPTR FM NORMAL 0
[CDD (BASE 65) ]
TOTAL THIS MO. 304
DPTR FM NORMAL 1 [PRESSURE DATA]
TOTAL FM JAN 1 638 HIGHEST SLP 30.17 ON 31
DPTR FM NORMAL -18 LOWEST SLP 29.71 ON 2
[REMARKS]
#FINAL-07-23#