000
CXUS53 KILX 011542
CLSCMI
CLIMATE REPORT
NATIONAL WEATHER SERVICE LINCOLN IL
1042 AM CDT FRI SEP 01 2023
...................................
...THE CHAMPAIGN IL AIRPORT CLIMATE SUMMARY FOR THE SEASON, FROM
6/1/2023 TO 8/31/2023...
CLIMATE NORMAL PERIOD 1991 TO 2020
CLIMATE RECORD PERIOD 9999 TO 9999
WEATHER OBSERVED NORMAL DEPART LAST YEAR`S
VALUE DATE(S) VALUE FROM VALUE
NORMAL
..............................................................
TEMPERATURE (F)
RECORD
HIGH MM MM
LOW MM MM
HIGHEST 96 08/24 MM MM 100
LOWEST 45 06/08 MM MM 50
AVG. MAXIMUM 84.7 84.0 0.7 85.3
AVG. MINIMUM 61.7 62.7 -1.0 63.3
MEAN 73.2 73.4 -0.2 74.3
DAYS MAX >= 90 17 15.6 1.4 19
DAYS MAX <= 32 0 0.0 0.0 0
DAYS MIN <= 32 0 0.0 0.0 0
DAYS MIN <= 0 0 0.0 0.0 0
PRECIPITATION (INCHES)
RECORD
MAXIMUM MM MM
MINIMUM MM MM
TOTALS MM 11.34 MM 8.30
DAILY AVG. 0.11 0.09
DAYS >= .01 26 32.8 -6.8 22
DAYS >= .10 13 18.2 -5.2 14
DAYS >= .50 5 7.7 -2.7 8
DAYS >= 1.00 MM 3.5 MM 2
GREATEST
24 HR. TOTAL MM 1.57
DEGREE DAYS
HEATING TOTAL 8 20 -12 0
SINCE 7/1 0 2 -2 MM
COOLING TOTAL 781 790 -9 877
SINCE 1/1 904 903 1 MM
FREEZE DATES
RECORD
EARLIEST MM
LATEST MM
EARLIEST MM
LATEST 04/24
..............................................................
WIND (MPH)
AVERAGE WIND SPEED 7.4
HIGHEST WIND SPEED/DIRECTION 45/260 DATE 06/29
HIGHEST GUST SPEED/DIRECTION 79/260 DATE 06/29
SKY COVER
POSSIBLE SUNSHINE (PERCENT) MM
AVERAGE SKY COVER 0.28
NUMBER OF DAYS FAIR 60
NUMBER OF DAYS PC 26
NUMBER OF DAYS CLOUDY 5
AVERAGE RH (PERCENT) 70
WEATHER CONDITIONS. NUMBER OF DAYS WITH
THUNDERSTORM 27 MIXED PRECIP 0
HEAVY RAIN 8 RAIN 15
LIGHT RAIN 31 FREEZING RAIN 0
LT FREEZING RAIN 0 HAIL 0
HEAVY SNOW 0 SNOW 0
LIGHT SNOW 0 SLEET 0
FOG 61 FOG W/VIS <= 1/4 MILE 6
HAZE 47
- INDICATES NEGATIVE NUMBERS.
R INDICATES RECORD WAS SET OR TIED.
MM INDICATES DATA IS MISSING.
T INDICATES TRACE AMOUNT.
$$
ERWIN