000
CXUS53 KTOP 011425
CLMCNK
CLIMATE REPORT
NATIONAL WEATHER SERVICE TOPEKA KS
925 AM CDT SAT APR 01 2023
...................................
...THE CONCORDIA KS CLIMATE SUMMARY FOR THE MONTH OF MARCH 2023...
CLIMATE NORMAL PERIOD 1991 TO 2020
CLIMATE RECORD PERIOD 1885 TO 2023
WEATHER OBSERVED NORMAL DEPART LAST YEAR`S
VALUE DATE(S) VALUE FROM VALUE
NORMAL
..............................................................
TEMPERATURE (F)
RECORD
HIGH 97 03/21/1907
LOW -11 03/11/1948
HIGHEST 76 03/30 59 17 86
LOWEST 14 03/19 26 -12 6
AVG. MAXIMUM 53.5 55.4 -1.9 57.6
AVG. MINIMUM 30.4 31.7 -1.3 30.4
MEAN 41.9 43.5 -1.6 44.0
DAYS MAX >= 90 0 0.0 0.0 0
DAYS MAX <= 32 0 1.4 -1.4 2
DAYS MIN <= 32 15 17.1 -2.1 15
DAYS MIN <= 0 0 0.4 -0.4 0
PRECIPITATION (INCHES)
RECORD
MAXIMUM 8.32 1987
MINIMUM 0.00 1920
TOTALS 0.49 1.53 -1.04 2.06
DAILY AVG. 0.02 0.05 -0.03 0.07
DAYS >= .01 6 7.2 -1.2 11
DAYS >= .10 2 3.2 -1.2 5
DAYS >= .50 0 0.9 -0.9 1
DAYS >= 1.00 0 0.3 -0.3 0
GREATEST
24 HR. TOTAL 0.24 03/25 TO 03/25 1.18
SNOWFALL (INCHES)
RECORDS
TOTAL 22.7 1960
TOTALS MM 1.6 MM MM
SINCE 7/1 MM 18.9 MM MM
SNOWDEPTH AVG. MM MM
DAYS >= 1.0 MM 0.4 MM MM
GREATEST
SNOW DEPTH MM MM
24 HR TOTAL MM MM
DEGREE DAYS
HEATING TOTAL 709 667 42 644
SINCE 7/1 4537 4799 -262 MM
COOLING TOTAL 0 2 -2 0
SINCE 1/1 0 2 -2 MM
..............................................................
WIND (MPH)
AVERAGE WIND SPEED 12.5
HIGHEST WIND SPEED/DIRECTION 40/300 DATE 03/31
HIGHEST GUST SPEED/DIRECTION 60/310 DATE 03/31
SKY COVER
POSSIBLE SUNSHINE (PERCENT) MM
AVERAGE SKY COVER 0.39
NUMBER OF DAYS FAIR 16
NUMBER OF DAYS PC 10
NUMBER OF DAYS CLOUDY 5
AVERAGE RH (PERCENT) 61
WEATHER CONDITIONS. NUMBER OF DAYS WITH
THUNDERSTORM 0 MIXED PRECIP 0
HEAVY RAIN 1 RAIN 2
LIGHT RAIN 9 FREEZING RAIN 0
LT FREEZING RAIN 1 HAIL 0
HEAVY SNOW 0 SNOW 0
LIGHT SNOW 3 SLEET 0
FOG 11 FOG W/VIS <= 1/4 MILE 3
HAZE 3
- INDICATES NEGATIVE NUMBERS.
R INDICATES RECORD WAS SET OR TIED.
MM INDICATES DATA IS MISSING.
T INDICATES TRACE AMOUNT.
$$