000
CXUS53 KTOP 011501
CLMCNK
CLIMATE REPORT
NATIONAL WEATHER SERVICE TOPEKA KS
1001 AM CDT FRI SEP 01 2023
...................................
...THE CONCORDIA KS CLIMATE SUMMARY FOR THE MONTH OF AUGUST 2023...
CLIMATE NORMAL PERIOD 1991 TO 2020
CLIMATE RECORD PERIOD 1885 TO 2023
WEATHER OBSERVED NORMAL DEPART LAST YEAR`S
VALUE DATE(S) VALUE FROM VALUE
NORMAL
..............................................................
TEMPERATURE (F)
RECORD
HIGH 116 08/12/1936
LOW 41 08/23/1891
HIGHEST 109 08/21 91 18 105
LOWEST 58 08/15 68 -10 58
AVG. MAXIMUM 94.5 87.7 6.8 93.3
AVG. MINIMUM 68.5 65.1 3.4 66.2
MEAN 81.5 76.4 5.1 79.8
DAYS MAX >= 90 21 12.7 8.3 24
DAYS MAX <= 32 0 0.0 0.0 0
DAYS MIN <= 32 0 0.0 0.0 0
DAYS MIN <= 0 0 0.0 0.0 0
PRECIPITATION (INCHES)
RECORD
MAXIMUM 10.72 1977
MINIMUM 0.30 1947
TOTALS 4.25 3.49 0.76 0.71
DAILY AVG. 0.14 0.11 0.03 0.02
DAYS >= .01 9 9.0 0.0 5
DAYS >= .10 6 6.1 -0.1 2
DAYS >= .50 4 2.3 1.7 0
DAYS >= 1.00 1 1.0 0.0 0
GREATEST
24 HR. TOTAL 1.78 08/25 TO 08/26 0.41
SNOWFALL (INCHES)
RECORDS
TOTAL T 1954
TOTALS MM 0.0 MM MM
SINCE 7/1 MM 0.0 MM MM
SNOWDEPTH AVG. MM MM
DAYS >= 1.0 MM 0.0 MM MM
GREATEST
SNOW DEPTH MM MM
24 HR TOTAL MM MM
DEGREE DAYS
HEATING TOTAL 0 2 -2 0
SINCE 7/1 0 0 0 MM
COOLING TOTAL 519 356 163 461
SINCE 1/1 1507 1179 328 MM
..............................................................
WIND (MPH)
AVERAGE WIND SPEED 7.8
HIGHEST WIND SPEED/DIRECTION 41/290 DATE 08/25
HIGHEST GUST SPEED/DIRECTION 56/290 DATE 08/25
SKY COVER
POSSIBLE SUNSHINE (PERCENT) MM
AVERAGE SKY COVER 0.15
NUMBER OF DAYS FAIR 23
NUMBER OF DAYS PC 8
NUMBER OF DAYS CLOUDY 0
AVERAGE RH (PERCENT) 62
WEATHER CONDITIONS. NUMBER OF DAYS WITH
THUNDERSTORM 10 MIXED PRECIP 0
HEAVY RAIN 4 RAIN 5
LIGHT RAIN 8 FREEZING RAIN 0
LT FREEZING RAIN 0 HAIL 0
HEAVY SNOW 0 SNOW 0
LIGHT SNOW 0 SLEET 0
FOG 13 FOG W/VIS <= 1/4 MILE 2
HAZE 6
- INDICATES NEGATIVE NUMBERS.
R INDICATES RECORD WAS SET OR TIED.
MM INDICATES DATA IS MISSING.
T INDICATES TRACE AMOUNT.
$$