000
CXUS53 KTOP 011415
CLMCNK
CLIMATE REPORT
NATIONAL WEATHER SERVICE TOPEKA KS
915 AM CDT SAT JUL 01 2023
...................................
...THE CONCORDIA KS CLIMATE SUMMARY FOR THE MONTH OF JUNE 2023...
CLIMATE NORMAL PERIOD 1991 TO 2020
CLIMATE RECORD PERIOD 1885 TO 2023
WEATHER OBSERVED NORMAL DEPART LAST YEAR`S
VALUE DATE(S) VALUE FROM VALUE
NORMAL
..............................................................
TEMPERATURE (F)
RECORD
HIGH 109 06/30/1980
06/30/1956
06/26/1936
LOW 41 06/01/1964
HIGHEST 98 06/28 89 9 105
LOWEST 51 06/13 58 -7 47
AVG. MAXIMUM 88.1 86.0 2.1 90.1
AVG. MINIMUM 63.6 62.8 0.8 66.1
MEAN 75.9 74.4 1.5 78.1
DAYS MAX >= 90 12 11.0 1.0 14
DAYS MAX <= 32 0 0.0 0.0 0
DAYS MIN <= 32 0 0.0 0.0 0
DAYS MIN <= 0 0 0.0 0.0 0
PRECIPITATION (INCHES)
RECORD
MAXIMUM 14.14 1967
MINIMUM 0.34 1952
TOTALS 3.57 3.83 -0.26 2.65
DAILY AVG. 0.12 0.13 -0.01 0.09
DAYS >= .01 11 10.1 0.9 7
DAYS >= .10 6 6.2 -0.2 4
DAYS >= .50 3 2.7 0.3 4
DAYS >= 1.00 1 1.0 0.0 0
GREATEST
24 HR. TOTAL 1.01 06/21 TO 06/21 1.29
SNOWFALL (INCHES)
RECORDS
TOTAL T 1989
TOTALS MM 0.0 MM MM
SINCE 7/1 MM 19.3 MM MM
SNOWDEPTH AVG. MM MM
DAYS >= 1.0 MM 0.0 MM MM
GREATEST
SNOW DEPTH MM MM
24 HR TOTAL MM MM
DEGREE DAYS
HEATING TOTAL 1 10 -9 2
SINCE 7/1 4876 5310 -434 MM
COOLING TOTAL 333 292 41 400
SINCE 1/1 513 393 120 MM
..............................................................
WIND (MPH)
AVERAGE WIND SPEED 7.2
HIGHEST WIND SPEED/DIRECTION 37/170 DATE 06/27
HIGHEST GUST SPEED/DIRECTION 54/170 DATE 06/27
SKY COVER
POSSIBLE SUNSHINE (PERCENT) MM
AVERAGE SKY COVER 0.17
NUMBER OF DAYS FAIR 24
NUMBER OF DAYS PC 6
NUMBER OF DAYS CLOUDY 0
AVERAGE RH (PERCENT) 62
WEATHER CONDITIONS. NUMBER OF DAYS WITH
THUNDERSTORM 13 MIXED PRECIP 0
HEAVY RAIN 6 RAIN 5
LIGHT RAIN 12 FREEZING RAIN 0
LT FREEZING RAIN 0 HAIL 0
HEAVY SNOW 0 SNOW 0
LIGHT SNOW 0 SLEET 0
FOG 10 FOG W/VIS <= 1/4 MILE 1
HAZE 5
- INDICATES NEGATIVE NUMBERS.
R INDICATES RECORD WAS SET OR TIED.
MM INDICATES DATA IS MISSING.
T INDICATES TRACE AMOUNT.
$$