000
CXUS54 KMAF 012209
CF6CNM
PRELIMINARY LOCAL CLIMATOLOGICAL DATA (WS FORM: F-6)
STATION: CARLSBAD
MONTH: FEBRUARY
YEAR: 2022
LATITUDE: 32 20 N
LONGITUDE: 104 15 W
TEMPERATURE IN F: :PCPN: SNOW: WIND :SUNSHINE: SKY :PK WND
================================================================================
1 2 3 4 5 6A 6B 7 8 9 10 11 12 13 14 15 16 17 18
12Z AVG MX 2MIN
DY MAX MIN AVG DEP HDD CDD WTR SNW DPTH SPD SPD DIR MIN PSBL S-S WX SPD DR
================================================================================
1 63 34 49 3 16 0 0.00 M M 9.8 21 30 M M 0 26 360
2 46 19 33 -13 32 0 0.01 M M 10.3 18 70 M M 6 1 22 70
3 25 12 19 -27 46 0 T M M 13.9 24 330 M M 6 1 29 320
4 40 2 21 -26 44 0 0.00 M M 4.6 12 230 M M 0 15 310
5 52 11 32 -15 33 0 0.00 M M 5.8 13 140 M M 0 18 140
6 57 22 40 -7 25 0 0.00 M M 13.0 25 20 M M 3 31 30
7 53 23 38 -9 27 0 0.00 M M 4.6 12 310 M M 0 12 310
8 65 19 42 -5 23 0 0.00 M M 5.1 16 270 M M 0 23 270
9 65 29 47 0 18 0 0.00 M M 8.2 20 160 M M 0 23 150
10 63 29 46 -2 19 0 0.00 M M 11.6 29 320 M M 0 34 320
11 71 31 51 3 14 0 0.00 M M 11.3 25 260 M M 0 30 250
12 47 28 38 -10 27 0 0.00 M M 8.2 25 40 M M 5 30 40
13 63 21 42 -6 23 0 0.00 M M 5.8 16 140 M M 0 20 140
14 71 22 47 -1 18 0 0.00 M M 5.8 12 250 M M 0 15 150
15 78 21 50 2 15 0 0.00 M M 8.4 24 210 M M 0 32 190
16 76 35 56 7 9 0 0.00 M M 19.4 40 270 M M 2 8 51 270
17 48 26 37 -12 28 0 0.00 M M 15.1 44 260 M M 3 52 260
18 60 18 39 -10 26 0 0.00 M M 5.8 13 150 M M 0 18 120
19 63 23 43 -6 22 0 0.00 M M 6.6 20 150 M M 0 23 150
20 76 28 52 3 13 0 0.00 M M 7.4 23 270 M M 0 28 230
21 76 38 57 7 8 0 0.00 M M 14.8 32 240 M M 3 8 40 240
22 74 34 54 4 11 0 0.00 M M 12.4 32 260 M M 0 41 250
23 37 20 29 -21 36 0 0.00 M M 10.6 20 160 M M 0 25 70
24 45 12 29 -21 36 0 0.00 M M 4.2 21 150 M M 1 25 150
25 44 21 33 -17 32 0 0.00 M M 10.4 21 160 M M 0 26 160
26 M 22 M M M M 0.00 M M 4.6 13 120 M M 0 16 120
27 M M M M M M 0.00 M M 7.3 16 160 M M 0 20 160
28 M M M M M M 0.00 M M 6.4 13 200 M M 0 15 150
================================================================================
SM 1458 600 601 0 0.01 M 251.4 M 29
================================================================================
AV 58.3 23.1 9.0 FASTST M M 1 MAX(MPH)
MISC ----> 44 260 52 260
================================================================================
NOTES:
# LAST OF SEVERAL OCCURRENCES
COLUMN 17 PEAK WIND IN M.P.H.
PRELIMINARY LOCAL CLIMATOLOGICAL DATA (WS FORM: F-6) , PAGE 2
STATION: CARLSBAD
MONTH: FEBRUARY
YEAR: 2022
LATITUDE: 32 20 N
LONGITUDE: 104 15 W
[TEMPERATURE DATA] [PRECIPITATION DATA] SYMBOLS USED IN COLUMN 16
AVERAGE MONTHLY: 40.7 TOTAL FOR MONTH: 0.01 1 = FOG OR MIST
DPTR FM NORMAL: -7.7 DPTR FM NORMAL: -0.41 2 = FOG REDUCING VISIBILITY
HIGHEST: 78 ON 15 GRTST 24HR 0.01 ON 2- 2 TO 1/4 MILE OR LESS
LOWEST: 2 ON 4 3 = THUNDER
SNOW, ICE PELLETS, HAIL 4 = ICE PELLETS
TOTAL MONTH: M 5 = HAIL
GRTST 24HR M ON M 6 = FREEZING RAIN OR DRIZZLE
GRTST DEPTH: M ON M 7 = DUSTSTORM OR SANDSTORM:
VSBY 1/2 MILE OR LESS
8 = SMOKE OR HAZE
[NO. OF DAYS WITH] [WEATHER - DAYS WITH] 9 = BLOWING SNOW
X = TORNADO
MAX 32 OR BELOW: 1 0.01 INCH OR MORE: 1
MAX 90 OR ABOVE: 0 0.10 INCH OR MORE: 0
MIN 32 OR BELOW: 22 0.50 INCH OR MORE: 0
MIN 0 OR BELOW: 0 1.00 INCH OR MORE: 0
[HDD (BASE 65) ]
TOTAL THIS MO. 601 CLEAR (SCALE 0-3) 25
DPTR FM NORMAL 137 PTCLDY (SCALE 4-7) 3
TOTAL FM JUL 1 2074 CLOUDY (SCALE 8-10) 0
DPTR FM NORMAL -251
[CDD (BASE 65) ]
TOTAL THIS MO. 0
DPTR FM NORMAL -1 [PRESSURE DATA]
TOTAL FM JAN 1 0 HIGHEST SLP 30.72 ON 4
DPTR FM NORMAL 0 LOWEST SLP 29.44 ON 16
[REMARKS]
#FINAL-02-22#