000
CXUS54 KMAF 261110
CF6CNM
PRELIMINARY LOCAL CLIMATOLOGICAL DATA (WS FORM: F-6)
STATION: CARLSBAD
MONTH: APRIL
YEAR: 2024
LATITUDE: 32 20 N
LONGITUDE: 104 15 W
TEMPERATURE IN F: :PCPN: SNOW: WIND :SUNSHINE: SKY :PK WND
================================================================================
1 2 3 4 5 6A 6B 7 8 9 10 11 12 13 14 15 16 17 18
12Z AVG MX 2MIN
DY MAX MIN AVG DEP HDD CDD WTR SNW DPTH SPD SPD DIR MIN PSBL S-S WX SPD DR
================================================================================
1 69 52 61 1 4 0 T M M 22.4 49 260 M M 1 8 61 270
2 64 44 54 -6 11 0 0.00 M M 12.8 23 340 M M 2 32 340
3 78 35 57 -4 8 0 0.00 M M 4.9 15 360 M M 0 19 360
4 83 41 62 1 3 0 0.00 M M 7.5 21 190 M M 0 29 210
5 87 45 66 5 0 1 0.00 M M 12.5 29 200 M M 0 39 200
6 71 52 62 0 3 0 0.00 M M 20.9 35 260 M M 1 52 270
7 76 40 58 -4 7 0 0.00 M M 13.6 29 240 M M 0 37 230
8 78 43 61 -1 4 0 0.00 M M 6.2 21 50 M M 0 29 60
9 59 43 51 -11 14 0 0.00 M M 16.1 29 320 M M 7 39 330
10 71 37 54 -8 11 0 0.00 M M 5.9 16 40 M M 0 23 40
11 79 38 59 -4 6 0 0.00 M M 9.7 21 160 M M 0 30 150
12 86 45 66 3 0 1 0.00 M M 11.1 26 150 M M 0 36 120
13 90 46 68 5 0 3 0.00 M M 8.7 25 270 M M 0 38 270
14 87 55 71 8 0 6 0.00 M M 10.9 24 290 M M 0 31 260
15 90 56 73 9 0 8 0.00 M M 16.9 43 230 M M 2 8 53 240
16 84 53 69 5 0 4 0.00 M M 11.6 22 240 M M 0 8 33 230
17 90 50 70 6 0 5 0.00 M M 8.9 23 250 M M 0 27 250
18 87 55 71 7 0 6 0.00 M M 11.1 21 70 M M 0 28 70
19 67 52 60 -4 5 0 0.00 M M 9.0 18 100 M M 2 24 110
20 59 46 53 -12 12 0 0.00 M M 8.5 18 30 M M 8 1 23 60
21 57 44 51 -14 14 0 0.00 M M 7.7 14 160 M M 10 1 19 100
22 81 53 67 2 0 2 0.00 M M 12.7 22 140 M M 4 30 150
23 94 52 73 8 0 8 0.00 M M 9.2 22 250 M M 0 32 260
24 88 56 72 6 0 7 0.00 M M 9.3 25 320 M M 0 29 340
25 92 57 75 9 0 10 0.00 M M 16.9 35 270 M M 1 8 48 230
================================================================================
SM 1967 1190 102 61 T M 285.0 M 38
================================================================================
AV 78.7 47.6 11.4 FASTST M M 2 MAX(MPH)
MISC ----> 49 260 61 270
================================================================================
NOTES:
# LAST OF SEVERAL OCCURRENCES
COLUMN 17 PEAK WIND IN M.P.H.
PRELIMINARY LOCAL CLIMATOLOGICAL DATA (WS FORM: F-6) , PAGE 2
STATION: CARLSBAD
MONTH: APRIL
YEAR: 2024
LATITUDE: 32 20 N
LONGITUDE: 104 15 W
[TEMPERATURE DATA] [PRECIPITATION DATA] SYMBOLS USED IN COLUMN 16
AVERAGE MONTHLY: 63.1 TOTAL FOR MONTH: T 1 = FOG OR MIST
DPTR FM NORMAL: 0.1 DPTR FM NORMAL: -0.35 2 = FOG REDUCING VISIBILITY
HIGHEST: 94 ON 23 GRTST 24HR T ON 1- 1 TO 1/4 MILE OR LESS
LOWEST: 35 ON 3 3 = THUNDER
SNOW, ICE PELLETS, HAIL 4 = ICE PELLETS
TOTAL MONTH: M 5 = HAIL
GRTST 24HR M ON M 6 = FREEZING RAIN OR DRIZZLE
GRTST DEPTH: M ON M 7 = DUSTSTORM OR SANDSTORM:
VSBY 1/2 MILE OR LESS
8 = SMOKE OR HAZE
[NO. OF DAYS WITH] [WEATHER - DAYS WITH] 9 = BLOWING SNOW
X = TORNADO
MAX 32 OR BELOW: 0 0.01 INCH OR MORE: 0
MAX 90 OR ABOVE: 5 0.10 INCH OR MORE: 0
MIN 32 OR BELOW: 0 0.50 INCH OR MORE: 0
MIN 0 OR BELOW: 0 1.00 INCH OR MORE: 0
[HDD (BASE 65) ]
TOTAL THIS MO. 102 CLEAR (SCALE 0-3) 21
DPTR FM NORMAL 3 PTCLDY (SCALE 4-7) 2
TOTAL FM JUL 1 2387 CLOUDY (SCALE 8-10) 2
DPTR FM NORMAL -338
[CDD (BASE 65) ]
TOTAL THIS MO. 61
DPTR FM NORMAL 11 [PRESSURE DATA]
TOTAL FM JAN 1 76 HIGHEST SLP M ON M
DPTR FM NORMAL 14 LOWEST SLP 29.49 ON 25
[REMARKS]