000
CXUS55 KGJT 010910
CF6CNY
PRELIMINARY LOCAL CLIMATOLOGICAL DATA (WS FORM: F-6)
STATION: CANYONLANDS AIRPORT UT
MONTH: AUGUST
YEAR: 2021
LATITUDE: 38 46 N
LONGITUDE: 109 45 W
TEMPERATURE IN F: :PCPN: SNOW: WIND :SUNSHINE: SKY :PK WND
================================================================================
1 2 3 4 5 6A 6B 7 8 9 10 11 12 13 14 15 16 17 18
12Z AVG MX 2MIN
DY MAX MIN AVG DEP HDD CDD WTR SNW DPTH SPD SPD DIR MIN PSBL S-S WX SPD DR
================================================================================
1 91 66 79 -2 0 14 T M M 7.2 24 240 M M 2 13 29 250
2 87 64 76 -5 0 11 0.01 M M 5.8 24 300 M M 2 30 300
3 94 64 79 -2 0 14 0.00 M M 6.6 20 290 M M 0 28 300
4 95 62 79 -2 0 14 0.00 M M 5.3 17 60 M M 0 25 330
5 97 64 81 0 0 16 0.00 M M 4.2 14 220 M M 0 19 80
6 100 72 86 6 0 21 0.00 M M 13.9 32 230 M M 1 8 46 210
7 90 65 78 -2 0 13 0.00 M M 8.6 20 280 M M 2 8 24 270
8 96 57 77 -3 0 12 0.00 M M 4.3 17 250 M M 0 8 26 250
9 99 60 80 0 0 15 0.00 M M 2.7 17 250 M M 0 8 23 250
10 98 63 81 1 0 16 0.00 M M 3.8 16 270 M M 0 8 20 310
11 98 63 81 2 0 16 0.00 M M 5.6 18 260 M M 0 25 280
12 98 59 79 0 0 14 0.00 M M 4.5 15 280 M M 0 18 300
13 101 64 83 4 0 18 0.00 M M 4.3 12 100 M M 0 16 110
14 99 74 87 8 0 22 0.00 M M 6.0 14 280 M M 0 19 320
15 99 72 86 8 0 21 0.00 M M 6.6 31 330 M M 0 8 43 330
16 96 71 84 6 0 19 0.00 M M 6.1 15 160 M M 0 19 160
17 98 65 82 4 0 17 0.00 M M 9.8 43 270 M M 1 8 54 270
18 90 58 74 -4 0 9 0.67 M M 10.8 43 260 M M 3 138 53 270
19 64 53 59 -18 6 0 1.10 M M 9.3 29 240 M M 9 13 37 240
20 74 50 62 -15 3 0 0.00 M M 3.4 9 130 M M 0 12 100
21 85 58 72 -5 0 7 T M M 7.8 22 220 M M 1 3 29 250
22 89 65 77 1 0 12 0.00 M M 7.6 17 210 M M 0 23 210
23 92 65 79 3 0 14 0.01 M M 8.7 22 190 M M 1 30 220
24 91 58 75 -1 0 10 0.00 M M 6.6 22 240 M M 0 29 200
25 95 57 76 0 0 11 0.00 M M 5.2 16 290 M M 0 21 150
26 93 67 80 5 0 15 0.36 M M 7.5 39 200 M M 1 38 62 220
27 94 63 79 4 0 14 0.00 M M 4.2 18 270 M M 0 33 250
28 95 58 77 2 0 12 0.00 M M 2.7 12 330 M M 0 15 300
29 95 56 76 1 0 11 0.00 M M 2.7 12 140 M M 0 13 140
30 95 62 79 5 0 14 0.00 M M 3.4 12 100 M M 0 15 120
31 96 66 81 7 0 16 T M M 7.9 30 260 M M 1 8 41 170
================================================================================
SM 2884 1941 9 418 2.15 M 193.1 M 24
================================================================================
AV 93.0 62.6 6.2 FASTST M M 1 MAX(MPH)
MISC ----> # 43 270 62 220
================================================================================
NOTES:
# LAST OF SEVERAL OCCURRENCES
COLUMN 17 PEAK WIND IN M.P.H.
PRELIMINARY LOCAL CLIMATOLOGICAL DATA (WS FORM: F-6) , PAGE 2
STATION: CANYONLANDS AIRPORT UT
MONTH: AUGUST
YEAR: 2021
LATITUDE: 38 46 N
LONGITUDE: 109 45 W
[TEMPERATURE DATA] [PRECIPITATION DATA] SYMBOLS USED IN COLUMN 16
AVERAGE MONTHLY: 77.8 TOTAL FOR MONTH: 2.15 1 = FOG OR MIST
DPTR FM NORMAL: -0.2 DPTR FM NORMAL: 1.52 2 = FOG REDUCING VISIBILITY
HIGHEST: 101 ON 13 GRTST 24HR 1.73 ON 18-19 TO 1/4 MILE OR LESS
LOWEST: 50 ON 20 3 = THUNDER
SNOW, ICE PELLETS, HAIL 4 = ICE PELLETS
TOTAL MONTH: M 5 = HAIL
GRTST 24HR M ON M 6 = FREEZING RAIN OR DRIZZLE
GRTST DEPTH: M ON M 7 = DUSTSTORM OR SANDSTORM:
VSBY 1/2 MILE OR LESS
8 = SMOKE OR HAZE
[NO. OF DAYS WITH] [WEATHER - DAYS WITH] 9 = BLOWING SNOW
X = TORNADO
MAX 32 OR BELOW: 0 0.01 INCH OR MORE: 5
MAX 90 OR ABOVE: 26 0.10 INCH OR MORE: 3
MIN 32 OR BELOW: 0 0.50 INCH OR MORE: 2
MIN 0 OR BELOW: 0 1.00 INCH OR MORE: 1
[HDD (BASE 65) ]
TOTAL THIS MO. 9 CLEAR (SCALE 0-3) 30
DPTR FM NORMAL 8 PTCLDY (SCALE 4-7) 0
TOTAL FM JUL 1 9 CLOUDY (SCALE 8-10) 1
DPTR FM NORMAL 9
[CDD (BASE 65) ]
TOTAL THIS MO. 418
DPTR FM NORMAL 16 [PRESSURE DATA]
TOTAL FM JAN 1 1518 HIGHEST SLP M ON M
DPTR FM NORMAL 256 LOWEST SLP 29.54 ON 17
[REMARKS]
#FINAL-08-21#