000
CXUS51 KGYX 020411
CF6CON
PRELIMINARY LOCAL CLIMATOLOGICAL DATA (WS FORM: F-6)
STATION: CONCORD NH
MONTH: NOVEMBER
YEAR: 2023
LATITUDE: 43 12 N
LONGITUDE: 71 30 W
TEMPERATURE IN F: :PCPN: SNOW: WIND :SUNSHINE: SKY :PK WND
================================================================================
1 2 3 4 5 6A 6B 7 8 9 10 11 12 13 14 15 16 17 18
12Z AVG MX 2MIN
DY MAX MIN AVG DEP HDD CDD WTR SNW DPTH SPD SPD DIR MIN PSBL S-S WX SPD DR
================================================================================
1 47 31 39 -5 26 0 0.00 0.0 0 6.4 14 310 M M 6 20 300
2 47 22 35 -8 30 0 0.00 0.0 0 2.0 12 290 M M 0 16 300
3 57 25 41 -2 24 0 0.00 0.0 0 5.4 17 230 M M 2 28 220
4 52 40 46 3 19 0 0.00 0.0 0 1.2 6 200 M M 6 10 220
5 59 37 48 6 17 0 0.04 0.0 0 3.1 13 330 M M 7 1 18 320
6 47 25 36 -6 29 0 0.00 0.0 0 2.1 9 160 M M 5 13 140
7 67 42 55 13 10 0 0.05 0.0 0 9.3 23 310 M M 8 1 33 320
8 43 32 38 -3 27 0 T 0.0 0 13.0 26 310 M M 5 38 310
9 34 30 32 -9 33 0 0.27 1.2 1 1.1 7 320 M M 9 126 10 280
10 48 28 38 -3 27 0 0.00 0.0 T 2.6 9 250 M M 5 12 14 210
11 44 24 34 -6 31 0 0.00 0.0 0 8.9 21 290 M M 3 27 300
12 40 17 29 -11 36 0 0.00 0.0 0 5.3 12 310 M M 1 19 280
13 39 15 27 -13 38 0 0.00 0.0 0 1.8 6 80 M M 4 10 170
14 46 26 36 -3 29 0 0.00 0.0 0 5.0 17 320 M M 8 29 300
15 48 22 35 -4 30 0 0.00 0.0 0 2.1 9 160 M M 0 1 15 230
16 60 25 43 5 22 0 0.00 0.0 0 2.1 14 290 M M 0 23 290
17 65 24 45 7 20 0 T 0.0 0 4.6 20 200 M M 3 30 220
18 55 29 42 4 23 0 0.19 0.0 0 9.7 22 310 M M 6 1 33 310
19 49 19 34 -3 31 0 0.00 0.0 0 6.8 18 280 M M 4 32 270
20 37 18 28 -9 37 0 0.00 0.0 0 10.4 18 320 M M 1 29 320
21 38 12 25 -12 40 0 0.09 1.1 0 3.5 8 170 M M 1 1 14 210
22 41 32 37 1 28 0 1.02 1.6 3 6.0 14 20 M M 9 1 21 360
23 47 35 41 5 24 0 0.00 0.0 1 9.4 21 310 M M 4 30 310
24 46 22 34 -2 31 0 0.00 0.0 T 10.6 22 300 M M 4 30 300
25 37 19 28 -7 37 0 0.00 0.0 T 4.2 13 310 M M 0 18 320
26 43 18 31 -4 34 0 0.01 0.0 T 5.0 10 110 M M 4 18 110
27 50 31 41 7 24 0 0.57 0.0 0 8.5 22 100 M M 6 1 34 120
28 38 26 32 -2 33 0 0.00 0.0 0 9.6 21 290 M M 5 33 270
29 35 18 27 -7 38 0 0.00 0.0 0 7.2 18 280 M M 3 27 290
30 46 19 33 0 32 0 0.00 0.0 0 3.7 13 200 M M 4 19 190
================================================================================
SM 1405 763 860 0 2.24 3.9 170.6 M 123
================================================================================
AV 46.8 25.4 5.7 FASTST M M 4 MAX(MPH)
MISC ----> 26 310 38 310
================================================================================
NOTES:
# LAST OF SEVERAL OCCURRENCES
COLUMN 17 PEAK WIND IN M.P.H.
PRELIMINARY LOCAL CLIMATOLOGICAL DATA (WS FORM: F-6) , PAGE 2
STATION: CONCORD NH
MONTH: NOVEMBER
YEAR: 2023
LATITUDE: 43 12 N
LONGITUDE: 71 30 W
[TEMPERATURE DATA] [PRECIPITATION DATA] SYMBOLS USED IN COLUMN 16
AVERAGE MONTHLY: 36.1 TOTAL FOR MONTH: 2.24 1 = FOG OR MIST
DPTR FM NORMAL: -2.5 DPTR FM NORMAL: -1.20 2 = FOG REDUCING VISIBILITY
HIGHEST: 67 ON 7 GRTST 24HR 1.11 ON 21-22 TO 1/4 MILE OR LESS
LOWEST: 12 ON 21 3 = THUNDER
SNOW, ICE PELLETS, HAIL 4 = ICE PELLETS
TOTAL MONTH: 3.9 INCHES 5 = HAIL
GRTST 24HR 1.6 ON 22-22 6 = FREEZING RAIN OR DRIZZLE
GRTST DEPTH: 3 ON 22 7 = DUSTSTORM OR SANDSTORM:
VSBY 1/2 MILE OR LESS
8 = SMOKE OR HAZE
[NO. OF DAYS WITH] [WEATHER - DAYS WITH] 9 = BLOWING SNOW
X = TORNADO
MAX 32 OR BELOW: 0 0.01 INCH OR MORE: 8
MAX 90 OR ABOVE: 0 0.10 INCH OR MORE: 4
MIN 32 OR BELOW: 26 0.50 INCH OR MORE: 2
MIN 0 OR BELOW: 0 1.00 INCH OR MORE: 1
[HDD (BASE 65) ]
TOTAL THIS MO. 860 CLEAR (SCALE 0-3) 11
DPTR FM NORMAL 66 PTCLDY (SCALE 4-7) 16
TOTAL FM JUL 1 1319 CLOUDY (SCALE 8-10) 3
DPTR FM NORMAL -154
[CDD (BASE 65) ]
TOTAL THIS MO. 0
DPTR FM NORMAL 0 [PRESSURE DATA]
TOTAL FM JAN 1 574 HIGHEST SLP 30.61 ON 21
DPTR FM NORMAL 46 LOWEST SLP 29.48 ON 27
[REMARKS]
#FINAL-11-23#