000
CXUS55 KPUB 011914
CF6COS
PRELIMINARY LOCAL CLIMATOLOGICAL DATA (WS FORM: F-6)
STATION: COLORADO SPRINGS CO
MONTH: OCTOBER
YEAR: 2022
LATITUDE: 38 49 N
LONGITUDE: 104 43 W
TEMPERATURE IN F: :PCPN: SNOW: WIND :SUNSHINE: SKY :PK WND
================================================================================
1 2 3 4 5 6A 6B 7 8 9 10 11 12 13 14 15 16 17 18
12Z AVG MX 2MIN
DY MAX MIN AVG DEP HDD CDD WTR SNW DPTH SPD SPD DIR MIN PSBL S-S WX SPD DR
================================================================================
1 74 49 62 5 3 0 T 0.0 0 8.7 22 270 M M 7 29 170
2 70 47 59 3 6 0 T 0.0 0 8.7 25 180 M M 6 32 180
3 74 47 61 5 4 0 T 0.0 0 9.7 20 20 M M 7 25 10
4 70 50 60 4 5 0 0.03 0.0 0 5.1 24 250 M M 7 31 250
5 65 45 55 0 10 0 0.06 0.0 0 5.7 16 210 M M 8 19 210
6 70 42 56 1 9 0 0.00 0.0 0 6.6 16 170 M M 3 22 170
7 52 41 47 -7 18 0 0.02 0.0 0 6.0 14 140 M M 8 12 17 150
8 65 42 54 0 11 0 T 0.0 0 3.5 14 180 M M 5 1 18 230
9 71 39 55 2 10 0 0.00 0.0 0 5.6 14 150 M M 2 18 160
10 74 41 58 5 7 0 0.00 0.0 0 7.3 20 200 M M 2 26 200
11 78 47 63 11 2 0 0.00 0.0 0 12.2 28 360 M M 3 37 350
12 75 36 56 4 9 0 0.00 0.0 0 6.8 24 50 M M 0 31 60
13 67 34 51 -1 14 0 0.00 0.0 0 4.5 16 10 M M 1 24 340
14 76 38 57 6 8 0 0.00 0.0 0 6.0 17 220 M M 1 23 230
15 68 38 53 2 12 0 0.00 0.0 0 11.8 28 360 M M 2 37 360
16 55 39 47 -3 18 0 0.00 0.0 0 6.2 14 340 M M 8 18 350
17 63 31 47 -3 18 0 0.00 0.0 0 4.9 10 70 M M 1 13 130
18 70 32 51 1 14 0 0.00 0.0 0 9.1 18 20 M M 0 26 10
19 78 40 59 10 6 0 0.00 0.0 0 10.6 23 10 M M 0 30 360
20 77 39 58 9 7 0 0.00 0.0 0 8.3 17 170 M M 1 8 22 170
21 76 47 62 14 3 0 0.00 0.0 0 9.9 23 310 M M 4 31 290
22 77 48 63 15 2 0 0.00 0.0 0 10.5 30 220 M M 1 40 240
23 66 34 50 2 15 0 T 0.0 0 22.2 46 220 M M 4 59 220
24 47 27 37 -10 28 0 0.00 0.0 0 6.0 14 180 M M 4 23 190
25 63 28 46 -1 19 0 0.00 0.0 0 10.1 28 30 M M 5 33 40
26 61 34 48 1 17 0 0.00 0.0 0 8.8 23 180 M M 6 30 170
27 42 34 38 -8 27 0 0.04 T 0 15.7 29 320 M M 7 1 43 310
28 58 24 41 -5 24 0 0.00 0.0 0 7.5 18 150 M M 0 26 140
29 62 28 45 -1 20 0 0.00 0.0 0 9.5 23 40 M M 1 30 30
30 57 32 45 0 20 0 0.00 0.0 0 7.5 16 360 M M 4 21 170
31 64 31 48 3 17 0 0.00 0.0 0 6.4 13 140 M M 1 18 180
================================================================================
SM 2065 1184 383 0 0.15 T 261.4 M 109
================================================================================
AV 66.6 38.2 8.4 FASTST M M 4 MAX(MPH)
MISC ----> 46 220 59 220
================================================================================
NOTES:
COLUMN 17 PEAK WIND IN M.P.H.
PRELIMINARY LOCAL CLIMATOLOGICAL DATA (WS FORM: F-6) , PAGE 2
STATION: COLORADO SPRINGS CO
MONTH: OCTOBER
YEAR: 2022
LATITUDE: 38 49 N
LONGITUDE: 104 43 W
[TEMPERATURE DATA] [PRECIPITATION DATA] SYMBOLS USED IN COLUMN 16
AVERAGE MONTHLY: 52.4 TOTAL FOR MONTH: 0.15 1 = FOG OR MIST
DPTR FM NORMAL: 1.7 DPTR FM NORMAL: -0.62 2 = FOG REDUCING VISIBILITY
HIGHEST: 78 ON 11,19 GRTST 24HR 0.09 ON 4-5 TO 1/4 MILE OR LESS
LOWEST: 24 ON 28 3 = THUNDER
SNOW, ICE PELLETS, HAIL 4 = ICE PELLETS
TOTAL MONTH: T 5 = HAIL
GRTST 24HR T ON 27 6 = FREEZING RAIN OR DRIZZLE
GRTST DEPTH: 0 7 = DUSTSTORM OR SANDSTORM:
VSBY 1/2 MILE OR LESS
8 = SMOKE OR HAZE
[NO. OF DAYS WITH] [WEATHER - DAYS WITH] 9 = BLOWING SNOW
X = TORNADO
MAX 32 OR BELOW: 0 0.01 INCH OR MORE: 4
MAX 90 OR ABOVE: 0 0.10 INCH OR MORE: 0
MIN 32 OR BELOW: 8 0.50 INCH OR MORE: 0
MIN 0 OR BELOW: 0 1.00 INCH OR MORE: 0
[HDD (BASE 65) ]
TOTAL THIS MO. 383 CLEAR (SCALE 0-3) 16
DPTR FM NORMAL -65 PTCLDY (SCALE 4-7) 12
TOTAL FM JUL 1 431 CLOUDY (SCALE 8-10) 3
DPTR FM NORMAL -158
[CDD (BASE 65) ]
TOTAL THIS MO. 0
DPTR FM NORMAL -3 [PRESSURE DATA]
TOTAL FM JAN 1 841 HIGHEST SLP 30.50 ON 7
DPTR FM NORMAL 233 LOWEST SLP 29.14 ON 23
[REMARKS]
#FINAL-10-22#