000
CXUS54 KCRP 011532
CF6COT
PRELIMINARY LOCAL CLIMATOLOGICAL DATA (WS FORM: F-6)
STATION: COTULLA
MONTH: DECEMBER
YEAR: 2022
LATITUDE: 28 27 N
LONGITUDE: 99 13 W
TEMPERATURE IN F: :PCPN: SNOW: WIND :SUNSHINE: SKY :PK WND
================================================================================
1 2 3 4 5 6A 6B 7 8 9 10 11 12 13 14 15 16 17 18
12Z AVG MX 2MIN
DY MAX MIN AVG DEP HDD CDD WTR SNW DPTH SPD SPD DIR MIN PSBL S-S WX SPD DR
================================================================================
1 54 46 50 -10 15 0 0.04 0.0 0 4.7 9 30 M M 8 18 13 60
2 64 51 58 -1 7 0 0.01 0.0 0 2.0 8 350 M M 10 18 9 360
3 69 60 65 6 0 0 0.02 0.0 0 4.9 12 60 M M 10 1 16 80
4 63 56 60 1 5 0 0.01 0.0 0 3.8 9 90 M M 10 18 12 60
5 74 60 67 8 0 2 0.02 0.0 0 2.4 7 220 M M 8 128 11 200
6 80 64 72 14 0 7 0.00 0.0 0 2.2 9 320 M M 8 1 11 310
7 85 69 77 19 0 12 0.00 0.0 0 7.4 17 140 M M 7 18 24 150
8 84 68 76 18 0 11 0.00 0.0 0 7.3 14 150 M M 7 18 19 150
9 84 67 76 18 0 11 0.00 0.0 M 8.4 15 150 M M 6 18 20 160
10 80 67 74 16 0 9 0.00 0.0 M 7.3 15 150 M M 7 20 140
11 81 65 73 16 0 8 0.00 0.0 0 6.9 15 110 M M 6 1 21 60
12 80 65 73 16 0 8 T 0.0 0 10.0 17 140 M M 8 18 24 140
13 85 66 76 19 0 11 0.00 0.0 0 6.4 15 150 M M 5 18 23 150
14 75 47 61 4 4 0 T 0.0 0 10.4 24 320 M M 4 35 320
15 73 37 55 -2 10 0 0.00 0.0 0 4.0 10 100 M M 0 17 160
16 77 48 63 6 2 0 0.00 0.0 0 7.0 20 30 M M 0 29 30
17 62 40 51 -5 14 0 0.00 0.0 0 4.1 10 30 M M 3 16 50
18 58 39 49 -7 16 0 T 0.0 0 7.0 15 120 M M 0 18 22 110
19 56 48 52 -4 13 0 0.19 0.0 0 7.1 12 20 M M 10 18 16 360
20 65 51 58 2 7 0 0.00 0.0 0 6.6 15 40 M M 9 1 21 40
21 59 49 54 -2 11 0 0.00 0.0 0 5.9 12 90 M M 8 17 110
22 69 29 49 -7 16 0 0.00 0.0 0 9.4 29 20 M M 8 43 20
23 39 24 32 -24 33 0 0.00 0.0 0 9.3 22 360 M M 6 29 20
24 45 20 33 -23 32 0 0.00 0.0 0 2.1 9 60 M M 0 13 70
25 54 23 39 -16 26 0 0.00 0.0 0 2.3 8 160 M M 0 12 170
26 69 28 49 -6 16 0 0.00 0.0 0 4.7 13 10 M M 1 16 10
27 69 36 53 -2 12 0 0.00 0.0 0 7.6 14 120 M M 0 20 140
28 83 42 63 8 2 0 0.00 0.0 0 7.6 14 160 M M 0 23 160
29 74 55 65 10 0 0 0.00 0.0 0 4.3 12 130 M M 4 12 17 140
30 78 53 66 11 0 1 0.00 0.0 0 5.5 13 10 M M 3 17 10
31 85 44 65 10 0 0 0.00 0.0 0 6.0 17 200 M M 0 25 220
================================================================================
SM 2173 1517 241 80 0.29 0.0 184.6 M 156
================================================================================
AV 70.1 48.9 6.0 FASTST M M 5 MAX(MPH)
MISC ----> 29 20 43 20
================================================================================
NOTES:
# LAST OF SEVERAL OCCURRENCES
COLUMN 17 PEAK WIND IN M.P.H.
PRELIMINARY LOCAL CLIMATOLOGICAL DATA (WS FORM: F-6) , PAGE 2
STATION: COTULLA
MONTH: DECEMBER
YEAR: 2022
LATITUDE: 28 27 N
LONGITUDE: 99 13 W
[TEMPERATURE DATA] [PRECIPITATION DATA] SYMBOLS USED IN COLUMN 16
AVERAGE MONTHLY: 59.5 TOTAL FOR MONTH: 0.29 1 = FOG OR MIST
DPTR FM NORMAL: 2.7 DPTR FM NORMAL: -0.72 2 = FOG REDUCING VISIBILITY
HIGHEST: 85 ON 31,13 GRTST 24HR 0.19 ON 19-20 TO 1/4 MILE OR LESS
LOWEST: 20 ON 24 3 = THUNDER
SNOW, ICE PELLETS, HAIL 4 = ICE PELLETS
TOTAL MONTH: 0.0 INCH 5 = HAIL
GRTST 24HR 0.0 6 = FREEZING RAIN OR DRIZZLE
GRTST DEPTH: 0 7 = DUSTSTORM OR SANDSTORM:
VSBY 1/2 MILE OR LESS
8 = SMOKE OR HAZE
[NO. OF DAYS WITH] [WEATHER - DAYS WITH] 9 = BLOWING SNOW
X = TORNADO
MAX 32 OR BELOW: 0 0.01 INCH OR MORE: 6
MAX 90 OR ABOVE: 0 0.10 INCH OR MORE: 1
MIN 32 OR BELOW: 5 0.50 INCH OR MORE: 0
MIN 0 OR BELOW: 0 1.00 INCH OR MORE: 0
[HDD (BASE 65) ]
TOTAL THIS MO. 241 CLEAR (SCALE 0-3) 11
DPTR FM NORMAL -41 PTCLDY (SCALE 4-7) 12
TOTAL FM JUL 1 409 CLOUDY (SCALE 8-10) 8
DPTR FM NORMAL -15
[CDD (BASE 65) ]
TOTAL THIS MO. 80
DPTR FM NORMAL 52 [PRESSURE DATA]
TOTAL FM JAN 1 4796 HIGHEST SLP 30.78 ON 23
DPTR FM NORMAL 846 LOWEST SLP 29.61 ON 13
[REMARKS]
#FINAL-12-22#