000
CXUS53 KLSX 011728 CCA
CF6COU

PRELIMINARY LOCAL CLIMATOLOGICAL DATA (WS FORM: F-6)

                                          STATION:   COLUMBIA ASOS
                                          MONTH:     NOVEMBER
                                          YEAR:      2013
                                          LATITUDE:   38 49 N
                                          LONGITUDE:  92 13 W

  TEMPERATURE IN F:       :PCPN:    SNOW:  WIND      :SUNSHINE: SKY     :PK WND
================================================================================
1   2   3   4   5  6A  6B    7    8   9   10  11  12  13   14  15   16   17  18
                                     12Z  AVG MX 2MIN
DY MAX MIN AVG DEP HDD CDD  WTR  SNW DPTH SPD SPD DIR MIN PSBL S-S WX    SPD DR
================================================================================

 1  61  44  53   2  12   0    T  0.0    0 11.0 22 280   M    M   2        26 280
 2  54  35  45  -6  20   0 0.00  0.0    0  9.6 18 320   M    M   5        24 340
 3  59  32  46  -4  19   0 0.00  0.0    0 11.7 22 160   M    M   0 1      28 150
 4  63  48  56   6   9   0 0.03  0.0    0 12.2 22 190   M    M   6        28 200
 5  57  52  55   6  10   0 0.44  0.0    0 13.0 21 160   M    M  10 1      24 170
 6  60  35  48  -1  17   0 0.41  0.0    0 11.9 25 290   M    M   8 1      35 280
 7  56  30  43  -6  22   0 0.00  0.0    0  7.7 20 290   M    M   0        25 290
 8  62  29  46  -2  19   0 0.00  0.0    0 12.0 23 170   M    M   0        30 180
 9  66  42  54   6  11   0 0.00  0.0    0  9.6 21 270   M    M   0        26 260
10  58  37  48   1  17   0 0.00  0.0    0  6.6 13  10   M    M   0        17  10
11  63  29  46  -1  19   0 0.03  0.0    0 12.8 29  20   M    M  10 18     37  10
12  36  20  28 -18  37   0 0.00  0.0    0  9.1 23  10   M    M   2        28  20
13  47  16  32 -14  33   0 0.00  0.0    0  9.1 17 200   M    M   0        22 190
14  57  29  43  -2  22   0 0.00  0.0    0 12.1 23 210   M    M   1        29 200
15  58  41  50   5  15   0    T  0.0    0 11.5 23 170   M    M   6        30 170
16  66  52  59  15   6   0 0.07  0.0    0 18.8 31 180   M    M   5 13     41 190
17  74  45  60  16   5   0    T  0.0    0 18.4 40 250   M    M   2 3      54 240
18  54  35  45   2  20   0 0.00  0.0    0  6.7 20 290   M    M   0        27 280
19  54  32  43   0  22   0 0.00  0.0    0  9.3 16 140   M    M   1        21 130
20  45  38  42   0  23   0 0.26  0.0    0 10.7 20 140   M    M  10 1      26 140
21  51  42  47   5  18   0 0.23  0.0    0  7.2 17 350   M    M  10 1      23 350
22  42  29  36  -5  29   0    T  0.0    0 12.5 23 330   M    M   9 1      28 330
23  31  14  23 -18  42   0 0.00  0.0    0 12.4 21  10   M    M   0        26  10
24  29  11  20 -20  45   0 0.00  0.0    0  6.4 16 150   M    M   0        18 160
25  38  27  33  -7  32   0 0.00  0.0    0  7.6 15 210   M    M  10        17 220
26  39  21  30  -9  35   0 0.00  0.0    0 12.5 22 340   M    M   2        27 340
27  30  15  23 -16  42   0 0.00  0.0    0  7.9 20 340   M    M   0        24 340
28  45  20  33  -5  32   0 0.00  0.0    0  8.8 20 270   M    M   0        24 260
29  48  22  35  -3  30   0 0.00  0.0    0  8.2 13 150   M    M   0        17 140
30  57  32  45   8  20   0 0.00  0.0    0  8.7 16 210   M    M   0        21 210
================================================================================
SM 1560  954       683   0  1.47     0.0 316.0          M       99
================================================================================
AV 52.0 31.8                              10.5 FASTST   M    M   3    MAX(MPH)
                                 MISC ---->  # 40 250               # 54  240
================================================================================
NOTES:
# LAST OF SEVERAL OCCURRENCES

COLUMN 17 PEAK WIND IN M.P.H.

PRELIMINARY LOCAL CLIMATOLOGICAL DATA (WS FORM: F-6) , PAGE 2

                                          STATION:  COLUMBIA ASOS
                                          MONTH:    NOVEMBER
                                          YEAR:     2013
                                          LATITUDE:   38 49 N
                                          LONGITUDE:  92 13 W

[TEMPERATURE DATA]      [PRECIPITATION DATA]       SYMBOLS USED IN COLUMN 16

AVERAGE MONTHLY: 41.9   TOTAL FOR MONTH:   1.47    1 = FOG OR MIST
DPTR FM NORMAL:  -2.5   DPTR FM NORMAL:   -1.78    2 = FOG REDUCING VISIBILITY
HIGHEST:    74 ON 17    GRTST 24HR  0.83 ON  5- 6      TO 1/4 MILE OR LESS
LOWEST:     11 ON 24                               3 = THUNDER
                        SNOW, ICE PELLETS, HAIL    4 = ICE PELLETS
                        TOTAL MONTH:   0.0 INCH    5 = HAIL
                        GRTST 24HR     0.0         6 = FREEZING RAIN OR DRIZZLE
                        GRTST DEPTH:   0           7 = DUSTSTORM OR SANDSTORM:
                                                       VSBY 1/2 MILE OR LESS
                                                   8 = SMOKE OR HAZE
[NO. OF DAYS WITH]      [WEATHER - DAYS WITH]      9 = BLOWING SNOW
                                                   X = TORNADO
MAX 32 OR BELOW:   3    0.01 INCH OR MORE:   7
MAX 90 OR ABOVE:   0    0.10 INCH OR MORE:   4
MIN 32 OR BELOW:  17    0.50 INCH OR MORE:   0
MIN  0 OR BELOW:   0    1.00 INCH OR MORE:   0

[HDD (BASE 65) ]
TOTAL THIS MO.   683    CLEAR  (SCALE 0-3)  19
DPTR FM NORMAL    63    PTCLDY (SCALE 4-7)   4
TOTAL FM JUL 1  1007    CLOUDY (SCALE 8-10)  7
DPTR FM NORMAL    22

[CDD (BASE 65) ]
TOTAL THIS MO.     0
DPTR FM NORMAL    -2    [PRESSURE DATA]
TOTAL FM JAN 1  1322    HIGHEST SLP 30.84 ON 12
DPTR FM NORMAL    73    LOWEST  SLP 29.39 ON 17

[REMARKS]
#FINAL-11-13#
