000
CXUS53 KLSX 011717
CF6COU

PRELIMINARY LOCAL CLIMATOLOGICAL DATA (WS FORM: F-6)

                                          STATION:   COLUMBIA ASOS
                                          MONTH:     JULY
                                          YEAR:      2013
                                          LATITUDE:   38 49 N
                                          LONGITUDE:  92 13 W

  TEMPERATURE IN F:       :PCPN:    SNOW:  WIND      :SUNSHINE: SKY     :PK WND
================================================================================
1   2   3   4   5  6A  6B    7    8   9   10  11  12  13   14  15   16   17  18
                                     12Z  AVG MX 2MIN
DY MAX MIN AVG DEP HDD CDD  WTR  SNW DPTH SPD SPD DIR MIN PSBL S-S WX    SPD DR
================================================================================

 1  82  60  71  -6   0   6 0.00  0.0    0 11.6 22  10   M    M   2        28  10
 2  81  57  69  -8   0   4 0.00  0.0    0 10.1 23  20   M    M   1        29  10
 3  84  56  70  -7   0   5    T  0.0    0  5.6 17 250   M    M   1 3      21 250
 4  85  58  72  -5   0   7 0.00  0.0    0  5.8 18 290   M    M   1        23 280
 5  85  63  74  -3   0   9    T  0.0    0  7.7 23 170   M    M   1        30 200
 6  88  63  76  -1   0  11 0.00  0.0    0  8.3 17 160   M    M   1 1      22 160
 7  90  67  79   2   0  14 0.00  0.0    0  9.3 18 210   M    M   0        23 190
 8  90  75  83   6   0  18 0.00  0.0    0  9.6 16 230   M    M   2 8      24 210
 9  94  75  85   8   0  20 0.00  0.0    0 10.0 23 200   M    M   0        28 230
10  89  71  80   3   0  15 0.67  0.0    0  9.5 20 250   M    M   3 13     29 280
11  85  65  75  -2   0  10 0.00  0.0    0  7.5 14  80   M    M   0        20  40
12  83  61  72  -5   0   7 0.00  0.0    0  7.0 15 110   M    M   0        20  90
13  81  62  72  -6   0   7 0.00  0.0    0  4.7 10 150   M    M   0        13 160
14  86  64  75  -3   0  10 0.00  0.0    0  8.0 15 150   M    M   1        19 150
15  89  69  79   1   0  14 0.32  0.0    0  6.7 16 160   M    M   3 13     21 170
16  90  71  81   3   0  16 0.00  0.0    0  6.3 13 150   M    M   2 1      15 160
17  93  73  83   5   0  18 0.00  0.0    0  4.1 10 170   M    M   0        13 150
18  93  72  83   5   0  18 0.00  0.0    0  5.2 10 230   M    M   1        14 240
19  96  71  84   6   0  19 0.00  0.0    0  7.5 15 150   M    M   1        19 120
20  87  72  80   2   0  15 0.05  0.0    0  8.1 21 240   M    M   3 1      25 240
21  83  68  76  -2   0  11 1.04  0.0    0  5.5 20 330   M    M   5 12     21 330
22  91  65  78   0   0  13 0.00  0.0    0  6.0 14 210   M    M   4 12     17 220
23  87  68  78   0   0  13 0.00  0.0    0  8.2 23  10   M    M   1 3      31 360
24  81  64  73  -5   0   8 0.00  0.0    0  7.3 14  20   M    M   1        16  30
25  82  59  71  -6   0   6 0.00  0.0    0  4.7 10 150   M    M   1        13 130
26  76  65  71  -6   0   6 0.21  0.0    0  7.2 16 220   M    M   8 1      21  20
27  76  56  66 -11   0   1 0.00  0.0    0  8.8 17 320   M    M   1        23 330
28  80  52  66 -11   0   1 0.00  0.0    0  5.5 13 260   M    M   0        16 290
29  74  59  67 -10   0   2 0.06  0.0    0  6.7 14 150   M    M   6 1      16 170
30  85  67  76  -1   0  11 0.10  0.0    0  5.4 10 150   M    M   9 1      14 140
31  79  65  72  -5   0   7    T  0.0    0  6.7 16 340   M    M   8 1      20 350
================================================================================
SM 2645 2013         0 322  2.45     0.0 224.6          M       67
================================================================================
AV 85.3 64.9                               7.2 FASTST   M    M   2    MAX(MPH)
                                 MISC ---->  # 23  20               # 31  360
================================================================================
NOTES:
# LAST OF SEVERAL OCCURRENCES

COLUMN 17 PEAK WIND IN M.P.H.

PRELIMINARY LOCAL CLIMATOLOGICAL DATA (WS FORM: F-6) , PAGE 2

                                          STATION:  COLUMBIA ASOS
                                          MONTH:    JULY
                                          YEAR:     2013
                                          LATITUDE:   38 49 N
                                          LONGITUDE:  92 13 W

[TEMPERATURE DATA]      [PRECIPITATION DATA]       SYMBOLS USED IN COLUMN 16

AVERAGE MONTHLY: 75.1   TOTAL FOR MONTH:   2.45    1 = FOG OR MIST
DPTR FM NORMAL:  -2.2   DPTR FM NORMAL:   -1.92    2 = FOG REDUCING VISIBILITY
HIGHEST:    96 ON 19    GRTST 24HR  1.04 ON 21-21      TO 1/4 MILE OR LESS
LOWEST:     52 ON 28                               3 = THUNDER
                        SNOW, ICE PELLETS, HAIL    4 = ICE PELLETS
                        TOTAL MONTH:   0.0 INCH    5 = HAIL
                        GRTST 24HR     0.0         6 = FREEZING RAIN OR DRIZZLE
                        GRTST DEPTH:   0           7 = DUSTSTORM OR SANDSTORM:
                                                       VSBY 1/2 MILE OR LESS
                                                   8 = SMOKE OR HAZE
[NO. OF DAYS WITH]      [WEATHER - DAYS WITH]      9 = BLOWING SNOW
                                                   X = TORNADO
MAX 32 OR BELOW:   0    0.01 INCH OR MORE:   7
MAX 90 OR ABOVE:   8    0.10 INCH OR MORE:   5
MIN 32 OR BELOW:   0    0.50 INCH OR MORE:   2
MIN  0 OR BELOW:   0    1.00 INCH OR MORE:   1

[HDD (BASE 65) ]
TOTAL THIS MO.     0    CLEAR  (SCALE 0-3)  25
DPTR FM NORMAL     0    PTCLDY (SCALE 4-7)   3
TOTAL FM JUL 1     0    CLOUDY (SCALE 8-10)  3
DPTR FM NORMAL     0

[CDD (BASE 65) ]
TOTAL THIS MO.   322
DPTR FM NORMAL   -60    [PRESSURE DATA]
TOTAL FM JAN 1   723    HIGHEST SLP 30.32 ON 17
DPTR FM NORMAL   -10    LOWEST  SLP 29.76 ON 23

[REMARKS]
#FINAL-07-13#
