000
CXUS53 KLSX 011645
CF6COU

PRELIMINARY LOCAL CLIMATOLOGICAL DATA (WS FORM: F-6)

                                          STATION:   COLUMBIA ASOS
                                          MONTH:     JUNE
                                          YEAR:      2013
                                          LATITUDE:   38 49 N
                                          LONGITUDE:  92 13 W

  TEMPERATURE IN F:       :PCPN:    SNOW:  WIND      :SUNSHINE: SKY     :PK WND
================================================================================
1   2   3   4   5  6A  6B    7    8   9   10  11  12  13   14  15   16   17  18
                                     12Z  AVG MX 2MIN
DY MAX MIN AVG DEP HDD CDD  WTR  SNW DPTH SPD SPD DIR MIN PSBL S-S WX    SPD DR
================================================================================

 1  74  61  68  -1   0   3 0.04  0.0    0 10.7 21 280   M    M   6        27 280
 2  65  56  61  -8   4   0 0.00  0.0    0  8.1 15 330   M    M  10        18 310
 3  71  55  63  -6   2   0 0.00  0.0    0  5.0 12 140   M    M   3        15 120
 4  75  54  65  -5   0   0 0.00  0.0    0  8.1 16 120   M    M   0        21 110
 5  73  57  65  -5   0   0 0.12  0.0    0  5.2 10 300   M    M   3 18     13 170
 6  76  58  67  -3   0   2 0.00  0.0    0  8.1 15 330   M    M   6 1      18 360
 7  74  55  65  -6   0   0 0.00  0.0    0  7.7 15 330   M    M   1        22 330
 8  78  53  66  -5   0   1 0.00  0.0    0  6.7 15 150   M    M   0 1      19 150
 9  76  63  70  -1   0   5 0.16  0.0    0  8.7 16 220   M    M   7 1      21 220
10  81  62  72   0   0   7 0.00  0.0    0  6.7 18 300   M    M   4        24 290
11  92  64  78   6   0  13 0.00  0.0    0  9.9 22 260   M    M   0        27 260
12  92  74  83  11   0  18 0.00  0.0    0 15.2 30 220   M    M   1        37 210
13  86  66  76   4   0  11 0.00  0.0    0  8.7 23 310   M    M   3        31 330
14  84  63  74   1   0   9 0.00  0.0    0  6.1 18 110   M    M   0        23 100
15  85  67  76   3   0  11 0.93  0.0    0  9.3 29 210   M    M   3 13     38 300
16  83  67  75   2   0  10 0.20  0.0    0  4.9 12 190   M    M   8 13     15 100
17  81  64  73  -1   0   8    T  0.0    0  5.9 18 150   M    M   2 3      24 150
18  87  64  76   2   0  11 0.00  0.0    0  6.3 14 350   M    M   0        19 340
19  84  60  72  -2   0   7 0.00  0.0    0  4.8  9 160   M    M   0        12 140
20  87  67  77   3   0  12    T  0.0    0  9.7 20 180   M    M   1 3      25 190
21  91  71  81   6   0  16    T  0.0    0 10.4 20 170   M    M   0 8      23 170
22  90  73  82   7   0  17 0.00  0.0    0 11.1 18 150   M    M   0        24 140
23  89  69  79   4   0  14 0.45  0.0    0 10.6 26 350   M    M   1 13     34 350
24  89  67  78   3   0  13 0.00  0.0    0 10.0 20 170   M    M   0 1      25 160
25  89  74  82   6   0  17 0.00  0.0    0 12.5 24 170   M    M   0        30 170
26  95  74  85   9   0  20 0.00  0.0    0 11.0 22 280   M    M   2        26 300
27  90  68  79   3   0  14 0.00  0.0    0  5.8 16 320   M    M   0        20 310
28  88  68  78   2   0  13 0.00  0.0    0 11.5 26 340   M    M   2 3      32 260
29  83  64  74  -2   0   9 0.15  0.0    0 14.2 40 330   M    M   2 1      53 330
30  78  64  71  -5   0   6    T  0.0    0 11.9 22 360   M    M   8        26 360
================================================================================
SM 2486 1922         6 267  2.05     0.0 264.8          M       73
================================================================================
AV 82.9 64.1                               8.8 FASTST   M    M   2    MAX(MPH)
                                 MISC ---->  # 40 330               # 53  330
================================================================================
NOTES:
# LAST OF SEVERAL OCCURRENCES

COLUMN 17 PEAK WIND IN M.P.H.

PRELIMINARY LOCAL CLIMATOLOGICAL DATA (WS FORM: F-6) , PAGE 2

                                          STATION:  COLUMBIA ASOS
                                          MONTH:    JUNE
                                          YEAR:     2013
                                          LATITUDE:   38 49 N
                                          LONGITUDE:  92 13 W

[TEMPERATURE DATA]      [PRECIPITATION DATA]       SYMBOLS USED IN COLUMN 16

AVERAGE MONTHLY: 73.5   TOTAL FOR MONTH:   2.05    1 = FOG OR MIST
DPTR FM NORMAL:   0.6   DPTR FM NORMAL:   -2.42    2 = FOG REDUCING VISIBILITY
HIGHEST:    95 ON 26    GRTST 24HR  3.67 ON 31- 1      TO 1/4 MILE OR LESS
LOWEST:     53 ON  8                               3 = THUNDER
                        SNOW, ICE PELLETS, HAIL    4 = ICE PELLETS
                        TOTAL MONTH:   0.0 INCH    5 = HAIL
                        GRTST 24HR     0.0         6 = FREEZING RAIN OR DRIZZLE
                        GRTST DEPTH:   0           7 = DUSTSTORM OR SANDSTORM:
                                                       VSBY 1/2 MILE OR LESS
                                                   8 = SMOKE OR HAZE
[NO. OF DAYS WITH]      [WEATHER - DAYS WITH]      9 = BLOWING SNOW
                                                   X = TORNADO
MAX 32 OR BELOW:   0    0.01 INCH OR MORE:   7
MAX 90 OR ABOVE:   6    0.10 INCH OR MORE:   6
MIN 32 OR BELOW:   0    0.50 INCH OR MORE:   1
MIN  0 OR BELOW:   0    1.00 INCH OR MORE:   0

[HDD (BASE 65) ]
TOTAL THIS MO.     6    CLEAR  (SCALE 0-3)  21
DPTR FM NORMAL    -5    PTCLDY (SCALE 4-7)   7
TOTAL FM JUL 1  4902    CLOUDY (SCALE 8-10)  2
DPTR FM NORMAL  -121

[CDD (BASE 65) ]
TOTAL THIS MO.   267
DPTR FM NORMAL    19    [PRESSURE DATA]
TOTAL FM JAN 1   401    HIGHEST M
DPTR FM NORMAL    50    LOWEST  M

[REMARKS]
#FINAL-06-13#
