000
CXUS53 KLSX 011859 CCA
CF6COU

PRELIMINARY LOCAL CLIMATOLOGICAL DATA (WS FORM: F-6)

                                          STATION:   COLUMBIA ASOS
                                          MONTH:     SEPTEMBER
                                          YEAR:      2013
                                          LATITUDE:   38 49 N
                                          LONGITUDE:  92 13 W

  TEMPERATURE IN F:       :PCPN:    SNOW:  WIND      :SUNSHINE: SKY     :PK WND
================================================================================
1   2   3   4   5  6A  6B    7    8   9   10  11  12  13   14  15   16   17  18
                                     12Z  AVG MX 2MIN
DY MAX MIN AVG DEP HDD CDD  WTR  SNW DPTH SPD SPD DIR MIN PSBL S-S WX    SPD DR
================================================================================

 1  92  69  81   8   0  16    T  0.0    0  5.9 20 260   M    M   1 128    25 260
 2  86  61  74   1   0   9 0.00  0.0    0  6.9 14  10   M    M   1        19  20
 3  86  53  70  -3   0   5 0.00  0.0    0  4.6 12 340   M    M   0        16 330
 4  88  57  73   1   0   8 0.00  0.0    0  3.3  9 330   M    M   0        12 330
 5  89  60  75   3   0  10 0.00  0.0    0  3.2 12  50   M    M   0        16  40
 6  91  63  77   5   0  12 0.00  0.0    0  6.6 13 190   M    M   0        16 160
 7  96  62  79   8   0  14 0.00  0.0    0  7.8 14 220   M    M   0        19 220
 8  88  71  80   9   0  15 0.54  0.0    0  8.1 17  20   M    M   3 13     22  10
 9  97  73  85  14   0  20 0.00  0.0    0  8.2 18 210   M    M   0        23 210
10  96  70  83  13   0  18 0.00  0.0    0  8.1 18 220   M    M   0        24 230
11  96  64  80  10   0  15 0.00  0.0    0  5.3 16 230   M    M   0 8      19 220
12  88  65  77   8   0  12    T  0.0    0  7.3 16  20   M    M   3 8      20  30
13  78  52  65  -4   0   0 0.00  0.0    0  7.6 16  40   M    M   0        21  40
14  79  47  63  -5   2   0 0.00  0.0    0  6.4 13 170   M    M   0        19 110
15  84  56  70   2   0   5 0.32  0.0    0  8.8 18  30   M    M   4 13     23  30
16  69  58  64  -4   1   0 0.14  0.0    0  8.6 15  60   M    M   8 1      19  50
17  68  60  64  -3   1   0 0.33  0.0    0  7.0 13 120   M    M  10 13     16 110
18  87  67  77  10   0  12 0.18  0.0    0 11.4 22 190   M    M   4 1      27 190
19  89  68  79  13   0  14 0.44  0.0    0 11.0 21 310   M    M   3 13     27 320
20  72  55  64  -2   1   0 0.26  0.0    0  8.6 17 330   M    M   2 13     22 310
21  73  48  61  -4   4   0 0.00  0.0    0  5.8 15 350   M    M   0 8      19 350
22  75  48  62  -3   3   0 0.00  0.0    0  5.0 12 150   M    M   0        16 160
23  78  52  65   1   0   0 0.00  0.0    0  8.7 16 130   M    M   0        21 130
24  81  55  68   4   0   3 0.00  0.0    0  7.8 20 280   M    M   2        24 280
25  76  56  66   3   0   1 0.00  0.0    0  4.3 10 310   M    M   5 12     13  80
26  84  57  71   8   0   6 0.00  0.0    0  7.8 15 180   M    M   0 12     20 170
27  85  63  74  11   0   9 0.00  0.0    0  9.5 18 160   M    M   1        23 190
28  78  58  68   6   0   3 0.21  0.0    0 11.4 20 170   M    M   7 1      26 160
29  75  51  63   1   2   0 0.00  0.0    0  4.7 12  30   M    M   3 12     15  80
30  75  50  63   2   2   0 0.00  0.0    0  7.4 13 160   M    M   4 12     17 160
================================================================================
SM 2499 1769        16 207  2.42     0.0 217.1          M       61
================================================================================
AV 83.3 59.0                               7.2 FASTST   M    M   2    MAX(MPH)
                                 MISC ---->  # 22 190               # 27  190
================================================================================
NOTES:
# LAST OF SEVERAL OCCURRENCES

COLUMN 17 PEAK WIND IN M.P.H.

PRELIMINARY LOCAL CLIMATOLOGICAL DATA (WS FORM: F-6) , PAGE 2

                                          STATION:  COLUMBIA ASOS
                                          MONTH:    SEPTEMBER
                                          YEAR:     2013
                                          LATITUDE:   38 49 N
                                          LONGITUDE:  92 13 W

[TEMPERATURE DATA]      [PRECIPITATION DATA]       SYMBOLS USED IN COLUMN 16

AVERAGE MONTHLY: 71.2   TOTAL FOR MONTH:   2.42    1 = FOG OR MIST
DPTR FM NORMAL:   3.6   DPTR FM NORMAL:   -1.45    2 = FOG REDUCING VISIBILITY
HIGHEST:    97 ON  9    GRTST 24HR  0.70 ON 19-20      TO 1/4 MILE OR LESS
LOWEST:     47 ON 14                               3 = THUNDER
                        SNOW, ICE PELLETS, HAIL    4 = ICE PELLETS
                        TOTAL MONTH:   0.0 INCH    5 = HAIL
                        GRTST 24HR     0.0         6 = FREEZING RAIN OR DRIZZLE
                        GRTST DEPTH:   0           7 = DUSTSTORM OR SANDSTORM:
                                                       VSBY 1/2 MILE OR LESS
                                                   8 = SMOKE OR HAZE
[NO. OF DAYS WITH]      [WEATHER - DAYS WITH]      9 = BLOWING SNOW
                                                   X = TORNADO
MAX 32 OR BELOW:   0    0.01 INCH OR MORE:   8
MAX 90 OR ABOVE:   6    0.10 INCH OR MORE:   8
MIN 32 OR BELOW:   0    0.50 INCH OR MORE:   1
MIN  0 OR BELOW:   0    1.00 INCH OR MORE:   0

[HDD (BASE 65) ]
TOTAL THIS MO.    16    CLEAR  (SCALE 0-3)  23
DPTR FM NORMAL   -50    PTCLDY (SCALE 4-7)   5
TOTAL FM JUL 1    16    CLOUDY (SCALE 8-10)  2
DPTR FM NORMAL   -52

[CDD (BASE 65) ]
TOTAL THIS MO.   207
DPTR FM NORMAL    63    [PRESSURE DATA]
TOTAL FM JAN 1  1274    HIGHEST SLP 30.28 ON 16
DPTR FM NORMAL    47    LOWEST  SLP 29.76 ON  1

[REMARKS]
#FINAL-09-13#
