000
CXUS53 KLSX 021714 CCA
CF6COU

PRELIMINARY LOCAL CLIMATOLOGICAL DATA (WS FORM: F-6)

                                          STATION:   COLUMBIA ASOS
                                          MONTH:     DECEMBER
                                          YEAR:      2015
                                          LATITUDE:   38 49 N
                                          LONGITUDE:  92 13 W

  TEMPERATURE IN F:       :PCPN:    SNOW:  WIND      :SUNSHINE: SKY     :PK WND
================================================================================
1   2   3   4   5  6A  6B    7    8   9   10  11  12  13   14  15   16   17  18
                                     12Z  AVG MX 2MIN
DY MAX MIN AVG DEP HDD CDD  WTR  SNW DPTH SPD SPD DIR MIN PSBL S-S WX    SPD DR
================================================================================

 1  49  32  41   4  24   0    T  0.0    0 12.3 23 220   M    M   2        29 220
 2  40  33  37   0  28   0    T    T    0 10.5 22 270   M    M   8 1      26 270
 3  48  30  39   3  26   0 0.00  0.0    0  3.2  8 240   M    M   2        10 260
 4  53  29  41   5  24   0 0.00  0.0    0  6.9 12 140   M    M   0 1      15 140
 5  57  31  44   9  21   0 0.00  0.0    0 10.6 16 140   M    M   0        20 160
 6  51  36  44   9  21   0 0.00  0.0    0  7.0 13 260   M    M   7 1      15 250
 7  49  37  43   8  22   0 0.00  0.0    0  7.2 13 160   M    M   5 1      16 170
 8  63  38  51  17  14   0 0.00  0.0    0  9.8 18 190   M    M   0        23 200
 9  56  40  48  14  17   0 0.00  0.0    0  8.4 14 270   M    M   0        17 260
10  67  43  55  21  10   0 0.00  0.0    0 11.8 28 240   M    M   0        35 240
11  63  37  50  17  15   0 0.00  0.0    0  9.8 22 170   M    M   1        37 190
12  69  54  62  29   3   0 0.00  0.0    0 10.5 18 150   M    M   6 1      23 150
13  67  54  61  28   4   0 2.15  0.0    0 14.4 28 240   M    M  10 1      37 170
14  54  42  48  16  17   0 0.14  0.0    0 16.2 33 240   M    M   9 1      42 240
15  53  41  47  15  18   0 0.00  0.0    0 10.4 17 170   M    M   6 1      24 150
16  54  31  43  11  22   0 0.00  0.0    0 14.0 24 250   M    M   1        30 250
17  34  30  32   0  33   0 0.00  0.0    0 10.2 16 330   M    M  10        20 310
18  40  23  32   1  33   0 0.00  0.0    0 11.0 26 250   M    M   0        33 240
19  50  24  37   6  28   0 0.00  0.0    0  7.9 16 150   M    M   0        20 150
20  56  42  49  18  16   0 0.08  0.0    0 17.5 28 190   M    M   3 1      38 190
21  60  36  48  17  17   0 0.02  0.0    0 12.4 23 180   M    M   8 1      30 180
22  52  34  43  12  22   0 0.00  0.0    0 10.5 22 150   M    M   5 1      27 160
23  66  38  52  21  13   0 0.15  0.0    0 18.4 29 260   M    M   6 1      46 220
24  48  31  40  10  25   0 0.01  0.0    0  6.5 12 130   M    M   3         M  M
25  46  30  38   8  27   0 0.00  0.0    0 10.4 16  90   M    M   2 1      21 100
26  49  41  45  15  20   0 2.20  0.0    0 10.9 28 360   M    M  10 1      34 360
27  41  35  38   8  27   0 1.14  0.0    0 19.5 29  40   M    M  10 1      38  40
28  38  29  34   4  31   0 1.15    T    0 16.6 29  60   M    M  10 1      42  60
29  30  27  29  -1  36   0 0.00  0.0    0  8.5 22 260   M    M  10        29 270
30  32  26  29  -1  36   0    T    T    0  6.1 14 250   M    M   9 1      15 260
31  37  26  32   2  33   0 0.00  0.0    0  7.1 15 280   M    M   5        19 310
================================================================================
SM 1572 1080       683   0  7.04    T    336.5          M      148
================================================================================
AV 50.7 34.8                              10.9 FASTST   M    M   5    MAX(MPH)
                                 MISC ---->  # 33 240               # 46  220
================================================================================
NOTES:
# LAST OF SEVERAL OCCURRENCES

COLUMN 17 PEAK WIND IN M.P.H.

PRELIMINARY LOCAL CLIMATOLOGICAL DATA (WS FORM: F-6) , PAGE 2

                                          STATION:  COLUMBIA ASOS
                                          MONTH:    DECEMBER
                                          YEAR:     2015
                                          LATITUDE:   38 49 N
                                          LONGITUDE:  92 13 W

[TEMPERATURE DATA]      [PRECIPITATION DATA]       SYMBOLS USED IN COLUMN 16

AVERAGE MONTHLY: 42.8   TOTAL FOR MONTH:   7.04    1 = FOG OR MIST
DPTR FM NORMAL:  10.4   DPTR FM NORMAL:    4.60    2 = FOG REDUCING VISIBILITY
HIGHEST:    69 ON 12    GRTST 24HR  2.67 ON 26-27      TO 1/4 MILE OR LESS
LOWEST:     23 ON 18                               3 = THUNDER
                        SNOW, ICE PELLETS, HAIL    4 = ICE PELLETS
                        TOTAL MONTH:    T          5 = HAIL
                        GRTST 24HR    T  ON 30-30
                                         ON 28-28  6 = FREEZING RAIN OR DRIZZLE
                        GRTST DEPTH:   0           7 = DUSTSTORM OR SANDSTORM:
                                                       VSBY 1/2 MILE OR LESS
                                                   8 = SMOKE OR HAZE
[NO. OF DAYS WITH]      [WEATHER - DAYS WITH]      9 = BLOWING SNOW
                                                   X = TORNADO
MAX 32 OR BELOW:   2    0.01 INCH OR MORE:   9
MAX 90 OR ABOVE:   0    0.10 INCH OR MORE:   6
MIN 32 OR BELOW:  14    0.50 INCH OR MORE:   4
MIN  0 OR BELOW:   0    1.00 INCH OR MORE:   4

[HDD (BASE 65) ]
TOTAL THIS MO.   683    CLEAR  (SCALE 0-3)  14
DPTR FM NORMAL  -327    PTCLDY (SCALE 4-7)   9
TOTAL FM JUL 1  1379    CLOUDY (SCALE 8-10)  8
DPTR FM NORMAL  -616

[CDD (BASE 65) ]
TOTAL THIS MO.     0
DPTR FM NORMAL     0    [PRESSURE DATA]
TOTAL FM JAN 1  1387    HIGHEST SLP 30.57 ON  4
DPTR FM NORMAL   138    LOWEST  SLP 29.11 ON 23

[REMARKS]
#FINAL-12-15#
