000
CXUS53 KLSX 011400
CF6COU
PRELIMINARY LOCAL CLIMATOLOGICAL DATA (WS FORM: F-6)
STATION: COLUMBIA ASOS
MONTH: APRIL
YEAR: 2023
LATITUDE: 38 49 N
LONGITUDE: 92 13 W
TEMPERATURE IN F: :PCPN: SNOW: WIND :SUNSHINE: SKY :PK WND
================================================================================
1 2 3 4 5 6A 6B 7 8 9 10 11 12 13 14 15 16 17 18
12Z AVG MX 2MIN
DY MAX MIN AVG DEP HDD CDD WTR SNW DPTH SPD SPD DIR MIN PSBL S-S WX SPD DR
================================================================================
1 59 37 48 -4 17 0 0.00 0.0 0 16.2 44 270 M M 2 61 290
2 78 36 57 5 8 0 T 0.0 0 12.3 25 190 M M 1 3 33 160
3 82 50 66 14 0 1 T 0.0 0 9.1 18 170 M M 2 24 210
4 87 61 74 21 0 9 0.00 0.0 0 19.8 36 180 M M 0 1 53 170
5 76 41 59 6 6 0 0.22 0.0 0 12.0 25 290 M M 4 138 36 270
6 56 35 46 -7 19 0 0.00 0.0 0 5.0 15 330 M M 0 19 330
7 65 37 51 -3 14 0 0.00 0.0 0 7.7 20 120 M M 0 25 130
8 69 42 56 2 9 0 0.00 0.0 0 9.0 17 140 M M 0 24 120
9 72 44 58 4 7 0 0.00 0.0 0 10.2 17 140 M M 0 24 130
10 74 47 61 6 4 0 0.00 0.0 0 6.7 14 180 M M 1 17 150
11 79 50 65 10 0 0 0.00 0.0 0 9.0 17 190 M M 0 24 180
12 79 53 66 11 0 1 0.00 0.0 0 11.1 20 210 M M 0 27 230
13 81 50 66 10 0 1 0.00 0.0 0 7.9 16 160 M M 0 24 160
14 83 55 69 13 0 4 0.00 0.0 0 9.2 20 180 M M 0 27 190
15 77 43 60 4 5 0 0.23 0.0 0 11.9 33 320 M M 5 13 45 310
16 49 41 45 -12 20 0 0.01 0.0 0 16.4 29 290 M M 9 1 40 290
17 68 41 55 -2 10 0 0.00 0.0 0 12.6 25 280 M M 0 37 280
18 79 48 64 7 1 0 T 0.0 0 8.7 18 180 M M 1 25 180
19 82 62 72 14 0 7 0.00 0.0 0 17.1 30 210 M M 3 47 200
20 81 47 64 6 1 0 0.11 0.0 0 16.2 36 190 M M 2 3 48 230
21 67 43 55 -3 10 0 0.00 0.0 0 10.4 29 270 M M 1 41 260
22 46 37 42 -16 23 0 0.00 0.0 0 12.4 25 310 M M 7 35 280
23 56 33 45 -14 20 0 0.00 0.0 0 8.5 21 320 M M 1 29 330
24 66 33 50 -9 15 0 0.00 0.0 0 7.8 16 190 M M 1 22 190
25 69 46 58 -1 7 0 0.00 0.0 0 6.8 15 280 M M 1 20 270
26 67 44 56 -4 9 0 0.00 0.0 0 9.7 17 80 M M 0 25 50
27 68 48 58 -2 7 0 0.00 0.0 0 7.3 15 90 M M 5 21 110
28 71 47 59 -1 6 0 0.00 0.0 0 5.9 12 300 M M 4 19 280
29 70 44 57 -4 8 0 0.01 0.0 0 12.4 36 10 M M 3 44 10
30 59 42 51 -10 14 0 0.00 0.0 0 17.4 33 320 M M 5 43 310
================================================================================
SM 2115 1337 240 23 0.58 0.0 326.7 M 58
================================================================================
AV 70.5 44.6 10.9 FASTST M M 2 MAX(MPH)
MISC ----> 44 270 61 290
================================================================================
NOTES:
# LAST OF SEVERAL OCCURRENCES
COLUMN 17 PEAK WIND IN M.P.H.
PRELIMINARY LOCAL CLIMATOLOGICAL DATA (WS FORM: F-6) , PAGE 2
STATION: COLUMBIA ASOS
MONTH: APRIL
YEAR: 2023
LATITUDE: 38 49 N
LONGITUDE: 92 13 W
[TEMPERATURE DATA] [PRECIPITATION DATA] SYMBOLS USED IN COLUMN 16
AVERAGE MONTHLY: 57.5 TOTAL FOR MONTH: 0.58 1 = FOG OR MIST
DPTR FM NORMAL: 1.1 DPTR FM NORMAL: -4.30 2 = FOG REDUCING VISIBILITY
HIGHEST: 87 ON 4 GRTST 24HR 0.24 ON 15-16 TO 1/4 MILE OR LESS
LOWEST: 33 ON 24,23 3 = THUNDER
SNOW, ICE PELLETS, HAIL 4 = ICE PELLETS
TOTAL MONTH: 0.0 INCH 5 = HAIL
GRTST 24HR 0.0 6 = FREEZING RAIN OR DRIZZLE
GRTST DEPTH: 0 7 = DUSTSTORM OR SANDSTORM:
VSBY 1/2 MILE OR LESS
8 = SMOKE OR HAZE
[NO. OF DAYS WITH] [WEATHER - DAYS WITH] 9 = BLOWING SNOW
X = TORNADO
MAX 32 OR BELOW: 0 0.01 INCH OR MORE: 5
MAX 90 OR ABOVE: 0 0.10 INCH OR MORE: 3
MIN 32 OR BELOW: 0 0.50 INCH OR MORE: 0
MIN 0 OR BELOW: 0 1.00 INCH OR MORE: 0
[HDD (BASE 65) ]
TOTAL THIS MO. 240 CLEAR (SCALE 0-3) 22
DPTR FM NORMAL -45 PTCLDY (SCALE 4-7) 7
TOTAL FM JUL 1 4132 CLOUDY (SCALE 8-10) 1
DPTR FM NORMAL -455
[CDD (BASE 65) ]
TOTAL THIS MO. 23
DPTR FM NORMAL -4 [PRESSURE DATA]
TOTAL FM JAN 1 27 HIGHEST SLP 30.49 ON 7
DPTR FM NORMAL -5 LOWEST SLP 29.40 ON 4
[REMARKS]
#FINAL-04-23#