000
CXUS53 KLSX 011600
CF6COU
PRELIMINARY LOCAL CLIMATOLOGICAL DATA (WS FORM: F-6)

                                          STATION:   COLUMBIA ASOS
                                          MONTH:     NOVEMBER
                                          YEAR:      2016
                                          LATITUDE:   38 49 N
                                          LONGITUDE:  92 13 W

  TEMPERATURE IN F:       :PCPN:    SNOW:  WIND      :SUNSHINE: SKY     :PK WND
================================================================================
1   2   3   4   5  6A  6B    7    8   9   10  11  12  13   14  15   16   17  18
                                     12Z  AVG MX 2MIN
DY MAX MIN AVG DEP HDD CDD  WTR  SNW DPTH SPD SPD DIR MIN PSBL S-S WX    SPD DR
================================================================================

 1  83  60  72  21   0   7 0.00  0.0    0 10.8 21 190   M    M   0        26 180
 2  82  63  73  22   0   8 1.49  0.0    0  9.9 32 360   M    M   6 13     42 350
 3  68  53  61  11   4   0 0.05  0.0    0  6.2 14  10   M    M   5 123    17 360
 4  70  50  60  10   5   0 0.00  0.0    0  5.3 10 120   M    M   0        14 160
 5  65  46  56   7   9   0 0.00  0.0    0  4.7  8 170   M    M   0         9 150
 6  64  42  53   4  12   0 0.00  0.0    0  7.1 12 130   M    M   0        14 130
 7  65  48  57   8   8   0    T  0.0    0  7.8 16 170   M    M   6        22 200
 8  66  46  56   8   9   0 0.21  0.0    0  7.0 13 340   M    M   6 1      17 200
 9  61  37  49   1  16   0 0.00  0.0    0  4.7  M   M   M    M   0 1       M  M
10  66  36  51   4  14   0 0.00  0.0    0  8.9 18 220   M    M   0        22 230
11  62  42  52   5  13   0 0.00  0.0    0 10.6 18  20   M    M   0        25  20
12  56  34  45  -1  20   0 0.00  0.0    0  4.7  9 160   M    M   0        13  90
13  60  32  46   0  19   0 0.00  0.0    0  7.2 14 210   M    M   0        17 200
14  66  39  53   8  12   0 0.00  0.0    0  6.8 13 260   M    M   1        17 260
15  66  40  53   8  12   0 0.00  0.0    0  4.6  9 250   M    M   0 1      12 250
16  72  44  58  14   7   0 0.00  0.0    0  8.1 14 160   M    M   0        17 160
17  80  57  69  25   0   4 0.00  0.0    0 15.3 32 210   M    M   0        39 210
18  68  37  53  10  12   0    T  0.0    0 20.9 30 290   M    M   5        41 280
19  46  30  38  -5  27   0 0.00  0.0    0 11.9 25 290   M    M   0        33 300
20  48  26  37  -5  28   0 0.00  0.0    0  6.0 10 110   M    M   0        14 120
21  55  29  42   0  23   0 0.00  0.0    0  9.0 15 110   M    M   0        21 120
22  52  40  46   5  19   0 0.04  0.0    0 14.3 22 140   M    M   7 3      27 160
23  54  42  48   7  17   0 0.00  0.0    0 11.8 23 310   M    M  10 1      28 290
24  47  35  41   1  24   0 0.00  0.0    0  6.0 12 310   M    M   6        16 270
25  43  32  38  -2  27   0 0.00  0.0    0  5.7 13 320   M    M   6 1      18 310
26  52  28  40   1  25   0 0.00  0.0    0  8.5 16 190   M    M   3 12     20 190
27  52  38  45   6  20   0 0.01  0.0    0 14.7 26 160   M    M   9 1      32 150
28  57  45  51  13  14   0    T  0.0    0 15.0 25 170   M    M   5        36 170
29  62  37  50  12  15   0 0.00  0.0    0  9.6 18 230   M    M   1        24 240
30  40  28  34  -3  31   0 0.00  0.0    0 11.8 22 280   M    M   7        30 290
================================================================================
SM 1828 1216       442  19  1.80     0.0 274.9          M       83
================================================================================
AV 60.9 40.5                               9.2 FASTST   M    M   3    MAX(MPH)
                                 MISC ---->  # 32 360               # 42  350
================================================================================
NOTES:
# LAST OF SEVERAL OCCURRENCES

COLUMN 17 PEAK WIND IN M.P.H.

PRELIMINARY LOCAL CLIMATOLOGICAL DATA (WS FORM: F-6) , PAGE 2

                                          STATION:  COLUMBIA ASOS
                                          MONTH:    NOVEMBER
                                          YEAR:     2016
                                          LATITUDE:   38 49 N
                                          LONGITUDE:  92 13 W

[TEMPERATURE DATA]      [PRECIPITATION DATA]       SYMBOLS USED IN COLUMN 16

AVERAGE MONTHLY: 50.7   TOTAL FOR MONTH:   1.80    1 = FOG OR MIST
DPTR FM NORMAL:   6.3   DPTR FM NORMAL:   -1.45    2 = FOG REDUCING VISIBILITY
HIGHEST:    83 ON  1    GRTST 24HR  1.54 ON  2- 3      TO 1/4 MILE OR LESS
LOWEST:     26 ON 20                               3 = THUNDER
                        SNOW, ICE PELLETS, HAIL    4 = ICE PELLETS
                        TOTAL MONTH:   0.0 INCH    5 = HAIL
                        GRTST 24HR     0.0         6 = FREEZING RAIN OR DRIZZLE
                        GRTST DEPTH:   0           7 = DUSTSTORM OR SANDSTORM:
                                                       VSBY 1/2 MILE OR LESS
                                                   8 = SMOKE OR HAZE
[NO. OF DAYS WITH]      [WEATHER - DAYS WITH]      9 = BLOWING SNOW
                                                   X = TORNADO
MAX 32 OR BELOW:   0    0.01 INCH OR MORE:   5
MAX 90 OR ABOVE:   0    0.10 INCH OR MORE:   2
MIN 32 OR BELOW:   7    0.50 INCH OR MORE:   1
MIN  0 OR BELOW:   0    1.00 INCH OR MORE:   1

[HDD (BASE 65) ]
TOTAL THIS MO.   442    CLEAR  (SCALE 0-3)  18
DPTR FM NORMAL  -178    PTCLDY (SCALE 4-7)  10
TOTAL FM JUL 1   583    CLOUDY (SCALE 8-10)  2
DPTR FM NORMAL  -402

[CDD (BASE 65) ]
TOTAL THIS MO.    19
DPTR FM NORMAL    17    [PRESSURE DATA]
TOTAL FM JAN 1  1632    HIGHEST SLP 30.50 ON 19
DPTR FM NORMAL   383    LOWEST  SLP 29.16 ON 28

[REMARKS]
#FINAL-11-16#
