000
CXUS53 KLSX 011801 CCA
CF6COU

PRELIMINARY LOCAL CLIMATOLOGICAL DATA (WS FORM: F-6)

                                          STATION:   COLUMBIA ASOS
                                          MONTH:     FEBRUARY
                                          YEAR:      2013
                                          LATITUDE:   38 49 N
                                          LONGITUDE:  92 13 W

  TEMPERATURE IN F:       :PCPN:    SNOW:  WIND      :SUNSHINE: SKY     :PK WND
================================================================================
1   2   3   4   5  6A  6B    7    8   9   10  11  12  13   14  15   16   17  18
                                     12Z  AVG MX 2MIN
DY MAX MIN AVG DEP HDD CDD  WTR  SNW DPTH SPD SPD DIR MIN PSBL S-S WX    SPD DR
================================================================================

 1  29   6  18 -13  47   0 0.00  0.0    0  7.6 16 310   M    M   3        21 300
 2  39  27  33   2  32   0 0.01  0.0    0  9.3 20 300   M    M   8        24 300
 3  43  30  37   6  28   0 0.00  0.0    0 11.6 31 320   M    M   0        42 320
 4  54  24  39   7  26   0 0.00  0.0    0  8.5 20 360   M    M   2 1      22 360
 5  55  23  39   7  26   0 0.00  0.0    0  8.0 21 260   M    M   1 18     26 260
 6  60  28  44  12  21   0 0.00  0.0    0 11.3 20 150   M    M   0        24 150
 7  49  35  42  10  23   0 0.28  0.0    0 10.5 23 330   M    M  10 1      27 340
 8  36  31  34   2  31   0 0.00  0.0    0 10.1 20 330   M    M  10 18     23 320
 9  46  31  39   6  26   0 0.08  0.0    0 12.2 23 150   M    M   7 1      30 140
10  62  38  50  17  15   0 0.37  0.0    0 20.9 37 220   M    M   5 13     47 210
11  49  32  41   8  24   0 0.00  0.0    0 13.9 30 270   M    M   1        39 260
12  43  25  34   1  31   0 0.00  0.0    0  4.1  9  30   M    M   2        10  40
13  51  28  40   6  25   0 0.00  0.0    0 10.2 21 260   M    M   1        25 260
14  52  33  43   9  22   0 0.00  0.0    0  9.9 20 270   M    M   2        25 310
15  39  22  31  -3  34   0 0.00  0.0    0 11.8 20 330   M    M   3        23 330
16  37  18  28  -7  37   0 0.00  0.0    0  6.2 15 240   M    M   2        21 260
17  56  28  42   7  23   0 0.00  0.0    0 10.8 20 150   M    M   3        26 140
18  57  29  43   8  22   0 0.20  0.0    0 17.9 31 320   M    M   6 13     40 310
19  32  22  27  -9  38   0 0.00  0.0    0 16.0 25 280   M    M   0        35 280
20  28  15  22 -14  43   0 0.00  0.0    0  8.2 15 100   M    M   4        18 100
21  29  22  26 -10  39   0 1.47 10.2    0 14.3 25  90   M    M  10 12346  32  80
22  33  20  27 -10  38   0 0.02    T    8 11.4 21 260   M    M   8 1      25 270
23  32  11  22 -15  43   0 0.00  0.0    8  3.8 12 220   M    M   0 18     12 220
24  47  17  32  -5  33   0 0.00  0.0    7  7.6 12 100   M    M   0 1      16 100
25  44  28  36  -2  29   0 0.46  2.0    5 15.5 29  70   M    M   4 13     38  70
26  35  32  34  -4  31   0 0.84  7.5   11 15.3 28  40   M    M  10 13     34  50
27  33  29  31  -7  34   0 0.13  0.8   15 13.8 24 290   M    M   9 18     29 280
28  33  29  31  -8  34   0    T    T   12 11.2 17 310   M    M  10 18     22 300
================================================================================
SM 1203  713       855   0  3.86    20.5 311.9          M      121
================================================================================
AV 43.0 25.5                              11.1 FASTST   M    M   4    MAX(MPH)
                                 MISC ---->  # 37 220               # 47  210
================================================================================
NOTES:
# LAST OF SEVERAL OCCURRENCES

COLUMN 17 PEAK WIND IN M.P.H.

PRELIMINARY LOCAL CLIMATOLOGICAL DATA (WS FORM: F-6) , PAGE 2

                                          STATION:  COLUMBIA ASOS
                                          MONTH:    FEBRUARY
                                          YEAR:     2013
                                          LATITUDE:   38 49 N
                                          LONGITUDE:  92 13 W

[TEMPERATURE DATA]      [PRECIPITATION DATA]       SYMBOLS USED IN COLUMN 16

AVERAGE MONTHLY: 34.3   TOTAL FOR MONTH:   3.86    1 = FOG OR MIST
DPTR FM NORMAL:  -0.1   DPTR FM NORMAL:    1.61    2 = FOG REDUCING VISIBILITY
HIGHEST:    62 ON 10    GRTST 24HR  1.49 ON 21-22      TO 1/4 MILE OR LESS
LOWEST:      6 ON  1                               3 = THUNDER
                        SNOW, ICE PELLETS, HAIL    4 = ICE PELLETS
                        TOTAL MONTH:  20.5 INCHES  5 = HAIL
                        GRTST 24HR  10.2 ON 21     6 = FREEZING RAIN OR DRIZZLE
                        GRTST DEPTH:  15 ON 27     7 = DUSTSTORM OR SANDSTORM:
                                                       VSBY 1/2 MILE OR LESS
                                                   8 = SMOKE OR HAZE
[NO. OF DAYS WITH]      [WEATHER - DAYS WITH]      9 = BLOWING SNOW
                                                   X = TORNADO
MAX 32 OR BELOW:   5    0.01 INCH OR MORE:  10
MAX 90 OR ABOVE:   0    0.10 INCH OR MORE:   7
MIN 32 OR BELOW:  25    0.50 INCH OR MORE:   2
MIN  0 OR BELOW:   0    1.00 INCH OR MORE:   1

[HDD (BASE 65) ]
TOTAL THIS MO.   855    CLEAR  (SCALE 0-3)  15
DPTR FM NORMAL    -2    PTCLDY (SCALE 4-7)   5
TOTAL FM JUL 1  3583    CLOUDY (SCALE 8-10)  8
DPTR FM NORMAL  -363

[CDD (BASE 65) ]
TOTAL THIS MO.     0
DPTR FM NORMAL     0    [PRESSURE DATA]
TOTAL FM JAN 1     1    HIGHEST SLP 30.52 ON  1
DPTR FM NORMAL     1    LOWEST  SLP 29.38 ON 26

[REMARKS]
#FINAL-02-13#
