000
CXUS53 KLSX 011600
CF6COU
PRELIMINARY LOCAL CLIMATOLOGICAL DATA (WS FORM: F-6)

                                          STATION:   COLUMBIA ASOS
                                          MONTH:     APRIL
                                          YEAR:      2013
                                          LATITUDE:   38 49 N
                                          LONGITUDE:  92 13 W

  TEMPERATURE IN F:       :PCPN:    SNOW:  WIND      :SUNSHINE: SKY     :PK WND
================================================================================
1   2   3   4   5  6A  6B    7    8   9   10  11  12  13   14  15   16   17  18
                                     12Z  AVG MX 2MIN
DY MAX MIN AVG DEP HDD CDD  WTR  SNW DPTH SPD SPD DIR MIN PSBL S-S WX    SPD DR
================================================================================

 1  49  32  41  -9  24   0 0.00  0.0    0 10.0 20  10   M    M   3        24  10
 2  49  25  37 -14  28   0 0.00  0.0    0  5.7 12  30   M    M   0        15  20
 3  53  30  42  -9  23   0 0.00  0.0    0  9.8 17  70   M    M   0        21  60
 4  59  33  46  -5  19   0 0.00  0.0    0  5.7 14  10   M    M   0        19  50
 5  68  39  54   2  11   0 0.00  0.0    0  7.0 13  60   M    M   0        16 130
 6  75  52  64  12   1   0 0.00  0.0    0 16.2 32 230   M    M   2        40 190
 7  77  49  63  11   2   0 0.17  0.0    0  6.1 21 180   M    M   2        27 180
 8  79  58  69  16   0   4 0.05  0.0    0 10.9 25 180   M    M   5 13     30 170
 9  77  65  71  18   0   6 0.00  0.0    0 13.2 24 180   M    M   8        31 190
10  70  46  58   5   7   0 2.46  0.0    0  9.4 33 310   M    M   9 138    42 230
11  46  37  42 -12  23   0 0.02  0.0    0 12.5 20 260   M    M  10 18     24 260
12  44  34  39 -15  26   0 0.00  0.0    0 11.4 21 260   M    M   6        26 250
13  60  34  47  -7  18   0 0.00  0.0    0  7.4 14 120   M    M   2        21 110
14  81  50  66  11   0   1 0.21  0.0    0 17.4 31 170   M    M   2 13     40 180
15  60  45  53  -2  12   0 1.29  0.0    0  9.1 24  40   M    M  10 13     30  40
16  48  42  45 -10  20   0 0.24  0.0    0 12.4 22  70   M    M   9 13     28  70
17  84  48  66  10   0   1 0.01  0.0    0 12.6 26 350   M    M   7 123    32 360
18  75  39  57   1   8   0 1.92  0.0    0 15.7 28 270   M    M  10 13     37 270
19  51  36  44 -12  21   0 0.00  0.0    0 15.9 29 270   M    M   7        37 240
20  60  30  45 -12  20   0 0.00  0.0    0  6.1 15 110   M    M   1        20 110
21  67  45  56  -1   9   0    T  0.0    0 12.3 18 130   M    M   3        23 130
22  72  45  59   2   6   0    T  0.0    0  9.5 26 180   M    M   3 8      42 220
23  59  37  48 -10  17   0 0.61    T    0 11.9 21 350   M    M   9 1      25 350
24  52  33  43 -15  22   0 0.02    T    0 10.2 20 330   M    M   4 1      24 330
25  65  37  51  -7  14   0 0.00  0.0    0  6.7 13 250   M    M   0        17 210
26  59  48  54  -4  11   0 0.13  0.0    0 11.3 24 180   M    M   9 1      31 180
27  52  47  50  -9  15   0 0.26  0.0    0  7.5 12  90   M    M  10 1      16 120
28  65  50  58  -1   7   0 0.00  0.0    0  7.1 15 320   M    M   6 1      17 340
29  85  49  67   8   0   2 0.00  0.0    0 10.9 21 180   M    M   0        27 180
30  83  61  72  12   0   7 0.00  0.0    0 12.7 24 170   M    M   0        31 160
================================================================================
SM 1924 1276       364  21  7.39    T    314.6          M      137
================================================================================
AV 64.1 42.5                              10.5 FASTST   M    M   5    MAX(MPH)
                                 MISC ---->  # 33 310               # 42  230
================================================================================
NOTES:
# LAST OF SEVERAL OCCURRENCES

COLUMN 17 PEAK WIND IN M.P.H.

PRELIMINARY LOCAL CLIMATOLOGICAL DATA (WS FORM: F-6) , PAGE 2

                                          STATION:  COLUMBIA ASOS
                                          MONTH:    APRIL
                                          YEAR:     2013
                                          LATITUDE:   38 49 N
                                          LONGITUDE:  92 13 W

[TEMPERATURE DATA]      [PRECIPITATION DATA]       SYMBOLS USED IN COLUMN 16

AVERAGE MONTHLY: 53.3   TOTAL FOR MONTH:   7.39    1 = FOG OR MIST
DPTR FM NORMAL:  -1.7   DPTR FM NORMAL:    2.90    2 = FOG REDUCING VISIBILITY
HIGHEST:    85 ON 29    GRTST 24HR  2.46 ON 10-10      TO 1/4 MILE OR LESS
LOWEST:     25 ON  2                               3 = THUNDER
                        SNOW, ICE PELLETS, HAIL    4 = ICE PELLETS
                        TOTAL MONTH:    T          5 = HAIL
                        GRTST 24HR    T  ON 24-24  6 = FREEZING RAIN OR DRIZZLE
                        GRTST DEPTH:   0           7 = DUSTSTORM OR SANDSTORM:
                                                       VSBY 1/2 MILE OR LESS
                                                   8 = SMOKE OR HAZE
[NO. OF DAYS WITH]      [WEATHER - DAYS WITH]      9 = BLOWING SNOW
                                                   X = TORNADO
MAX 32 OR BELOW:   0    0.01 INCH OR MORE:  13
MAX 90 OR ABOVE:   0    0.10 INCH OR MORE:   9
MIN 32 OR BELOW:   4    0.50 INCH OR MORE:   4
MIN  0 OR BELOW:   0    1.00 INCH OR MORE:   3

[HDD (BASE 65) ]
TOTAL THIS MO.   364    CLEAR  (SCALE 0-3)  13
DPTR FM NORMAL    43    PTCLDY (SCALE 4-7)   9
TOTAL FM JUL 1  4761    CLOUDY (SCALE 8-10)  8
DPTR FM NORMAL  -142

[CDD (BASE 65) ]
TOTAL THIS MO.    21
DPTR FM NORMAL    -1    [PRESSURE DATA]
TOTAL FM JAN 1    22    HIGHEST SLP 30.40 ON  3
DPTR FM NORMAL    -3    LOWEST  SLP 29.48 ON 18

[REMARKS]
#FINAL-04-13#
