000
CXUS53 KLSX 031506 CCA
CF6COU

PRELIMINARY LOCAL CLIMATOLOGICAL DATA (WS FORM: F-6)

                                          STATION:   COLUMBIA ASOS
                                          MONTH:     MAY
                                          YEAR:      2013
                                          LATITUDE:   38 49 N
                                          LONGITUDE:  92 13 W

  TEMPERATURE IN F:       :PCPN:    SNOW:  WIND      :SUNSHINE: SKY     :PK WND
================================================================================
1   2   3   4   5  6A  6B    7    8   9   10  11  12  13   14  15   16   17  18
                                     12Z  AVG MX 2MIN
DY MAX MIN AVG DEP HDD CDD  WTR  SNW DPTH SPD SPD DIR MIN PSBL S-S WX    SPD DR
================================================================================

 1  82  60  71  11   0   6 0.00  0.0    0  8.7 16 190   M    M   4        21 170
 2  70  36  53  -7  12   0 0.16    T    0 14.3 22 360   M    M   9 1      28 350
 3  39  35  37 -23  28   0 0.68    T    0 12.6 20 330   M    M  10 1      23 350
 4  51  35  43 -18  22   0    T  0.0    0  7.0 15  10   M    M   8 1      17  10
 5  64  40  52  -9  13   0 0.35  0.0    0  9.0 23 340   M    M   9 12     28 340
 6  74  54  64   3   1   0 0.00  0.0    0  9.2 18 360   M    M   8 1      23 360
 7  79  52  66   4   0   1 0.00  0.0    0  5.8 10 350   M    M   1 8      14 360
 8  78  55  67   5   0   2    T  0.0    0  7.1 20 230   M    M   3        24 260
 9  75  60  68   6   0   3 0.10  0.0    0  8.8 22 240   M    M   6 13     27 240
10  62  48  55  -7  10   0 0.07  0.0    0  8.3 15 320   M    M   8 13     18 340
11  66  42  54  -9  11   0 0.00  0.0    0 11.9 26 320   M    M   0 1      33 330
12  63  37  50 -13  15   0 0.00  0.0    0  6.7 17 320   M    M   0        22 340
13  74  39  57  -6   8   0 0.00  0.0    0  7.4 14 180   M    M   0        18 190
14  89  54  72   9   0   7 0.00  0.0    0 13.8 25 230   M    M   0        35 220
15  87  65  76  12   0  11 0.00  0.0    0 10.7 18 230   M    M   0        25 230
16  80  61  71   7   0   6 0.04  0.0    0  6.5 17 170   M    M   4        21 170
17  78  59  69   5   0   4 0.00  0.0    0  4.5 12 140   M    M   6        15 160
18  84  62  73   8   0   8 0.00  0.0    0  8.2 16 140   M    M   3 12     20 160
19  89  65  77  12   0  12 0.02  0.0    0 12.9 33 300   M    M   3 138    44 300
20  78  61  70   5   0   5 1.48  0.0    0 13.2 37 220   M    M   8 13     50 230
21  74  61  68   3   0   3 0.00  0.0    0  9.5 20 230   M    M   3        26 240
22  69  56  63  -3   2   0 0.00  0.0    0 10.0 20 260   M    M   8        28 250
23  66  51  59  -7   6   0    T  0.0    0  9.8 20 320   M    M   7        25 320
24  70  48  59  -7   6   0 0.00  0.0    0  9.3 16 100   M    M   0 1      23 100
25  74  53  64  -3   1   0 0.17  0.0    0  9.9 18 140   M    M   3 13     23 100
26  84  59  72   5   0   7 0.01  0.0    0  9.3 20 190   M    M   4 3      24 180
27  73  62  68   1   0   3 1.41  0.0    0  9.8 30 150   M    M   4 13     39 150
28  78  67  73   6   0   8 0.03  0.0    0 11.1 25 200   M    M   5 13     33 190
29  84  68  76   8   0  11 0.00  0.0    0 12.9 22 160   M    M   2        31 170
30  83  63  73   5   0   8 1.61  0.0    0 13.0 30 170   M    M   6 13     38 260
31  82  61  72   4   0   7 3.66  0.0    0 11.6 31 160   M    M   6 13     40 300
================================================================================
SM 2299 1669       135 112  9.79    T    302.8          M      138
================================================================================
AV 74.2 53.8                               9.8 FASTST   M    M   4    MAX(MPH)
                                 MISC ---->  # 37 220               # 50  230
================================================================================
NOTES:
# LAST OF SEVERAL OCCURRENCES

COLUMN 17 PEAK WIND IN M.P.H.

PRELIMINARY LOCAL CLIMATOLOGICAL DATA (WS FORM: F-6) , PAGE 2

                                          STATION:  COLUMBIA ASOS
                                          MONTH:    MAY
                                          YEAR:     2013
                                          LATITUDE:   38 49 N
                                          LONGITUDE:  92 13 W

[TEMPERATURE DATA]      [PRECIPITATION DATA]       SYMBOLS USED IN COLUMN 16

AVERAGE MONTHLY: 64.0   TOTAL FOR MONTH:   9.79    1 = FOG OR MIST
DPTR FM NORMAL:   0.0   DPTR FM NORMAL:    4.81    2 = FOG REDUCING VISIBILITY
HIGHEST:    89 ON 19,14 GRTST 24HR  3.95 ON 30-31      TO 1/4 MILE OR LESS
LOWEST:     35 ON  4, 3                            3 = THUNDER
                        SNOW, ICE PELLETS, HAIL    4 = ICE PELLETS
                        TOTAL MONTH:  T            5 = HAIL
                        GRTST 24HR    T ON 2 AND 3 6 = FREEZING RAIN OR DRIZZLE
                        GRTST DEPTH:  0            7 = DUSTSTORM OR SANDSTORM:
                                                       VSBY 1/2 MILE OR LESS
                                                   8 = SMOKE OR HAZE
[NO. OF DAYS WITH]      [WEATHER - DAYS WITH]      9 = BLOWING SNOW
                                                   X = TORNADO
MAX 32 OR BELOW:   0    0.01 INCH OR MORE:  14
MAX 90 OR ABOVE:   0    0.10 INCH OR MORE:   9
MIN 32 OR BELOW:   0    0.50 INCH OR MORE:   5
MIN  0 OR BELOW:   0    1.00 INCH OR MORE:   4

[HDD (BASE 65) ]
TOTAL THIS MO.   135    CLEAR  (SCALE 0-3)  13
DPTR FM NORMAL    26    PTCLDY (SCALE 4-7)  10
TOTAL FM JUL 1  4896    CLOUDY (SCALE 8-10)  8
DPTR FM NORMAL  -116

[CDD (BASE 65) ]
TOTAL THIS MO.   112
DPTR FM NORMAL    34    [PRESSURE DATA]
TOTAL FM JAN 1   134    HIGHEST SLP 30.40 ON 24
DPTR FM NORMAL    31    LOWEST  SLP 29.61 ON 19

[REMARKS]
#FINAL-05-13#
