000
CXUS53 KLSX 011730
CF6COU

PRELIMINARY LOCAL CLIMATOLOGICAL DATA (WS FORM: F-6)

                                          STATION:   COLUMBIA ASOS
                                          MONTH:     JANUARY
                                          YEAR:      2013
                                          LATITUDE:   38 49 N
                                          LONGITUDE:  92 13 W

  TEMPERATURE IN F:       :PCPN:    SNOW:  WIND      :SUNSHINE: SKY     :PK WND
================================================================================
1   2   3   4   5  6A  6B    7    8   9   10  11  12  13   14  15   16   17  18
                                     12Z  AVG MX 2MIN
DY MAX MIN AVG DEP HDD CDD  WTR  SNW DPTH SPD SPD DIR MIN PSBL S-S WX    SPD DR
================================================================================

 1  25  11  18 -12  47   0 0.00  0.0    2  6.4 15  10   M    M   4 1      20  20
 2  32   6  19 -11  46   0 0.00  0.0    2  5.7 10 250   M    M   0 1      13 250
 3  38  20  29  -1  36   0 0.00  0.0    2  6.2 15 250   M    M   3 18     20 260
 4  39  16  28  -2  37   0 0.00  0.0    1  7.6 18 240   M    M   0        23 230
 5  39  25  32   2  33   0 0.02    T    1  8.0 18 220   M    M   7 1      22 220
 6  36  23  30   1  35   0 0.00  0.0    T  8.9 21 320   M    M   3        28 320
 7  50  20  35   6  30   0 0.00  0.0    0  9.7 17 190   M    M   0        20 210
 8  54  30  42  13  23   0 0.00  0.0    0 10.0 20 180   M    M   3        23 190
 9  56  33  45  16  20   0 0.00  0.0    0  6.3 13 999   M    M   0 1      17 240
10  48  39  44  15  21   0 0.25  0.0    0 11.2 22 120   M    M   8 12     28 230
11  63  45  54  25  11   0 0.00  0.0    0 14.1 25 180   M    M   3 12     30 180
12  57  27  42  13  23   0 0.36  0.5    0 13.0 23 350   M    M   5 16     28 350
13  27  12  20  -9  45   0    T    T    T 10.4 17 290   M    M   6 1      22 320
14  28  12  20  -9  45   0 0.00  0.0    T  5.2 10 360   M    M   0        14  40
15  30  13  22  -7  43   0 0.00  0.0    T  4.3 10  80   M    M   3        13  80
16  42  14  28  -1  37   0 0.00  0.0    T  7.9 20 230   M    M   1        25 230
17  42  26  34   4  31   0 0.00  0.0    0  8.2 20 360   M    M   1        23 360
18  56  25  41  11  24   0 0.00  0.0    0 13.3 26 210   M    M   0        32 220
19  59  40  50  20  15   0 0.00  0.0    0 14.1 24 240   M    M   0        31 230
20  42  22  32   2  33   0 0.00  0.0    0  9.7 17 340   M    M   2        21 310
21  24  15  20 -10  45   0 0.00  0.0    0 10.6 23 340   M    M   5        28 320
22  23  15  19 -11  46   0 0.00  0.0    0  5.2  9  20   M    M   8        12 340
23  45  13  29  -1  36   0 0.00  0.0    0  8.1 14 350   M    M   0         M  M
24  27  12  20 -10  45   0 0.00  0.0    0 12.3 21  30   M    M   3        25  20
25  43  26  35   5  30   0 0.00  0.0    0  7.7 16 250   M    M   4        21 250
26  46  24  35   5  30   0 0.00  0.0    0  7.5 13 120   M    M   0        17 110
27  57  32  45  15  20   0 0.15  0.0    0 15.2 23 180   M    M   7 16     32 190
28  77  54  66  36   0   1 0.00  0.0    0 12.3 28 210   M    M   6        33 220
29  70  49  60  29   5   0 1.53  0.0    0 13.0 30 300   M    M   8 13     36 310
30  51  25  38   7  27   0 0.07    T    0 16.4 29 300   M    M  10 16     37 300
31  32  10  21 -10  44   0 0.00  0.0    0 14.7 30 280   M    M   7        35 320
================================================================================
SM 1358  734       963   1  2.38     0.5 303.2          M      107
================================================================================
AV 43.8 23.7                               9.8 FASTST   M    M   3    MAX(MPH)
                                 MISC ---->  # 30 300               # 37  300
================================================================================
NOTES:
# LAST OF SEVERAL OCCURRENCES

COLUMN 17 PEAK WIND IN M.P.H.

PRELIMINARY LOCAL CLIMATOLOGICAL DATA (WS FORM: F-6) , PAGE 2

                                          STATION:  COLUMBIA ASOS
                                          MONTH:    JANUARY
                                          YEAR:     2013
                                          LATITUDE:   38 49 N
                                          LONGITUDE:  92 13 W

[TEMPERATURE DATA]      [PRECIPITATION DATA]       SYMBOLS USED IN COLUMN 16

AVERAGE MONTHLY: 33.8   TOTAL FOR MONTH:   2.38    1 = FOG OR MIST
DPTR FM NORMAL:   4.1   DPTR FM NORMAL:    0.46    2 = FOG REDUCING VISIBILITY
HIGHEST:    77 ON 28    GRTST 24HR  1.60 ON 29-30      TO 1/4 MILE OR LESS
LOWEST:      6 ON  2                               3 = THUNDER
                        SNOW, ICE PELLETS, HAIL    4 = ICE PELLETS
                        TOTAL MONTH:   0.5 INCH    5 = HAIL
                        GRTST 24HR  0.5 ON   12    6 = FREEZING RAIN OR DRIZZLE
                        GRTST DEPTH:  2 ON 3, 2, 1 7 = DUSTSTORM OR SANDSTORM:
                                                       VSBY 1/2 MILE OR LESS
                                                   8 = SMOKE OR HAZE
[NO. OF DAYS WITH]      [WEATHER - DAYS WITH]      9 = BLOWING SNOW
                                                   X = TORNADO
MAX 32 OR BELOW:   9    0.01 INCH OR MORE:   6
MAX 90 OR ABOVE:   0    0.10 INCH OR MORE:   4
MIN 32 OR BELOW:  25    0.50 INCH OR MORE:   1
MIN  0 OR BELOW:   0    1.00 INCH OR MORE:   1

[HDD (BASE 65) ]
TOTAL THIS MO.   963    CLEAR  (SCALE 0-3)  18
DPTR FM NORMAL  -131    PTCLDY (SCALE 4-7)   9
TOTAL FM JUL 1  2728    CLOUDY (SCALE 8-10)  4
DPTR FM NORMAL  -361

[CDD (BASE 65) ]
TOTAL THIS MO.     1
DPTR FM NORMAL     1    [PRESSURE DATA]
TOTAL FM JAN 1     1    HIGHEST SLP 30.58 ON 24
DPTR FM NORMAL     1    LOWEST  SLP 29.35 ON 30

[REMARKS]
#FINAL-01-13#
