000
CXUS53 KLSX 012208 CCA
CF6COU

PRELIMINARY LOCAL CLIMATOLOGICAL DATA (WS FORM: F-6)

                                          STATION:   COLUMBIA ASOS
                                          MONTH:     MARCH
                                          YEAR:      2013
                                          LATITUDE:   38 49 N
                                          LONGITUDE:  92 13 W

  TEMPERATURE IN F:       :PCPN:    SNOW:  WIND      :SUNSHINE: SKY     :PK WND
================================================================================
1   2   3   4   5  6A  6B    7    8   9   10  11  12  13   14  15   16   17  18
                                     12Z  AVG MX 2MIN
DY MAX MIN AVG DEP HDD CDD  WTR  SNW DPTH SPD SPD DIR MIN PSBL S-S WX    SPD DR
================================================================================

 1  32  22  27 -12  38   0 0.01  0.1   11 10.7 17  10   M    M  10 18     20  10
 2  32  17  25 -15  40   0    T    T   11  8.7 16 330   M    M   6 18     19 310
 3  38  13  26 -14  39   0    T    T   11  8.4 16 110   M    M   8 18     21 120
 4  50  34  42   2  23   0 0.00  0.0   10 11.7 16 120   M    M   2        23 130
 5  37  31  34  -7  31   0 0.04  0.2    8 19.4 31 290   M    M   9 18     44 300
 6  35  24  30 -11  35   0    T    T    8  8.9 30 330   M    M   7        36 340
 7  45  18  32  -9  33   0 0.00  0.0    6  8.3 14 110   M    M   0 1      19 100
 8  51  31  41  -1  24   0 0.01  0.0    5 10.8 17 140   M    M   2        21 140
 9  67  39  53  11  12   0 0.67  0.0    3 14.7 30 180   M    M   9 1      38 190
10  56  33  45   2  20   0 0.84  0.0    0 13.8 28 140   M    M  10 1      35 150
11  36  27  32 -11  33   0    T    T    0 13.2 22 270   M    M   8 16     28 280
12  47  26  37  -6  28   0    T  0.0    0 13.4 28 290   M    M   3        37 280
13  43  26  35  -9  30   0 0.00  0.0    0  8.5 22 310   M    M   2        27 330
14  67  29  48   4  17   0 0.00  0.0    0  9.2 20 260   M    M   3        26 260
15  79  39  59  15   6   0 0.00  0.0    0  9.5 24 230   M    M   0        29 240
16  65  37  51   6  14   0 0.01  0.0    0 13.1 24 240   M    M   7 18     29 240
17  37  34  36  -9  29   0 0.35    T    0 13.0 21  70   M    M  10 1      26  80
18  52  33  43  -2  22   0 0.01  0.0    0 12.4 29 300   M    M   5 1      40 280
19  46  30  38  -8  27   0 0.00  0.0    0  8.1 15 320   M    M   4        18 320
20  35  23  29 -17  36   0 0.00  0.0    0 13.2 25 320   M    M   2 1      32 320
21  40  18  29 -17  36   0 0.00  0.0    0  3.9 15 210   M    M   5        17 170
22  40  32  36 -11  29   0 0.00  0.0    0  6.7 12 100   M    M  10        15 100
23  50  35  43  -4  22   0 0.34    T    0 11.6 22  30   M    M  10 1      28  40
24  35  29  32 -16  33   0 0.68  9.6    1 19.3 31 330   M    M  10 123    37 350
25  34  26  30 -18  35   0 0.04  0.4    6 13.3 22 310   M    M  10 18     29 300
26  38  23  31 -17  34   0 0.00  0.0    6  7.0 17 320   M    M   2        21 330
27  43  22  33 -16  32   0    T  0.0    4  5.3 14 100   M    M   5        16 100
28  60  37  49   0  16   0 0.00  0.0    2  9.1 16 120   M    M   8        19 130
29  65  37  51   2  14   0 0.00  0.0    0  7.3 14  70   M    M   1        18  70
30  51  45  48  -2  17   0 0.29  0.0    0  8.3 17 150   M    M   7 1      20 150
31  67  45  56   6   9   0    T  0.0    0 10.6 22 330   M    M   4 12     26 320
================================================================================
SM 1473  915       814   0  3.29    10.3 331.4          M      179
================================================================================
AV 47.5 29.5                              10.7 FASTST   M    M   6    MAX(MPH)
                                 MISC ---->  # 31 290               # 44  300
================================================================================
NOTES:
# LAST OF SEVERAL OCCURRENCES

COLUMN 17 PEAK WIND IN M.P.H.

PRELIMINARY LOCAL CLIMATOLOGICAL DATA (WS FORM: F-6) , PAGE 2

                                          STATION:  COLUMBIA ASOS
                                          MONTH:    MARCH
                                          YEAR:     2013
                                          LATITUDE:   38 49 N
                                          LONGITUDE:  92 13 W

[TEMPERATURE DATA]      [PRECIPITATION DATA]       SYMBOLS USED IN COLUMN 16

AVERAGE MONTHLY: 38.5   TOTAL FOR MONTH:   3.29    1 = FOG OR MIST
DPTR FM NORMAL:  -6.1   DPTR FM NORMAL:    0.38    2 = FOG REDUCING VISIBILITY
HIGHEST:    79 ON 15    GRTST 24HR  0.84 ON 10         TO 1/4 MILE OR LESS
LOWEST:     13 ON  3                               3 = THUNDER
                        SNOW, ICE PELLETS, HAIL    4 = ICE PELLETS
                        TOTAL MONTH:  10.3 INCHES  5 = HAIL
                        GRTST 24HR   9.6 ON   24   6 = FREEZING RAIN OR DRIZZLE
                        GRTST DEPTH:  11 ON  3,2,1 7 = DUSTSTORM OR SANDSTORM:
                                                       VSBY 1/2 MILE OR LESS
                                                   8 = SMOKE OR HAZE
[NO. OF DAYS WITH]      [WEATHER - DAYS WITH]      9 = BLOWING SNOW
                                                   X = TORNADO
MAX 32 OR BELOW:   2    0.01 INCH OR MORE:  12
MAX 90 OR ABOVE:   0    0.10 INCH OR MORE:   6
MIN 32 OR BELOW:  19    0.50 INCH OR MORE:   3
MIN  0 OR BELOW:   0    1.00 INCH OR MORE:   0

[HDD (BASE 65) ]
TOTAL THIS MO.   814    CLEAR  (SCALE 0-3)  10
DPTR FM NORMAL   178    PTCLDY (SCALE 4-7)   9
TOTAL FM JUL 1  4397    CLOUDY (SCALE 8-10) 12
DPTR FM NORMAL  -185

[CDD (BASE 65) ]
TOTAL THIS MO.     0
DPTR FM NORMAL    -3    [PRESSURE DATA]
TOTAL FM JAN 1     1    HIGHEST SLP 30.48 ON 13
DPTR FM NORMAL    -2    LOWEST  SLP 29.60 ON 10

[REMARKS]
#FINAL-03-13#
