000
CXUS53 KLSX 311600
CF6COU
PRELIMINARY LOCAL CLIMATOLOGICAL DATA (WS FORM: F-6)

                                          STATION:   COLUMBIA ASOS
                                          MONTH:     DECEMBER
                                          YEAR:      2012
                                          LATITUDE:   38 49 N
                                          LONGITUDE:  92 13 W

  TEMPERATURE IN F:       :PCPN:    SNOW:  WIND      :SUNSHINE: SKY     :PK WND
================================================================================
1   2   3   4   5  6A  6B    7    8   9   10  11  12  13   14  15   16   17  18
                                     12Z  AVG MX 2MIN
DY MAX MIN AVG DEP HDD CDD  WTR  SNW DPTH SPD SPD DIR MIN PSBL S-S WX    SPD DR
================================================================================

 1  67  47  57  20   8   0 0.00  0.0    0 12.7 22 180   M    M   7 1      30 160
 2  71  55  63  26   2   0 0.00  0.0    0  6.8 14 200   M    M   3        17 190
 3  75  54  65  29   0   0 0.46  0.0    0 14.3 32 220   M    M   5 1      40 200
 4  61  39  50  14  15   0    T  0.0    0  6.0 13  20   M    M   2 8      17  20
 5  57  36  47  12  18   0 0.00  0.0    0  6.7 13 120   M    M   0 8      16 120
 6  54  38  46  11  19   0 0.00  0.0    0  6.7 12 170   M    M   1        16 180
 7  50  46  48  13  17   0 0.08  0.0    0  4.6 10 350   M    M  10 128    12 350
 8  46  41  44  10  21   0 0.07  0.0    0  7.9 14 350   M    M  10 1      17 360
 9  46  25  36   2  29   0 0.01  0.0    0 10.0 22 310   M    M   8 1      28 310
10  30  18  24 -10  41   0 0.00  0.0    0 10.3 20 290   M    M   7        28 290
11  43  16  30  -3  35   0 0.00  0.0    0  6.7 10 220   M    M   0        14 260
12  51  24  38   5  27   0 0.00  0.0    0  9.2 18 190   M    M   0 8      22 200
13  58  31  45  12  20   0 0.00  0.0    0  9.8 20 210   M    M   0        25 190
14  54  34  44  12  21   0 0.05  0.0    0 10.4 16 160   M    M   3        21 160
15  61  43  52  20  13   0 0.38  0.0    0 15.5 29 220   M    M   7 1      38 230
16  49  34  42  10  23   0 0.00  0.0    0  5.3 12 260   M    M   7 128    14 260
17  40  30  35   3  30   0    T  0.0    0  5.8 14 280   M    M   8 1      17 300
18  58  30  44  13  21   0 0.00  0.0    0 10.2 22 250   M    M   0 1      26 260
19  49  31  40   9  25   0 0.15  0.0    0 11.2 20 120   M    M   6 138    26  90
20  56  23  40   9  25   0 0.11  1.2    0 21.8 38 240   M    M   8 12     49 300
21  35  20  28  -3  37   0 0.00  0.0    1  8.7 23 280   M    M   0        30 280
22  53  16  35   4  30   0 0.00  0.0    0  8.0 14 170   M    M   0        18 170
23  47  27  37   6  28   0 0.00  0.0    0  6.0 12 330   M    M   1        15  30
24  30  20  25  -5  40   0 0.00  0.0    0 10.4 17 340   M    M   6 18     22 350
25  28  20  24  -6  41   0 0.00  0.0    0 14.0 24 360   M    M  10 18     31 360
26  31  20  26  -4  39   0 0.00  0.0    0 12.2 21 340   M    M   9        26 350
27  36  23  30   0  35   0 0.00  0.0    0  6.3 14 150   M    M   5        18 140
28  36  28  32   2  33   0 0.00  0.0    0  7.3 16 310   M    M  10        21 300
29  30  21  26  -4  39   0 0.01  0.2    T 10.9 20 310   M    M   6 18     24 320
30  44  19  32   2  33   0 0.00  0.0    0  9.1 18 200   M    M   0        24 220
================================================================================
SM 1446  909       765   0  1.32     1.4 284.8          M      139
================================================================================
AV 48.2 30.3                               9.5 FASTST   M    M   5    MAX(MPH)
                                 MISC ---->  # 38 240               # 49  300
================================================================================
NOTES:
# LAST OF SEVERAL OCCURRENCES

COLUMN 17 PEAK WIND IN M.P.H.

PRELIMINARY LOCAL CLIMATOLOGICAL DATA (WS FORM: F-6) , PAGE 2

                                          STATION:  COLUMBIA ASOS
                                          MONTH:    DECEMBER
                                          YEAR:     2012
                                          LATITUDE:   38 49 N
                                          LONGITUDE:  92 13 W

[TEMPERATURE DATA]      [PRECIPITATION DATA]       SYMBOLS USED IN COLUMN 16

AVERAGE MONTHLY: 39.2   TOTAL FOR MONTH:   1.32    1 = FOG OR MIST
DPTR FM NORMAL:   6.7   DPTR FM NORMAL:   -1.05    2 = FOG REDUCING VISIBILITY
HIGHEST:    75 ON  3    GRTST 24HR  0.46 ON  3- 3      TO 1/4 MILE OR LESS
LOWEST:     16 ON 22,11                            3 = THUNDER
                        SNOW, ICE PELLETS, HAIL    4 = ICE PELLETS
                        TOTAL MONTH:   1.4 INCHES  5 = HAIL
                        GRTST 24HR   1.2 ON   M    6 = FREEZING RAIN OR DRIZZLE
                        GRTST DEPTH:   1 ON 21     7 = DUSTSTORM OR SANDSTORM:
                                                       VSBY 1/2 MILE OR LESS
                                                   8 = SMOKE OR HAZE
[NO. OF DAYS WITH]      [WEATHER - DAYS WITH]      9 = BLOWING SNOW
                                                   X = TORNADO
MAX 32 OR BELOW:   5    0.01 INCH OR MORE:   9
MAX 90 OR ABOVE:   0    0.10 INCH OR MORE:   4
MIN 32 OR BELOW:  19    0.50 INCH OR MORE:   0
MIN  0 OR BELOW:   0    1.00 INCH OR MORE:   0

[HDD (BASE 65) ]
TOTAL THIS MO.   765    CLEAR  (SCALE 0-3)  13
DPTR FM NORMAL  -209    PTCLDY (SCALE 4-7)  10
TOTAL FM JUL 1  1732    CLOUDY (SCALE 8-10)  7
DPTR FM NORMAL  -227

[CDD (BASE 65) ]
TOTAL THIS MO.     0
DPTR FM NORMAL     0    [PRESSURE DATA]
TOTAL FM JAN 1  1896    HIGHEST SLP M ON M
DPTR FM NORMAL   647    LOWEST  SLP 29.24 ON 20

[REMARKS]
