000
CXUS53 KLSX 011510
CF6COU
PRELIMINARY LOCAL CLIMATOLOGICAL DATA (WS FORM: F-6)
STATION: COLUMBIA ASOS
MONTH: OCTOBER
YEAR: 2022
LATITUDE: 38 49 N
LONGITUDE: 92 13 W
TEMPERATURE IN F: :PCPN: SNOW: WIND :SUNSHINE: SKY :PK WND
================================================================================
1 2 3 4 5 6A 6B 7 8 9 10 11 12 13 14 15 16 17 18
12Z AVG MX 2MIN
DY MAX MIN AVG DEP HDD CDD WTR SNW DPTH SPD SPD DIR MIN PSBL S-S WX SPD DR
================================================================================
1 78 46 62 -1 3 0 0.00 0.0 0 7.3 13 20 M M 0 17 70
2 80 48 64 1 1 0 0.00 0.0 0 6.3 14 40 M M 0 19 30
3 80 52 66 3 0 1 0.00 0.0 0 6.3 12 70 M M 0 17 80
4 79 48 64 2 1 0 0.00 0.0 0 6.3 12 110 M M 0 8 16 140
5 79 49 64 2 1 0 T 0.0 0 6.2 13 180 M M 3 16 170
6 82 54 68 7 0 3 0.00 0.0 0 9.3 24 10 M M 1 31 360
7 64 41 53 -8 12 0 0.00 0.0 0 9.2 16 20 M M 1 21 10
8 65 35 50 -11 15 0 0.00 0.0 0 3.5 13 290 M M 0 18 300
9 76 39 58 -2 7 0 0.00 0.0 0 7.8 18 250 M M 0 31 260
10 84 50 67 7 0 2 0.00 0.0 0 6.5 16 220 M M 1 22 200
11 68 63 66 6 0 1 0.72 0.0 0 10.4 17 200 M M 9 1 25 210
12 72 50 61 2 4 0 0.18 0.0 0 11.2 28 340 M M 4 13 37 340
13 65 43 54 -5 11 0 0.00 0.0 0 13.2 30 290 M M 0 42 280
14 73 36 55 -3 10 0 T 0.0 0 12.0 29 280 M M 2 41 280
15 68 36 52 -6 13 0 0.00 0.0 0 3.9 12 200 M M 0 18 190
16 69 43 56 -2 9 0 0.00 0.0 0 9.8 22 310 M M 0 30 330
17 50 31 41 -16 24 0 0.00 0.0 0 13.3 24 310 M M 0 33 310
18 49 25 37 -20 28 0 0.00 0.0 0 10.4 18 300 M M 0 26 300
19 52 25 39 -17 26 0 0.00 0.0 0 7.5 17 310 M M 0 22 300
20 75 32 54 -2 11 0 0.00 0.0 0 9.5 20 240 M M 0 26 250
21 84 46 65 9 0 0 0.00 0.0 0 11.5 22 210 M M 0 28 220
22 87 59 73 18 0 8 0.00 0.0 0 15.7 31 170 M M 0 43 180
23 86 66 76 21 0 11 T 0.0 0 17.1 30 170 M M 0 47 190
24 75 56 66 12 0 1 0.60 0.0 0 14.5 25 170 M M 6 1 36 150
25 56 42 49 -5 16 0 1.43 0.0 0 15.6 43 20 M M 9 1 54 30
26 64 39 52 -2 13 0 0.00 0.0 0 6.4 14 320 M M 0 19 310
27 63 42 53 0 12 0 0.00 0.0 0 9.7 18 120 M M 0 27 100
28 66 38 52 -1 13 0 0.00 0.0 0 6.6 13 60 M M 0 21 40
29 71 43 57 5 8 0 0.00 0.0 0 7.6 13 70 M M 1 18 50
30 58 53 56 4 9 0 0.39 0.0 0 6.5 15 30 M M 10 1 20 40
31 70 52 61 9 4 0 0.05 0.0 0 5.6 12 250 M M 4 1 19 280
================================================================================
SM 2188 1382 251 27 3.37 0.0 286.7 M 51
================================================================================
AV 70.6 44.6 9.2 FASTST M M 2 MAX(MPH)
MISC ----> 43 20 54 30
================================================================================
NOTES:
# LAST OF SEVERAL OCCURRENCES
COLUMN 17 PEAK WIND IN M.P.H.
PRELIMINARY LOCAL CLIMATOLOGICAL DATA (WS FORM: F-6) , PAGE 2
STATION: COLUMBIA ASOS
MONTH: OCTOBER
YEAR: 2022
LATITUDE: 38 49 N
LONGITUDE: 92 13 W
[TEMPERATURE DATA] [PRECIPITATION DATA] SYMBOLS USED IN COLUMN 16
AVERAGE MONTHLY: 57.6 TOTAL FOR MONTH: 3.37 1 = FOG OR MIST
DPTR FM NORMAL: 0.1 DPTR FM NORMAL: -0.10 2 = FOG REDUCING VISIBILITY
HIGHEST: 87 ON 22 GRTST 24HR 1.79 ON 24-25 TO 1/4 MILE OR LESS
LOWEST: 25 ON 19,18 3 = THUNDER
SNOW, ICE PELLETS, HAIL 4 = ICE PELLETS
TOTAL MONTH: 0.0 INCH 5 = HAIL
GRTST 24HR 0.0 6 = FREEZING RAIN OR DRIZZLE
GRTST DEPTH: 0 7 = DUSTSTORM OR SANDSTORM:
VSBY 1/2 MILE OR LESS
8 = SMOKE OR HAZE
[NO. OF DAYS WITH] [WEATHER - DAYS WITH] 9 = BLOWING SNOW
X = TORNADO
MAX 32 OR BELOW: 0 0.01 INCH OR MORE: 6
MAX 90 OR ABOVE: 0 0.10 INCH OR MORE: 5
MIN 32 OR BELOW: 4 0.50 INCH OR MORE: 3
MIN 0 OR BELOW: 0 1.00 INCH OR MORE: 1
[HDD (BASE 65) ]
TOTAL THIS MO. 251 CLEAR (SCALE 0-3) 25
DPTR FM NORMAL -16 PTCLDY (SCALE 4-7) 3
TOTAL FM JUL 1 281 CLOUDY (SCALE 8-10) 3
DPTR FM NORMAL -34
[CDD (BASE 65) ]
TOTAL THIS MO. 27
DPTR FM NORMAL -7 [PRESSURE DATA]
TOTAL FM JAN 1 1715 HIGHEST SLP 30.50 ON 8
DPTR FM NORMAL 270 LOWEST SLP 29.54 ON 25
[REMARKS]
#FINAL-10-22#