000
CXUS53 KLSX 011645
CF6COU
PRELIMINARY LOCAL CLIMATOLOGICAL DATA (WS FORM: F-6)

                                          STATION:   COLUMBIA ASOS
                                          MONTH:     OCTOBER
                                          YEAR:      2012
                                          LATITUDE:   38 49 N
                                          LONGITUDE:  92 13 W

  TEMPERATURE IN F:       :PCPN:    SNOW:  WIND      :SUNSHINE: SKY     :PK WND
================================================================================
1   2   3   4   5  6A  6B    7    8   9   10  11  12  13   14  15   16   17  18
                                     12Z  AVG MX 2MIN
DY MAX MIN AVG DEP HDD CDD  WTR  SNW DPTH SPD SPD DIR MIN PSBL S-S WX    SPD DR
================================================================================

 1  74  50  62   1   3   0 0.00  0.0    0  8.0 20  20   M    M   0        25  40
 2  75  47  61   0   4   0 0.00  0.0    0  4.7 15 350   M    M   0        20 340
 3  75  56  66   6   0   1    T  0.0    0  5.2 15 160   M    M   3 8      20 170
 4  77  50  64   4   1   0    T  0.0    0 10.6 20 260   M    M   6        28 260
 5  50  36  43 -17  22   0 0.27  0.0    0  8.5 20 340   M    M   8 13     23 350
 6  49  35  42 -17  23   0 0.00  0.0    0  6.5 13 360   M    M   5        25  70
 7  54  32  43 -16  22   0 0.00  0.0    0  5.3 16 330   M    M   1        17 330
 8  61  31  46 -12  19   0 0.00  0.0    0  9.0 22 220   M    M   0        26 220
 9  69  40  55  -3  10   0    T  0.0    0 10.4 23 360   M    M   3        28 210
10  59  36  48 -10  17   0 0.00  0.0    0  5.8 13 310   M    M   0        15 300
11  61  38  50  -8  15   0 0.00  0.0    0  7.1 15 170   M    M   7 8      20 170
12  62  49  56  -1   9   0 0.00  0.0    0 10.6 20  30   M    M   7        25  50
13  75  57  66   9   0   1 1.20  0.0    0 11.5 26 230   M    M  10 13     33 220
14  68  49  59   2   6   0 0.16  0.0    0 13.6 26 280   M    M   6 1      32 290
15  73  46  60   4   5   0 0.00  0.0    0  4.6  9 130   M    M   0        13 140
16  81  51  66  10   0   1 0.00  0.0    0 13.0 29 210   M    M   0        36 200
17  63  49  56   0   9   0 0.43  0.0    0  9.4 24 310   M    M   4 138    35 310
18  59  45  52  -3  13   0    T  0.0    0 16.1 30 260   M    M   6        40 250
19  52  45  49  -6  16   0 0.05  0.0    0 12.5 23 280   M    M   9 1      31 270
20  67  42  55   0  10   0 0.00  0.0    0  4.8 10  90   M    M   1        18 270
21  79  50  65  10   0   0 0.00  0.0    0  8.5 14 170   M    M   4        18 170
22  80  68  74  20   0   9 0.01  0.0    0  9.6 21 220   M    M   7        26 230
23  81  64  73  19   0   8 0.93  0.0    0  9.6 17 190   M    M   5 13     22 190
24  82  66  74  20   0   9 0.00  0.0    0 12.7 20 190   M    M   1        24 210
25  77  42  60   7   5   0 0.03  0.0    0 15.0 30 290   M    M   6 1      39 290
26  48  33  41 -12  24   0 0.00  0.0    0 11.8 22 360   M    M   3        30 360
27  47  29  38 -15  27   0 0.00  0.0    0  8.6 16  10   M    M   0        20  30
28  50  30  40 -12  25   0 0.00  0.0    0  7.0 14  10   M    M   0        17  20
29  51  31  41 -11  24   0 0.00  0.0    0  3.7  9  40   M    M   4        10  50
30  58  31  45  -7  20   0 0.00  0.0    0  7.8 14 340   M    M   0        23 330
31  56  35  46  -5  19   0 0.00  0.0    0  7.6 14 320   M    M   0 8      17 310
================================================================================
SM 2013 1363       348  29  3.08     0.0 279.1          M      106
================================================================================
AV 64.9 44.0                               9.0 FASTST   M    M   3    MAX(MPH)
                                 MISC ---->  # 30 260               # 40  250
================================================================================
NOTES:
# LAST OF SEVERAL OCCURRENCES

COLUMN 17 PEAK WIND IN M.P.H.

PRELIMINARY LOCAL CLIMATOLOGICAL DATA (WS FORM: F-6) , PAGE 2

                                          STATION:  COLUMBIA ASOS
                                          MONTH:    OCTOBER
                                          YEAR:     2012
                                          LATITUDE:   38 49 N
                                          LONGITUDE:  92 13 W

[TEMPERATURE DATA]      [PRECIPITATION DATA]       SYMBOLS USED IN COLUMN 16

AVERAGE MONTHLY: 54.5   TOTAL FOR MONTH:   3.08    1 = FOG OR MIST
DPTR FM NORMAL:  -1.5   DPTR FM NORMAL:   -0.23    2 = FOG REDUCING VISIBILITY
HIGHEST:    82 ON 24    GRTST 24HR  1.35 ON 13-14      TO 1/4 MILE OR LESS
LOWEST:     29 ON 27                               3 = THUNDER
                        SNOW, ICE PELLETS, HAIL    4 = ICE PELLETS
                        TOTAL MONTH:   0.0 INCH    5 = HAIL
                        GRTST 24HR     0.0         6 = FREEZING RAIN OR DRIZZLE
                        GRTST DEPTH:   0           7 = DUSTSTORM OR SANDSTORM:
                                                       VSBY 1/2 MILE OR LESS
                                                   8 = SMOKE OR HAZE
[NO. OF DAYS WITH]      [WEATHER - DAYS WITH]      9 = BLOWING SNOW
                                                   X = TORNADO
MAX 32 OR BELOW:   0    0.01 INCH OR MORE:   8
MAX 90 OR ABOVE:   0    0.10 INCH OR MORE:   5
MIN 32 OR BELOW:   6    0.50 INCH OR MORE:   2
MIN  0 OR BELOW:   0    1.00 INCH OR MORE:   1

[HDD (BASE 65) ]
TOTAL THIS MO.   348    CLEAR  (SCALE 0-3)  16
DPTR FM NORMAL    51    PTCLDY (SCALE 4-7)  13
TOTAL FM JUL 1   397    CLOUDY (SCALE 8-10)  2
DPTR FM NORMAL    32

[CDD (BASE 65) ]
TOTAL THIS MO.    29
DPTR FM NORMAL     9    [PRESSURE DATA]
TOTAL FM JAN 1  1893    HIGHEST SLP 30.40 ON 26
DPTR FM NORMAL   646    LOWEST  SLP 29.39 ON 17

[REMARKS]
#FINAL-10-12#
