000
CXUS53 KLSX 011600
CF6COU
PRELIMINARY LOCAL CLIMATOLOGICAL DATA (WS FORM: F-6)

                                          STATION:   COLUMBIA ASOS
                                          MONTH:     SEPTEMBER
                                          YEAR:      2012
                                          LATITUDE:   38 49 N
                                          LONGITUDE:  92 13 W

  TEMPERATURE IN F:       :PCPN:    SNOW:  WIND      :SUNSHINE: SKY     :PK WND
================================================================================
1   2   3   4   5  6A  6B    7    8   9   10  11  12  13   14  15   16   17  18
                                     12Z  AVG MX 2MIN
DY MAX MIN AVG DEP HDD CDD  WTR  SNW DPTH SPD SPD DIR MIN PSBL S-S WX    SPD DR
================================================================================

 1  78  71  75   2   0  10 0.22  0.0    0  7.8 14 330   M    M   9 18     18 310
 2  85  69  77   4   0  12    T  0.0    0  8.1 15 320   M    M   7 1      20 310
 3  94  68  81   8   0  16 0.00  0.0    0  4.6 12  60   M    M   1 12     15  80
 4  94  72  83  11   0  18 0.17  0.0    0  4.9 15 160   M    M   3 13     20 160
 5  91  72  82  10   0  17 0.07  0.0    0  6.0 21  70   M    M   0 13     28  80
 6  91  69  80   8   0  15    T  0.0    0  7.4 22 190   M    M   2        26 200
 7  95  60  78   7   0  13 0.66  0.0    0 11.3 37 340   M    M   1 138    44 340
 8  75  54  65  -6   0   0 0.00  0.0    0 10.2 20 310   M    M   0        28 320
 9  76  54  65  -6   0   0 0.00  0.0    0  8.7 20 350   M    M   0        25  10
10  80  54  67  -3   0   2 0.00  0.0    0  6.9 14 190   M    M   0         0   0
11  88  56  72   2   0   7 0.00  0.0    0  9.1 14 150   M    M   0        18 180
12  87  62  75   6   0  10 0.00  0.0    0  9.0 17 170   M    M   0        21 150
13  74  52  63  -6   2   0 0.02  0.0    0 10.4 23 360   M    M   7        26  20
14  68  51  60  -8   5   0 0.42  0.0    0  6.9 16  30   M    M   4 1      20  20
15  68  56  62  -6   3   0 0.00  0.0    0  6.1 15 120   M    M   7        21 110
16  75  58  67  -1   0   2 0.00  0.0    0  3.1  9 170   M    M   7        13 120
17  77  56  67   0   0   2    T  0.0    0  6.4 24 360   M    M   8 12     30 360
18  68  48  58  -9   7   0 0.00  0.0    0  7.1 17 320   M    M   0        28 330
19  79  44  62  -4   3   0 0.00  0.0    0 11.8 24 210   M    M   0        30 210
20  78  56  67   1   0   2 0.00  0.0    0  6.5 18 320   M    M   1        23 290
21  84  54  69   4   0   4 0.00  0.0    0 10.6 25 270   M    M   1        33 300
22  69  46  58  -7   7   0 0.00  0.0    0  9.1 20 330   M    M   0        24 330
23  69  39  54 -10  11   0 0.00  0.0    0  3.6 12 340   M    M   0        14 340
24  74  44  59  -5   6   0 0.00  0.0    0  9.2 18 150   M    M   1        23 160
25  82  61  72   9   0   7 0.59  0.0    0  8.1 31 260   M    M   2 13     39 260
26  76  62  69   6   0   4 0.05  0.0    0  4.5 20 170   M    M   3 1      28 160
27  70  60  65   2   0   0 0.04  0.0    0  5.0 12  60   M    M   8 12     14  50
28  73  52  63   1   2   0    T  0.0    0  5.4  M 200   M    M   4         M 210
29  76  48  62   0   3   0 0.00  0.0    0  3.5  9  90   M    M   0        15 130
30  76  53  65   4   0   0 0.00  0.0    0  4.4 10  50   M    M   0        13  40
================================================================================
SM 2370 1701        49 141  2.24     0.0 215.7          M       76
================================================================================
AV 79.0 56.7                               7.2 FASTST   M    M   3    MAX(MPH)
                                 MISC ---->  # 37 340               # 44  340
================================================================================
NOTES:
# LAST OF SEVERAL OCCURRENCES

COLUMN 17 PEAK WIND IN M.P.H.

PRELIMINARY LOCAL CLIMATOLOGICAL DATA (WS FORM: F-6) , PAGE 2

                                          STATION:  COLUMBIA ASOS
                                          MONTH:    SEPTEMBER
                                          YEAR:     2012
                                          LATITUDE:   38 49 N
                                          LONGITUDE:  92 13 W

[TEMPERATURE DATA]      [PRECIPITATION DATA]       SYMBOLS USED IN COLUMN 16

AVERAGE MONTHLY: 67.8   TOTAL FOR MONTH:   2.24    1 = FOG OR MIST
DPTR FM NORMAL:   0.2   DPTR FM NORMAL:   -1.63    2 = FOG REDUCING VISIBILITY
HIGHEST:    95 ON  7    GRTST 24HR  2.36 ON 31- 1      TO 1/4 MILE OR LESS
LOWEST:     39 ON 23                               3 = THUNDER
                        SNOW, ICE PELLETS, HAIL    4 = ICE PELLETS
                        TOTAL MONTH:   0.0 INCH    5 = HAIL
                        GRTST 24HR     0.0         6 = FREEZING RAIN OR DRIZZLE
                        GRTST DEPTH:   0           7 = DUSTSTORM OR SANDSTORM:
                                                       VSBY 1/2 MILE OR LESS
                                                   8 = SMOKE OR HAZE
[NO. OF DAYS WITH]      [WEATHER - DAYS WITH]      9 = BLOWING SNOW
                                                   X = TORNADO
MAX 32 OR BELOW:   0    0.01 INCH OR MORE:   9
MAX 90 OR ABOVE:   5    0.10 INCH OR MORE:   5
MIN 32 OR BELOW:   0    0.50 INCH OR MORE:   2
MIN  0 OR BELOW:   0    1.00 INCH OR MORE:   0

[HDD (BASE 65) ]
TOTAL THIS MO.    49    CLEAR  (SCALE 0-3)  21
DPTR FM NORMAL   -17    PTCLDY (SCALE 4-7)   7
TOTAL FM JUL 1    49    CLOUDY (SCALE 8-10)  2
DPTR FM NORMAL   -19

[CDD (BASE 65) ]
TOTAL THIS MO.   141
DPTR FM NORMAL    -3    [PRESSURE DATA]
TOTAL FM JAN 1  1864    HIGHEST SLP 30.37 ON 14
DPTR FM NORMAL   637    LOWEST  SLP 29.68 ON  7

[REMARKS]
#FINAL-09-12#
