000
CXUS53 KLSX 011629
CF6COU
PRELIMINARY LOCAL CLIMATOLOGICAL DATA (WS FORM: F-6)
STATION: COLUMBIA ASOS
MONTH: JULY
YEAR: 2022
LATITUDE: 38 49 N
LONGITUDE: 92 13 W
TEMPERATURE IN F: :PCPN: SNOW: WIND :SUNSHINE: SKY :PK WND
================================================================================
1 2 3 4 5 6A 6B 7 8 9 10 11 12 13 14 15 16 17 18
12Z AVG MX 2MIN
DY MAX MIN AVG DEP HDD CDD WTR SNW DPTH SPD SPD DIR MIN PSBL S-S WX SPD DR
================================================================================
1 95 67 81 3 0 16 0.00 0.0 0 7.9 16 30 M M 1 22 30
2 76 69 73 -5 0 8 0.61 0.0 0 7.2 13 100 M M 8 1 19 100
3 89 70 80 2 0 15 0.00 0.0 0 7.4 13 140 M M 5 13 21 160
4 96 75 86 8 0 21 0.00 0.0 0 9.4 16 200 M M 1 26 220
5 99 77 88 10 0 23 0.00 0.0 0 9.4 18 210 M M 0 27 200
6 97 75 86 8 0 21 0.05 0.0 0 7.9 21 30 M M 3 28 40
7 88 76 82 4 0 17 0.00 0.0 0 9.4 22 330 M M 2 31 320
8 92 74 83 5 0 18 0.23 0.0 0 10.2 20 330 M M 5 13 27 250
9 88 69 79 1 0 14 0.00 0.0 0 9.0 17 40 M M 7 18 23 30
10 89 66 78 0 0 13 0.00 0.0 0 5.1 9 190 M M 1 1 13 110
11 99 69 84 6 0 19 0.00 0.0 0 8.7 21 350 M M 0 3 25 350
12 91 70 81 3 0 16 T 0.0 0 6.6 16 360 M M 1 3 23 360
13 93 64 79 0 0 14 0.00 0.0 0 2.7 9 340 M M 0 15 290
14 96 67 82 3 0 17 0.00 0.0 0 6.1 13 210 M M 0 17 220
15 98 73 86 7 0 21 T 0.0 0 10.1 21 230 M M 1 26 240
16 96 77 87 8 0 22 T 0.0 0 9.3 21 250 M M 1 1 29 270
17 85 69 77 -2 0 12 0.25 0.0 0 6.3 17 360 M M 7 1 21 50
18 91 67 79 0 0 14 0.00 0.0 0 5.1 12 20 M M 1 16 30
19 97 69 83 4 0 18 0.00 0.0 0 7.3 15 160 M M 0 20 150
20 98 72 85 6 0 20 0.00 0.0 0 9.1 20 280 M M 0 27 330
21 100 67 84 5 0 19 0.00 0.0 0 4.9 13 280 M M 0 17 270
22 104 71 88 9 0 23 0.00 0.0 0 6.9 17 210 M M 0 22 220
23 105 76 91 12 0 26 0.00 0.0 0 11.2 22 220 M M 0 37 180
24 100 72 86 7 0 21 0.00 0.0 0 11.5 22 260 M M 1 30 230
25 78 64 71 -8 0 6 0.22 0.0 0 7.1 20 70 M M 7 13 25 60
26 82 65 74 -5 0 9 0.20 0.0 0 7.9 17 360 M M 6 13 23 90
27 88 70 79 0 0 14 0.91 0.0 0 7.3 18 340 M M 4 13 23 230
28 86 70 78 -1 0 13 0.15 0.0 M 4.0 14 50 M M 4 13 17 60
29 84 64 74 -5 0 9 0.00 0.0 0 5.7 13 10 M M 1 19 40
30 82 66 74 -5 0 9 0.00 0.0 0 6.7 13 130 M M 5 18 150
31 88 68 78 -1 0 13 0.00 0.0 M 5.2 12 220 M M 6 8 16 230
================================================================================
SM 2850 2168 0 501 2.62 0.0 232.6 M 78
================================================================================
AV 91.9 69.9 7.5 FASTST M M 3 MAX(MPH)
MISC ----> # 22 330 37 180
================================================================================
NOTES:
# LAST OF SEVERAL OCCURRENCES
COLUMN 17 PEAK WIND IN M.P.H.
PRELIMINARY LOCAL CLIMATOLOGICAL DATA (WS FORM: F-6) , PAGE 2
STATION: COLUMBIA ASOS
MONTH: JULY
YEAR: 2022
LATITUDE: 38 49 N
LONGITUDE: 92 13 W
[TEMPERATURE DATA] [PRECIPITATION DATA] SYMBOLS USED IN COLUMN 16
AVERAGE MONTHLY: 80.9 TOTAL FOR MONTH: 2.62 1 = FOG OR MIST
DPTR FM NORMAL: 2.4 DPTR FM NORMAL: -1.51 2 = FOG REDUCING VISIBILITY
HIGHEST: 105 ON 23 GRTST 24HR 1.00 ON 26-27 TO 1/4 MILE OR LESS
LOWEST: 64 ON 25,29 3 = THUNDER
SNOW, ICE PELLETS, HAIL 4 = ICE PELLETS
TOTAL MONTH: 0.0 INCH 5 = HAIL
GRTST 24HR 0.0 6 = FREEZING RAIN OR DRIZZLE
GRTST DEPTH: 0 7 = DUSTSTORM OR SANDSTORM:
VSBY 1/2 MILE OR LESS
8 = SMOKE OR HAZE
[NO. OF DAYS WITH] [WEATHER - DAYS WITH] 9 = BLOWING SNOW
X = TORNADO
MAX 32 OR BELOW: 0 0.01 INCH OR MORE: 8
MAX 90 OR ABOVE: 18 0.10 INCH OR MORE: 7
MIN 32 OR BELOW: 0 0.50 INCH OR MORE: 2
MIN 0 OR BELOW: 0 1.00 INCH OR MORE: 0
[HDD (BASE 65) ]
TOTAL THIS MO. 0 CLEAR (SCALE 0-3) 19
DPTR FM NORMAL 0 PTCLDY (SCALE 4-7) 12
TOTAL FM JUL 1 0 CLOUDY (SCALE 8-10) 0
DPTR FM NORMAL 0
[CDD (BASE 65) ]
TOTAL THIS MO. 501
DPTR FM NORMAL 82 [PRESSURE DATA]
TOTAL FM JAN 1 1023 HIGHEST SLP 30.18 ON 30
DPTR FM NORMAL 164 LOWEST SLP 29.71 ON 20
[REMARKS]
#FINAL-07-22#